{"id":15606,"date":"2022-07-21T11:28:08","date_gmt":"2022-07-21T17:28:08","guid":{"rendered":"https:\/\/www.securitydataandvideo.com\/inicio\/?post_type=product&#038;p=15606"},"modified":"2023-10-02T17:51:51","modified_gmt":"2023-10-02T23:51:51","slug":"barrera-automatica-para-acceso-vehicular-onetech-con-brazo-de-3-metros-y-1-segundo-con-luz-led-en-brazo-enciende-rojo-y-verde-venta-e-instalacion-guadalajara-jalisco-y-todo-mexico","status":"publish","type":"product","link":"https:\/\/www.securitydataandvideo.com\/inicio\/shop\/barrera-automatica-para-acceso-vehicular-onetech-con-brazo-de-3-metros-y-1-segundo-con-luz-led-en-brazo-enciende-rojo-y-verde-venta-e-instalacion-guadalajara-jalisco-y-todo-mexico\/","title":{"rendered":"barrera automatica para acceso vehicular Onetech Con Brazo de 3 metros y 1 segundo,  Con LUZ LED en brazo, enciende rojo y verde, Venta e instalaci\u00f3n Guadalajara Jalisco y todo M\u00e9xico."},"content":{"rendered":"<h5>barrera autom\u00e1tica para acceso vehicular<\/h5>\n<p><strong>barrera automatica para acceso vehicular Onetech Con Brazo de 3 metros y 1 segundo, Izquierda o Derecha, Con LUZ LED en brazo, enciende rojo y verde, Venta e instalaci\u00f3n Guadalajara Jalisco y todo M\u00e9xico.<\/strong><\/p>\n<p class=\"ql-align-justify\">Una barrera es una especie de barra que impide el paso de veh\u00edculos de manera temporal en un determinado camino o paso, de manera que se pueda comprobar la identidad, o impidan el paso en otros casos para evitar accidentes mientras por esa v\u00eda circula alg\u00fan otro veh\u00edculo o tren. Nos sirven para mantener un flujo controlado o un acceso vial seguro.<\/p>\n<p class=\"ql-align-justify\">La barrera vehicular de alta velocidad incluye el soporte del brazo oscilante y el brazo de 3 metros. Se caracteriza por su rapidez y estabilidad. El tiempo de operaci\u00f3n es de 1 segundo. Se utiliza principalmente como dispositivo de control de entrada y salida de coches en peajes, estacionamientos o f\u00e1bricas, el tiempo de vida es de 3 millones de ciclos.<\/p>\n<p>La barrera vehicular de alta velocidad incluye el brazo de 3 metros. Se caracteriza su rapidez y estabilidad.<\/p>\n<p>El tiempo de operaci\u00f3n es de 1 segundos. Se utiliza principalmente como dispositivo de control de entrada y salida de coches en peajes, estacionamientos o f\u00e1bricas, el tiempo de vida es de 3 millones de ciclos.<\/p>\n<p><strong>Caracter\u00edsticas<\/strong><\/p>\n<p>Liberaci\u00f3n manual, El n\u00facleo de la m\u00e1quina con resorte de compresi\u00f3n evita eficazmente los accidentes causados \u200b\u200bpor la ruptura del resorte.<\/p>\n<p>Motor de aleaci\u00f3n de aluminio fundido a presi\u00f3n, precisi\u00f3n y buena radiaci\u00f3n t\u00e9rmica.<\/p>\n<p>Ventilador de refrigeraci\u00f3n del motor, resolviendo el problema de la protecci\u00f3n contra el calor.<\/p>\n<p>Interruptores de l\u00edmite de seguridad dobles (interruptor de l\u00edmite de fotoelectricidad \/ sensor de memoria del motor) Seguro la barrera volver\u00e1 autom\u00e1ticamente cuando encuentre obst\u00e1culos durante el cierre.<\/p>\n<p>Cierre autom\u00e1tico.<\/p>\n<p>barrera automatica para acceso vehicular<br \/>\nAdmite la fotoc\u00e9lula infrarroja para evitar golpes (opcional)<br \/>\nSoporte para el detector de bucle externo e interno del veh\u00edculo.<\/p>\n<p>Interfaz de sem\u00e1foro<br \/>\nControl de cable (se\u00f1al de interruptor) \/ control remoto (418Hz) M\u00f3dulo comunicacional RS485 para realizar la gesti\u00f3n inteligente del paso<\/p>\n<h2>Especificaciones<\/h2>\n<p class=\"ql-align-justify\">De uso rudo.\u00a015,000 aperturas<\/p>\n<p class=\"ql-align-justify\">Motor.1 segundo<\/p>\n<p class=\"ql-align-justify\">Largo m\u00e1ximo de brazo.\u00a03 metros<\/p>\n<p class=\"ql-align-justify\">Temperatura del sistema de embrague.\u00a0-25\u00b0C a 75\u00b0C<\/p>\n<p class=\"ql-align-justify\">Frecuencia.\u00a060 HZ<\/p>\n<p class=\"ql-align-justify\">Voltaje de trabajo\u00a0220V\u00b110%, 110V\u00b110%, 50\/60HZ<\/p>\n<p class=\"ql-align-justify\">Potencia 80W<\/p>\n<p class=\"ql-align-justify\">Humedad relativa\u00a0\u226490%<\/p>\n<p class=\"ql-align-justify\">Motor 1 segundo<\/p>\n<p class=\"ql-align-justify\">Distancia de control 30 metros<\/p>\n<p>barrera automatica para acceso vehicular<\/p>\n<p class=\"ql-align-justify\">Liberaci\u00f3n manual\u00a0Si<\/p>\n<p class=\"ql-align-justify\">Motor de aluminio\u00a0Si<\/p>\n<p class=\"ql-align-justify\">Abanico para evitar sobrecalentamiento\u00a0Si<\/p>\n<p class=\"ql-align-justify\">Reversa autom\u00e1tico Si<\/p>\n<p class=\"ql-align-justify\">Ajustes de autocierre si<\/p>\n","protected":false},"excerpt":{"rendered":"<p><strong>Barrera Vehicular Onetech Con Brazo de 3 metros y 1 segundo, Izquierda o Derecha, Con LUZ LED en brazo, enciende rojo y verde, Venta e instalaci\u00f3n Guadalajara Jalisco y todo M\u00e9xico.<\/strong><\/p>\n","protected":false},"featured_media":15651,"template":"","meta":{"site-sidebar-layout":"","site-content-layout":"","ast-site-content-layout":"","site-content-style":"default","site-sidebar-style":"default","ast-global-header-display":"","ast-banner-title-visibility":"","ast-main-header-display":"","ast-hfb-above-header-display":"","ast-hfb-below-header-display":"","ast-hfb-mobile-header-display":"","site-post-title":"","ast-breadcrumbs-content":"","ast-featured-img":"","footer-sml-layout":"","theme-transparent-header-meta":"","adv-header-id-meta":"","stick-header-meta":"","header-above-stick-meta":"","header-main-stick-meta":"","header-below-stick-meta":"","astra-migrate-meta-layouts":""},"product_cat":[248],"product_tag":[260,261,250,155],"yoast_head":"<!-- This site is optimized with the Yoast SEO plugin v19.5.1 - https:\/\/yoast.com\/wordpress\/plugins\/seo\/ -->\n<title>barrera automatica para acceso vehicular OneTech - Venta e Instalacion<\/title>\n<meta name=\"description\" content=\"Security Data &amp; Video SA de CV. barrera automatica para acceso vehicular OneTech Con Brazo de 3 metros y 1 segundo, con LUZ LED en brazo, enciende rojo y verd\" \/>\n<meta name=\"robots\" content=\"index, follow, max-snippet:-1, max-image-preview:large, max-video-preview:-1\" \/>\n<link rel=\"canonical\" href=\"https:\/\/www.securitydataandvideo.com\/inicio\/shop\/barrera-automatica-para-acceso-vehicular-onetech-con-brazo-de-3-metros-y-1-segundo-con-luz-led-en-brazo-enciende-rojo-y-verde-venta-e-instalacion-guadalajara-jalisco-y-todo-mexico\/\" \/>\n<meta property=\"og:locale\" content=\"es_MX\" \/>\n<meta property=\"og:type\" content=\"article\" \/>\n<meta property=\"og:title\" content=\"barrera automatica para acceso vehicular OneTech - Venta e Instalacion\" \/>\n<meta property=\"og:description\" content=\"Security Data &amp; Video SA de CV. barrera automatica para acceso vehicular OneTech Con Brazo de 3 metros y 1 segundo, con LUZ LED en brazo, enciende rojo y verd\" \/>\n<meta property=\"og:url\" content=\"https:\/\/www.securitydataandvideo.com\/inicio\/shop\/barrera-automatica-para-acceso-vehicular-onetech-con-brazo-de-3-metros-y-1-segundo-con-luz-led-en-brazo-enciende-rojo-y-verde-venta-e-instalacion-guadalajara-jalisco-y-todo-mexico\/\" \/>\n<meta property=\"og:site_name\" content=\"Security Data &amp; Video SA de CV.\" \/>\n<meta property=\"article:modified_time\" content=\"2023-10-02T23:51:51+00:00\" \/>\n<meta property=\"og:image\" content=\"https:\/\/www.securitydataandvideo.com\/inicio\/wp-content\/uploads\/2022\/07\/Barrera-ServoMotor-con-led-3-metros.jpg\" \/>\n\t<meta property=\"og:image:width\" content=\"1280\" \/>\n\t<meta property=\"og:image:height\" content=\"1280\" \/>\n\t<meta property=\"og:image:type\" content=\"image\/jpeg\" \/>\n<meta name=\"twitter:card\" content=\"summary\" \/>\n<meta name=\"twitter:label1\" content=\"Tiempo de lectura\" \/>\n\t<meta name=\"twitter:data1\" content=\"2 minutos\" \/>\n<script type=\"application\/ld+json\" class=\"yoast-schema-graph\">{\"@context\":\"https:\/\/schema.org\",\"@graph\":[{\"@type\":\"WebPage\",\"@id\":\"https:\/\/www.securitydataandvideo.com\/inicio\/shop\/barrera-automatica-para-acceso-vehicular-onetech-con-brazo-de-3-metros-y-1-segundo-con-luz-led-en-brazo-enciende-rojo-y-verde-venta-e-instalacion-guadalajara-jalisco-y-todo-mexico\/\",\"url\":\"https:\/\/www.securitydataandvideo.com\/inicio\/shop\/barrera-automatica-para-acceso-vehicular-onetech-con-brazo-de-3-metros-y-1-segundo-con-luz-led-en-brazo-enciende-rojo-y-verde-venta-e-instalacion-guadalajara-jalisco-y-todo-mexico\/\",\"name\":\"barrera automatica para acceso vehicular OneTech - Venta e Instalacion\",\"isPartOf\":{\"@id\":\"https:\/\/www.securitydataandvideo.com\/inicio\/#website\"},\"datePublished\":\"2022-07-21T17:28:08+00:00\",\"dateModified\":\"2023-10-02T23:51:51+00:00\",\"description\":\"Security Data &amp; Video SA de CV. barrera automatica para acceso vehicular OneTech Con Brazo de 3 metros y 1 segundo, con LUZ LED en brazo, enciende rojo y verd\",\"breadcrumb\":{\"@id\":\"https:\/\/www.securitydataandvideo.com\/inicio\/shop\/barrera-automatica-para-acceso-vehicular-onetech-con-brazo-de-3-metros-y-1-segundo-con-luz-led-en-brazo-enciende-rojo-y-verde-venta-e-instalacion-guadalajara-jalisco-y-todo-mexico\/#breadcrumb\"},\"inLanguage\":\"es-MX\",\"potentialAction\":[{\"@type\":\"ReadAction\",\"target\":[\"https:\/\/www.securitydataandvideo.com\/inicio\/shop\/barrera-automatica-para-acceso-vehicular-onetech-con-brazo-de-3-metros-y-1-segundo-con-luz-led-en-brazo-enciende-rojo-y-verde-venta-e-instalacion-guadalajara-jalisco-y-todo-mexico\/\"]}]},{\"@type\":\"BreadcrumbList\",\"@id\":\"https:\/\/www.securitydataandvideo.com\/inicio\/shop\/barrera-automatica-para-acceso-vehicular-onetech-con-brazo-de-3-metros-y-1-segundo-con-luz-led-en-brazo-enciende-rojo-y-verde-venta-e-instalacion-guadalajara-jalisco-y-todo-mexico\/#breadcrumb\",\"itemListElement\":[{\"@type\":\"ListItem\",\"position\":1,\"name\":\"Inicio\",\"item\":\"https:\/\/www.securitydataandvideo.com\/inicio\/\"},{\"@type\":\"ListItem\",\"position\":2,\"name\":\"Shop\",\"item\":\"https:\/\/www.securitydataandvideo.com\/inicio\/shop\/\"},{\"@type\":\"ListItem\",\"position\":3,\"name\":\"barrera automatica para acceso vehicular Onetech Con Brazo de 3 metros y 1 segundo, Con LUZ LED en brazo, enciende rojo y verde, Venta e instalaci\u00f3n Guadalajara Jalisco y todo M\u00e9xico.\"}]},{\"@type\":\"WebSite\",\"@id\":\"https:\/\/www.securitydataandvideo.com\/inicio\/#website\",\"url\":\"https:\/\/www.securitydataandvideo.com\/inicio\/\",\"name\":\"Security Data &amp; Video SA de CV.\",\"description\":\"Seguridad Electr\u00f3nica y Energ\u00eda\",\"publisher\":{\"@id\":\"https:\/\/www.securitydataandvideo.com\/inicio\/#organization\"},\"potentialAction\":[{\"@type\":\"SearchAction\",\"target\":{\"@type\":\"EntryPoint\",\"urlTemplate\":\"https:\/\/www.securitydataandvideo.com\/inicio\/?s={search_term_string}\"},\"query-input\":\"required name=search_term_string\"}],\"inLanguage\":\"es-MX\"},{\"@type\":\"Organization\",\"@id\":\"https:\/\/www.securitydataandvideo.com\/inicio\/#organization\",\"name\":\"Security Data & Video SA de CV\",\"url\":\"https:\/\/www.securitydataandvideo.com\/inicio\/\",\"sameAs\":[],\"logo\":{\"@type\":\"ImageObject\",\"inLanguage\":\"es-MX\",\"@id\":\"https:\/\/www.securitydataandvideo.com\/inicio\/#\/schema\/logo\/image\/\",\"url\":\"https:\/\/www.securitydataandvideo.com\/inicio\/wp-content\/uploads\/2021\/10\/Logo-Azul.png\",\"contentUrl\":\"https:\/\/www.securitydataandvideo.com\/inicio\/wp-content\/uploads\/2021\/10\/Logo-Azul.png\",\"width\":555,\"height\":375,\"caption\":\"Security Data & Video SA de CV\"},\"image\":{\"@id\":\"https:\/\/www.securitydataandvideo.com\/inicio\/#\/schema\/logo\/image\/\"}}]}<\/script>\n<!-- \/ Yoast SEO plugin. -->","yoast_head_json":{"title":"barrera automatica para acceso vehicular OneTech - Venta e Instalacion","description":"Security Data &amp; Video SA de CV. barrera automatica para acceso vehicular OneTech Con Brazo de 3 metros y 1 segundo, con LUZ LED en brazo, enciende rojo y verd","robots":{"index":"index","follow":"follow","max-snippet":"max-snippet:-1","max-image-preview":"max-image-preview:large","max-video-preview":"max-video-preview:-1"},"canonical":"https:\/\/www.securitydataandvideo.com\/inicio\/shop\/barrera-automatica-para-acceso-vehicular-onetech-con-brazo-de-3-metros-y-1-segundo-con-luz-led-en-brazo-enciende-rojo-y-verde-venta-e-instalacion-guadalajara-jalisco-y-todo-mexico\/","og_locale":"es_MX","og_type":"article","og_title":"barrera automatica para acceso vehicular OneTech - Venta e Instalacion","og_description":"Security Data &amp; Video SA de CV. barrera automatica para acceso vehicular OneTech Con Brazo de 3 metros y 1 segundo, con LUZ LED en brazo, enciende rojo y verd","og_url":"https:\/\/www.securitydataandvideo.com\/inicio\/shop\/barrera-automatica-para-acceso-vehicular-onetech-con-brazo-de-3-metros-y-1-segundo-con-luz-led-en-brazo-enciende-rojo-y-verde-venta-e-instalacion-guadalajara-jalisco-y-todo-mexico\/","og_site_name":"Security Data &amp; Video SA de CV.","article_modified_time":"2023-10-02T23:51:51+00:00","og_image":[{"width":1280,"height":1280,"url":"https:\/\/www.securitydataandvideo.com\/inicio\/wp-content\/uploads\/2022\/07\/Barrera-ServoMotor-con-led-3-metros.jpg","type":"image\/jpeg"}],"twitter_card":"summary","twitter_misc":{"Tiempo de lectura":"2 minutos"},"schema":{"@context":"https:\/\/schema.org","@graph":[{"@type":"WebPage","@id":"https:\/\/www.securitydataandvideo.com\/inicio\/shop\/barrera-automatica-para-acceso-vehicular-onetech-con-brazo-de-3-metros-y-1-segundo-con-luz-led-en-brazo-enciende-rojo-y-verde-venta-e-instalacion-guadalajara-jalisco-y-todo-mexico\/","url":"https:\/\/www.securitydataandvideo.com\/inicio\/shop\/barrera-automatica-para-acceso-vehicular-onetech-con-brazo-de-3-metros-y-1-segundo-con-luz-led-en-brazo-enciende-rojo-y-verde-venta-e-instalacion-guadalajara-jalisco-y-todo-mexico\/","name":"barrera automatica para acceso vehicular OneTech - Venta e Instalacion","isPartOf":{"@id":"https:\/\/www.securitydataandvideo.com\/inicio\/#website"},"datePublished":"2022-07-21T17:28:08+00:00","dateModified":"2023-10-02T23:51:51+00:00","description":"Security Data &amp; Video SA de CV. barrera automatica para acceso vehicular OneTech Con Brazo de 3 metros y 1 segundo, con LUZ LED en brazo, enciende rojo y verd","breadcrumb":{"@id":"https:\/\/www.securitydataandvideo.com\/inicio\/shop\/barrera-automatica-para-acceso-vehicular-onetech-con-brazo-de-3-metros-y-1-segundo-con-luz-led-en-brazo-enciende-rojo-y-verde-venta-e-instalacion-guadalajara-jalisco-y-todo-mexico\/#breadcrumb"},"inLanguage":"es-MX","potentialAction":[{"@type":"ReadAction","target":["https:\/\/www.securitydataandvideo.com\/inicio\/shop\/barrera-automatica-para-acceso-vehicular-onetech-con-brazo-de-3-metros-y-1-segundo-con-luz-led-en-brazo-enciende-rojo-y-verde-venta-e-instalacion-guadalajara-jalisco-y-todo-mexico\/"]}]},{"@type":"BreadcrumbList","@id":"https:\/\/www.securitydataandvideo.com\/inicio\/shop\/barrera-automatica-para-acceso-vehicular-onetech-con-brazo-de-3-metros-y-1-segundo-con-luz-led-en-brazo-enciende-rojo-y-verde-venta-e-instalacion-guadalajara-jalisco-y-todo-mexico\/#breadcrumb","itemListElement":[{"@type":"ListItem","position":1,"name":"Inicio","item":"https:\/\/www.securitydataandvideo.com\/inicio\/"},{"@type":"ListItem","position":2,"name":"Shop","item":"https:\/\/www.securitydataandvideo.com\/inicio\/shop\/"},{"@type":"ListItem","position":3,"name":"barrera automatica para acceso vehicular Onetech Con Brazo de 3 metros y 1 segundo, Con LUZ LED en brazo, enciende rojo y verde, Venta e instalaci\u00f3n Guadalajara Jalisco y todo M\u00e9xico."}]},{"@type":"WebSite","@id":"https:\/\/www.securitydataandvideo.com\/inicio\/#website","url":"https:\/\/www.securitydataandvideo.com\/inicio\/","name":"Security Data &amp; Video SA de CV.","description":"Seguridad Electr\u00f3nica y Energ\u00eda","publisher":{"@id":"https:\/\/www.securitydataandvideo.com\/inicio\/#organization"},"potentialAction":[{"@type":"SearchAction","target":{"@type":"EntryPoint","urlTemplate":"https:\/\/www.securitydataandvideo.com\/inicio\/?s={search_term_string}"},"query-input":"required name=search_term_string"}],"inLanguage":"es-MX"},{"@type":"Organization","@id":"https:\/\/www.securitydataandvideo.com\/inicio\/#organization","name":"Security Data & Video SA de CV","url":"https:\/\/www.securitydataandvideo.com\/inicio\/","sameAs":[],"logo":{"@type":"ImageObject","inLanguage":"es-MX","@id":"https:\/\/www.securitydataandvideo.com\/inicio\/#\/schema\/logo\/image\/","url":"https:\/\/www.securitydataandvideo.com\/inicio\/wp-content\/uploads\/2021\/10\/Logo-Azul.png","contentUrl":"https:\/\/www.securitydataandvideo.com\/inicio\/wp-content\/uploads\/2021\/10\/Logo-Azul.png","width":555,"height":375,"caption":"Security Data & Video SA de CV"},"image":{"@id":"https:\/\/www.securitydataandvideo.com\/inicio\/#\/schema\/logo\/image\/"}}]}},"_links":{"self":[{"href":"https:\/\/www.securitydataandvideo.com\/inicio\/wp-json\/wp\/v2\/product\/15606"}],"collection":[{"href":"https:\/\/www.securitydataandvideo.com\/inicio\/wp-json\/wp\/v2\/product"}],"about":[{"href":"https:\/\/www.securitydataandvideo.com\/inicio\/wp-json\/wp\/v2\/types\/product"}],"wp:featuredmedia":[{"embeddable":true,"href":"https:\/\/www.securitydataandvideo.com\/inicio\/wp-json\/wp\/v2\/media\/15651"}],"wp:attachment":[{"href":"https:\/\/www.securitydataandvideo.com\/inicio\/wp-json\/wp\/v2\/media?parent=15606"}],"wp:term":[{"taxonomy":"product_cat","embeddable":true,"href":"https:\/\/www.securitydataandvideo.com\/inicio\/wp-json\/wp\/v2\/product_cat?post=15606"},{"taxonomy":"product_tag","embeddable":true,"href":"https:\/\/www.securitydataandvideo.com\/inicio\/wp-json\/wp\/v2\/product_tag?post=15606"}],"curies":[{"name":"wp","href":"https:\/\/api.w.org\/{rel}","templated":true}]}}