{"id":15693,"date":"2022-07-21T11:29:31","date_gmt":"2022-07-21T17:29:31","guid":{"rendered":"https:\/\/www.securitydataandvideo.com\/inicio\/?post_type=product&#038;p=15693"},"modified":"2023-10-10T12:03:44","modified_gmt":"2023-10-10T18:03:44","slug":"intell-wall-ranger-security-detectors-detector-de-metales-multizona-tipo-pared-para-deteccion-de-objetos-metalicos-muy-pequenos-en-guadalajara-jalisco-mexico","status":"publish","type":"product","link":"https:\/\/www.securitydataandvideo.com\/inicio\/shop\/intell-wall-ranger-security-detectors-detector-de-metales-multizona-tipo-pared-para-deteccion-de-objetos-metalicos-muy-pequenos-en-guadalajara-jalisco-mexico\/","title":{"rendered":"INTELL-WALL RANGER SECURITY DETECTORS Detector de Metales Multizona tipo Pared, Para Detecci\u00f3n de Objetos Met\u00e1licos Muy Peque\u00f1os en Guadalajara Jalisco M\u00e9xico."},"content":{"rendered":"<h1 style=\"text-align: justify;\"><span style=\"font-size: 18pt; font-family: georgia, palatino, serif;\"><strong>INTELL-WALL <a href=\"https:\/\/www.syscom.mx\/principal\/listadopormarca\/RANGER_SECURITY_DETECTORS\">RANGER<\/a> SECURITY DETECTORS <a href=\"https:\/\/www.securitydataandvideo.com\/inicio\/shop\/intell-wall-ranger-security-detectors-detector-de-metales-multizona-tipo-pared-para-deteccion-de-objetos-metalicos-muy-pequenos-en-guadalajara-jalisco-mexico\/\">Detector de Metales<\/a> Multizona tipo Pared, Para Detecci\u00f3n de Objetos Met\u00e1licos Muy Peque\u00f1os en Guadalajara Jalisco M\u00e9xico.<\/strong><\/span><\/h1>\n<p style=\"text-align: justify;\"><span style=\"font-family: arial, helvetica, sans-serif;\">Especial para detecci\u00f3n de objetos peque\u00f1os.<\/span><br \/>\n<span style=\"font-family: arial, helvetica, sans-serif;\">Tecnolog\u00eda de m\u00faltiples zonas independientes.<\/span><br \/>\n<span style=\"font-family: arial, helvetica, sans-serif;\">T\u00e9cnica de medici\u00f3n por onda continua.<\/span><br \/>\n<span style=\"font-family: arial, helvetica, sans-serif;\">Sistema de autodiagn\u00f3stico.<\/span><br \/>\n<span style=\"font-family: arial, helvetica, sans-serif;\">Teclado para programaci\u00f3n.<\/span><br \/>\n<span style=\"font-family: arial, helvetica, sans-serif;\">Pantalla alfanum\u00e9rica para programaci\u00f3n.<\/span><br \/>\n<span style=\"font-family: arial, helvetica, sans-serif;\">Ajuste de zonas independientes.<\/span><br \/>\n<span style=\"font-family: arial, helvetica, sans-serif;\">C\u00f3digo maestro para acceso a programaci\u00f3n.<\/span><br \/>\n<span style=\"font-family: arial, helvetica, sans-serif;\">Detecci\u00f3n de metales ferrosos y no ferrosos.<strong>**<\/strong><\/span><br \/>\n<span style=\"font-family: arial, helvetica, sans-serif;\">100 niveles de sensibilidad<\/span><br \/>\n<span style=\"font-family: arial, helvetica, sans-serif;\">Base para fijarse al piso.<\/span><br \/>\n<span style=\"font-family: arial, helvetica, sans-serif;\">M\u00faltiples frecuencias para operaci\u00f3n de detectores en el mismo sitio.<\/span><br \/>\n<span style=\"font-family: arial, helvetica, sans-serif;\">Llave de encendido y apagado.<\/span><br \/>\n<span style=\"font-family: arial, helvetica, sans-serif;\">LED de estatus del sistema operativo.<\/span><br \/>\n<span style=\"font-family: arial, helvetica, sans-serif;\">M\u00e1s de 25-30 inspecciones por minuto.<\/span><br \/>\n<span style=\"font-family: arial, helvetica, sans-serif;\">Inmunidad a interferencias.<\/span><br \/>\n<span style=\"font-family: arial, helvetica, sans-serif;\">Temperatura de operaci\u00f3n de 0 a 55 \u00baC, humedad 95% no condensada.<\/span><br \/>\n<span style=\"font-family: arial, helvetica, sans-serif;\">Consumo: 12 W.<\/span><br \/>\n<span style=\"font-family: arial, helvetica, sans-serif;\">Alimentaci\u00f3n: 110 &#8211; 220 Vca.<\/span><br \/>\n<span style=\"font-family: arial, helvetica, sans-serif;\">Dimensiones: 62 x 175 x 42 cm.<\/span><br \/>\n<span style=\"font-family: arial, helvetica, sans-serif;\">Peso: 38 kg.<\/span><br \/>\n<span style=\"font-family: arial, helvetica, sans-serif;\">Lateral iluminado que muestra la ubicaci\u00f3n del metal o arma.<\/span><br \/>\n<span style=\"font-family: arial, helvetica, sans-serif;\">Barras de luces laterales indicadoras de la ubicaci\u00f3n del metal o arma.<\/span><\/p>\n<p style=\"text-align: justify;\"><span style=\"font-family: arial, helvetica, sans-serif;\"><strong>Aplicaciones<\/strong><\/span><br \/>\n<span style=\"font-family: arial, helvetica, sans-serif;\">\u2022 Muy \u00fatil en aeropuertos, negocios, tiendas, escuelas, hoteles, hospitales, industrias, exposiciones, casinos y actos c\u00edvicos.<\/span><br \/>\n<span style=\"font-family: arial, helvetica, sans-serif;\">\u2022 Principalmente detecci\u00f3n de armas y protecci\u00f3n de sus activos de metal.<\/span><\/p>\n<p style=\"text-align: justify;\"><span style=\"font-family: arial, helvetica, sans-serif;\">El volumen, aislamiento y peso de los metales depender\u00e1 para la detecci\u00f3n correcta. Pregunte al Depto. de Ingenier\u00eda<\/span><\/p>\n<p style=\"text-align: justify;\"><span style=\"font-family: arial, helvetica, sans-serif;\">2 A\u00f1os de Garant\u00eda.<\/span><\/p>\n","protected":false},"excerpt":{"rendered":"<p><strong>INTELL-WALL RANGER SECURITY DETECTORS Detector de Metales Multizona tipo Pared, Para Detecci\u00f3n de Objetos Met\u00e1licos Muy Peque\u00f1os en Guadalajara Jalisco M\u00e9xico.<\/strong><\/p>\n","protected":false},"featured_media":15720,"template":"","meta":{"site-sidebar-layout":"default","site-content-layout":"","ast-site-content-layout":"default","site-content-style":"default","site-sidebar-style":"default","ast-global-header-display":"","ast-banner-title-visibility":"","ast-main-header-display":"","ast-hfb-above-header-display":"","ast-hfb-below-header-display":"","ast-hfb-mobile-header-display":"","site-post-title":"","ast-breadcrumbs-content":"","ast-featured-img":"","footer-sml-layout":"","theme-transparent-header-meta":"default","adv-header-id-meta":"","stick-header-meta":"","header-above-stick-meta":"","header-main-stick-meta":"","header-below-stick-meta":"","astra-migrate-meta-layouts":"set"},"product_cat":[271],"product_tag":[133],"yoast_head":"<!-- This site is optimized with the Yoast SEO plugin v19.5.1 - https:\/\/yoast.com\/wordpress\/plugins\/seo\/ -->\n<title>INTELL-WALL RANGER Detector de Metales tipo Pared<\/title>\n<meta name=\"description\" content=\"No permitas el robo hormiga en tu empresa o negocio, con el INTELL-WALL tipo pared podr\u00e1s evitar mermas y perdidas constantes.\" \/>\n<meta name=\"robots\" content=\"index, follow, max-snippet:-1, max-image-preview:large, max-video-preview:-1\" \/>\n<link rel=\"canonical\" href=\"https:\/\/www.securitydataandvideo.com\/inicio\/shop\/intell-wall-ranger-security-detectors-detector-de-metales-multizona-tipo-pared-para-deteccion-de-objetos-metalicos-muy-pequenos-en-guadalajara-jalisco-mexico\/\" \/>\n<meta property=\"og:locale\" content=\"es_MX\" \/>\n<meta property=\"og:type\" content=\"article\" \/>\n<meta property=\"og:title\" content=\"INTELL-WALL RANGER Detector de Metales tipo Pared\" \/>\n<meta property=\"og:description\" content=\"No permitas el robo hormiga en tu empresa o negocio, con el INTELL-WALL tipo pared podr\u00e1s evitar mermas y perdidas constantes.\" \/>\n<meta property=\"og:url\" content=\"https:\/\/www.securitydataandvideo.com\/inicio\/shop\/intell-wall-ranger-security-detectors-detector-de-metales-multizona-tipo-pared-para-deteccion-de-objetos-metalicos-muy-pequenos-en-guadalajara-jalisco-mexico\/\" \/>\n<meta property=\"og:site_name\" content=\"Security Data &amp; Video SA de CV.\" \/>\n<meta property=\"article:modified_time\" content=\"2023-10-10T18:03:44+00:00\" \/>\n<meta property=\"og:image\" content=\"https:\/\/www.securitydataandvideo.com\/inicio\/wp-content\/uploads\/2022\/07\/INTELLWALL-p.png\" \/>\n\t<meta property=\"og:image:width\" content=\"400\" \/>\n\t<meta property=\"og:image:height\" content=\"400\" \/>\n\t<meta property=\"og:image:type\" content=\"image\/png\" \/>\n<meta name=\"twitter:card\" content=\"summary\" \/>\n<meta name=\"twitter:label1\" content=\"Tiempo de lectura\" \/>\n\t<meta name=\"twitter:data1\" content=\"1 minuto\" \/>\n<script type=\"application\/ld+json\" class=\"yoast-schema-graph\">{\"@context\":\"https:\/\/schema.org\",\"@graph\":[{\"@type\":\"WebPage\",\"@id\":\"https:\/\/www.securitydataandvideo.com\/inicio\/shop\/intell-wall-ranger-security-detectors-detector-de-metales-multizona-tipo-pared-para-deteccion-de-objetos-metalicos-muy-pequenos-en-guadalajara-jalisco-mexico\/\",\"url\":\"https:\/\/www.securitydataandvideo.com\/inicio\/shop\/intell-wall-ranger-security-detectors-detector-de-metales-multizona-tipo-pared-para-deteccion-de-objetos-metalicos-muy-pequenos-en-guadalajara-jalisco-mexico\/\",\"name\":\"INTELL-WALL RANGER Detector de Metales tipo Pared\",\"isPartOf\":{\"@id\":\"https:\/\/www.securitydataandvideo.com\/inicio\/#website\"},\"datePublished\":\"2022-07-21T17:29:31+00:00\",\"dateModified\":\"2023-10-10T18:03:44+00:00\",\"description\":\"No permitas el robo hormiga en tu empresa o negocio, con el INTELL-WALL tipo pared podr\u00e1s evitar mermas y perdidas constantes.\",\"breadcrumb\":{\"@id\":\"https:\/\/www.securitydataandvideo.com\/inicio\/shop\/intell-wall-ranger-security-detectors-detector-de-metales-multizona-tipo-pared-para-deteccion-de-objetos-metalicos-muy-pequenos-en-guadalajara-jalisco-mexico\/#breadcrumb\"},\"inLanguage\":\"es-MX\",\"potentialAction\":[{\"@type\":\"ReadAction\",\"target\":[\"https:\/\/www.securitydataandvideo.com\/inicio\/shop\/intell-wall-ranger-security-detectors-detector-de-metales-multizona-tipo-pared-para-deteccion-de-objetos-metalicos-muy-pequenos-en-guadalajara-jalisco-mexico\/\"]}]},{\"@type\":\"BreadcrumbList\",\"@id\":\"https:\/\/www.securitydataandvideo.com\/inicio\/shop\/intell-wall-ranger-security-detectors-detector-de-metales-multizona-tipo-pared-para-deteccion-de-objetos-metalicos-muy-pequenos-en-guadalajara-jalisco-mexico\/#breadcrumb\",\"itemListElement\":[{\"@type\":\"ListItem\",\"position\":1,\"name\":\"Inicio\",\"item\":\"https:\/\/www.securitydataandvideo.com\/inicio\/\"},{\"@type\":\"ListItem\",\"position\":2,\"name\":\"Shop\",\"item\":\"https:\/\/www.securitydataandvideo.com\/inicio\/shop\/\"},{\"@type\":\"ListItem\",\"position\":3,\"name\":\"INTELL-WALL RANGER SECURITY DETECTORS Detector de Metales Multizona tipo Pared, Para Detecci\u00f3n de Objetos Met\u00e1licos Muy Peque\u00f1os en Guadalajara Jalisco M\u00e9xico.\"}]},{\"@type\":\"WebSite\",\"@id\":\"https:\/\/www.securitydataandvideo.com\/inicio\/#website\",\"url\":\"https:\/\/www.securitydataandvideo.com\/inicio\/\",\"name\":\"Security Data &amp; Video SA de CV.\",\"description\":\"Seguridad Electr\u00f3nica y Energ\u00eda\",\"publisher\":{\"@id\":\"https:\/\/www.securitydataandvideo.com\/inicio\/#organization\"},\"potentialAction\":[{\"@type\":\"SearchAction\",\"target\":{\"@type\":\"EntryPoint\",\"urlTemplate\":\"https:\/\/www.securitydataandvideo.com\/inicio\/?s={search_term_string}\"},\"query-input\":\"required name=search_term_string\"}],\"inLanguage\":\"es-MX\"},{\"@type\":\"Organization\",\"@id\":\"https:\/\/www.securitydataandvideo.com\/inicio\/#organization\",\"name\":\"Security Data & Video SA de CV\",\"url\":\"https:\/\/www.securitydataandvideo.com\/inicio\/\",\"sameAs\":[],\"logo\":{\"@type\":\"ImageObject\",\"inLanguage\":\"es-MX\",\"@id\":\"https:\/\/www.securitydataandvideo.com\/inicio\/#\/schema\/logo\/image\/\",\"url\":\"https:\/\/www.securitydataandvideo.com\/inicio\/wp-content\/uploads\/2021\/10\/Logo-Azul.png\",\"contentUrl\":\"https:\/\/www.securitydataandvideo.com\/inicio\/wp-content\/uploads\/2021\/10\/Logo-Azul.png\",\"width\":555,\"height\":375,\"caption\":\"Security Data & Video SA de CV\"},\"image\":{\"@id\":\"https:\/\/www.securitydataandvideo.com\/inicio\/#\/schema\/logo\/image\/\"}}]}<\/script>\n<!-- \/ Yoast SEO plugin. -->","yoast_head_json":{"title":"INTELL-WALL RANGER Detector de Metales tipo Pared","description":"No permitas el robo hormiga en tu empresa o negocio, con el INTELL-WALL tipo pared podr\u00e1s evitar mermas y perdidas constantes.","robots":{"index":"index","follow":"follow","max-snippet":"max-snippet:-1","max-image-preview":"max-image-preview:large","max-video-preview":"max-video-preview:-1"},"canonical":"https:\/\/www.securitydataandvideo.com\/inicio\/shop\/intell-wall-ranger-security-detectors-detector-de-metales-multizona-tipo-pared-para-deteccion-de-objetos-metalicos-muy-pequenos-en-guadalajara-jalisco-mexico\/","og_locale":"es_MX","og_type":"article","og_title":"INTELL-WALL RANGER Detector de Metales tipo Pared","og_description":"No permitas el robo hormiga en tu empresa o negocio, con el INTELL-WALL tipo pared podr\u00e1s evitar mermas y perdidas constantes.","og_url":"https:\/\/www.securitydataandvideo.com\/inicio\/shop\/intell-wall-ranger-security-detectors-detector-de-metales-multizona-tipo-pared-para-deteccion-de-objetos-metalicos-muy-pequenos-en-guadalajara-jalisco-mexico\/","og_site_name":"Security Data &amp; Video SA de CV.","article_modified_time":"2023-10-10T18:03:44+00:00","og_image":[{"width":400,"height":400,"url":"https:\/\/www.securitydataandvideo.com\/inicio\/wp-content\/uploads\/2022\/07\/INTELLWALL-p.png","type":"image\/png"}],"twitter_card":"summary","twitter_misc":{"Tiempo de lectura":"1 minuto"},"schema":{"@context":"https:\/\/schema.org","@graph":[{"@type":"WebPage","@id":"https:\/\/www.securitydataandvideo.com\/inicio\/shop\/intell-wall-ranger-security-detectors-detector-de-metales-multizona-tipo-pared-para-deteccion-de-objetos-metalicos-muy-pequenos-en-guadalajara-jalisco-mexico\/","url":"https:\/\/www.securitydataandvideo.com\/inicio\/shop\/intell-wall-ranger-security-detectors-detector-de-metales-multizona-tipo-pared-para-deteccion-de-objetos-metalicos-muy-pequenos-en-guadalajara-jalisco-mexico\/","name":"INTELL-WALL RANGER Detector de Metales tipo Pared","isPartOf":{"@id":"https:\/\/www.securitydataandvideo.com\/inicio\/#website"},"datePublished":"2022-07-21T17:29:31+00:00","dateModified":"2023-10-10T18:03:44+00:00","description":"No permitas el robo hormiga en tu empresa o negocio, con el INTELL-WALL tipo pared podr\u00e1s evitar mermas y perdidas constantes.","breadcrumb":{"@id":"https:\/\/www.securitydataandvideo.com\/inicio\/shop\/intell-wall-ranger-security-detectors-detector-de-metales-multizona-tipo-pared-para-deteccion-de-objetos-metalicos-muy-pequenos-en-guadalajara-jalisco-mexico\/#breadcrumb"},"inLanguage":"es-MX","potentialAction":[{"@type":"ReadAction","target":["https:\/\/www.securitydataandvideo.com\/inicio\/shop\/intell-wall-ranger-security-detectors-detector-de-metales-multizona-tipo-pared-para-deteccion-de-objetos-metalicos-muy-pequenos-en-guadalajara-jalisco-mexico\/"]}]},{"@type":"BreadcrumbList","@id":"https:\/\/www.securitydataandvideo.com\/inicio\/shop\/intell-wall-ranger-security-detectors-detector-de-metales-multizona-tipo-pared-para-deteccion-de-objetos-metalicos-muy-pequenos-en-guadalajara-jalisco-mexico\/#breadcrumb","itemListElement":[{"@type":"ListItem","position":1,"name":"Inicio","item":"https:\/\/www.securitydataandvideo.com\/inicio\/"},{"@type":"ListItem","position":2,"name":"Shop","item":"https:\/\/www.securitydataandvideo.com\/inicio\/shop\/"},{"@type":"ListItem","position":3,"name":"INTELL-WALL RANGER SECURITY DETECTORS Detector de Metales Multizona tipo Pared, Para Detecci\u00f3n de Objetos Met\u00e1licos Muy Peque\u00f1os en Guadalajara Jalisco M\u00e9xico."}]},{"@type":"WebSite","@id":"https:\/\/www.securitydataandvideo.com\/inicio\/#website","url":"https:\/\/www.securitydataandvideo.com\/inicio\/","name":"Security Data &amp; Video SA de CV.","description":"Seguridad Electr\u00f3nica y Energ\u00eda","publisher":{"@id":"https:\/\/www.securitydataandvideo.com\/inicio\/#organization"},"potentialAction":[{"@type":"SearchAction","target":{"@type":"EntryPoint","urlTemplate":"https:\/\/www.securitydataandvideo.com\/inicio\/?s={search_term_string}"},"query-input":"required name=search_term_string"}],"inLanguage":"es-MX"},{"@type":"Organization","@id":"https:\/\/www.securitydataandvideo.com\/inicio\/#organization","name":"Security Data & Video SA de CV","url":"https:\/\/www.securitydataandvideo.com\/inicio\/","sameAs":[],"logo":{"@type":"ImageObject","inLanguage":"es-MX","@id":"https:\/\/www.securitydataandvideo.com\/inicio\/#\/schema\/logo\/image\/","url":"https:\/\/www.securitydataandvideo.com\/inicio\/wp-content\/uploads\/2021\/10\/Logo-Azul.png","contentUrl":"https:\/\/www.securitydataandvideo.com\/inicio\/wp-content\/uploads\/2021\/10\/Logo-Azul.png","width":555,"height":375,"caption":"Security Data & Video SA de CV"},"image":{"@id":"https:\/\/www.securitydataandvideo.com\/inicio\/#\/schema\/logo\/image\/"}}]}},"_links":{"self":[{"href":"https:\/\/www.securitydataandvideo.com\/inicio\/wp-json\/wp\/v2\/product\/15693"}],"collection":[{"href":"https:\/\/www.securitydataandvideo.com\/inicio\/wp-json\/wp\/v2\/product"}],"about":[{"href":"https:\/\/www.securitydataandvideo.com\/inicio\/wp-json\/wp\/v2\/types\/product"}],"wp:featuredmedia":[{"embeddable":true,"href":"https:\/\/www.securitydataandvideo.com\/inicio\/wp-json\/wp\/v2\/media\/15720"}],"wp:attachment":[{"href":"https:\/\/www.securitydataandvideo.com\/inicio\/wp-json\/wp\/v2\/media?parent=15693"}],"wp:term":[{"taxonomy":"product_cat","embeddable":true,"href":"https:\/\/www.securitydataandvideo.com\/inicio\/wp-json\/wp\/v2\/product_cat?post=15693"},{"taxonomy":"product_tag","embeddable":true,"href":"https:\/\/www.securitydataandvideo.com\/inicio\/wp-json\/wp\/v2\/product_tag?post=15693"}],"curies":[{"name":"wp","href":"https:\/\/api.w.org\/{rel}","templated":true}]}}