{"id":15696,"date":"2022-07-21T11:29:32","date_gmt":"2022-07-21T17:29:32","guid":{"rendered":"https:\/\/www.securitydataandvideo.com\/inicio\/?post_type=product&#038;p=15696"},"modified":"2022-07-21T11:30:03","modified_gmt":"2022-07-21T17:30:03","slug":"arco-detector-de-metales-con-camara-alarmas-de-deteccion-contadores-en-pantalla-lcd-termografia-industrial-en-guadalajara-jalisco-mexico","status":"publish","type":"product","link":"https:\/\/www.securitydataandvideo.com\/inicio\/shop\/arco-detector-de-metales-con-camara-alarmas-de-deteccion-contadores-en-pantalla-lcd-termografia-industrial-en-guadalajara-jalisco-mexico\/","title":{"rendered":"Arco detector de Metales con C\u00e1mara \/ Alarmas de detecci\u00f3n \/ Contadores en pantalla LCD \/ Termograf\u00eda Industrial, en Guadalajara Jalisco Mexico."},"content":{"rendered":"<h5><strong>Arco detector de Metales con C\u00e1mara \/ Alarmas de detecci\u00f3n \/ Contadores en pantalla LCD \/ Termograf\u00eda Industrial, en Guadalajara Jalisco Mexico.<\/strong><\/h5>\n<p>El <strong>Arco detector de Metales con C\u00e1mara<\/strong> ISD-SMG318LT-F de Hikvision utiliza tecnolog\u00eda termogr\u00e1fica para detectar la temperatura sin contacto corporal. La funci\u00f3n de detecci\u00f3n de Inteligencia Artificial (AI por sus siglas en Ingles) de la c\u00e1mara apunta con precisi\u00f3n a la superficie de la piel.<\/p>\n<p>El detector tambi\u00e9n admite la detecci\u00f3n de metales.Es ideal para la inspecci\u00f3n de seguridad de mercanc\u00edas peligrosas, se utiliza ampliamente en eventos p\u00fablicos, lugares de alto perfil, etc. Se recomienda instalarlo en interiores y sin ventilaci\u00f3n.<\/p>\n<div class=\"col-sm-4\">\n<div>\n<p><strong>Caracter\u00edsticas del detector de metal:<\/strong><\/p>\n<ul>\n<li>Hasta 18 zonas de deteccion.<\/li>\n<li>Pantalla LCD<\/li>\n<li>Indica la posicion del metal en el cuerpo.<\/li>\n<li>Multi-area de alarma segun la zona detectada<\/li>\n<li>Tono de timbre para diferentes Zonas<\/li>\n<li>Arco detector de Metales con C\u00e1mara<\/li>\n<li>Ajuste de sensibilidad<\/li>\n<li>Conteo de personas<\/li>\n<li>Proteccion: IP53<\/li>\n<\/ul>\n<p>&nbsp;<\/p>\n<\/div>\n<\/div>\n<div class=\"col-sm-4\">\n<div>\n<p><strong>Caracter\u00edsticas Principales de imagen t\u00e9rmica<br \/>\n<\/strong><\/p>\n<ul>\n<li>Rango de medicion de temperatura 30 &#8211; 45\u00b0C<\/li>\n<li>Modo de video: Fusion de imagenes de doble espectro<\/li>\n<li>Temperatura en tiempo real<\/li>\n<li>Medicion de temperatura del cuerpo sin contacto<\/li>\n<li>Resoluci\u00f3n de imagen t\u00e9rmica 160 x 120<\/li>\n<li>Rango de precision: 0.5\u00b0C<\/li>\n<li>Distancia de deteccion: 0.3 a 3m<\/li>\n<li>Altura del objetivo: 1.45 a 1.85m<\/li>\n<li>Resoluci\u00f3n de c\u00e1mara: 4mp (2688 \u00d7 1520 @ 25fps)<\/li>\n<li>Minima Iluminacion: 0.0018Lux<\/li>\n<li>Lente: 4mm, Angulo 84\u00b0<\/li>\n<li>WDR: 120dB, IR 15m<\/li>\n<li>Red: 10\/100M Ethernet self adaptative.<\/li>\n<li>Soporta micro SD hasta 128G<\/li>\n<li>Alarma: 1 In \/ 1 Out<\/li>\n<li>Audio: 1 In \/ 1 Out<\/li>\n<li>Red: RJ45 Ethernet 10\/100M<\/li>\n<li>Proteccion: IP66<\/li>\n<li>Dimensi\u00f3n: 138,3 mm x 138,3 mm x 123,1 mm (H x W x D)<\/li>\n<li>Garantia: 2 a\u00f1os<\/li>\n<\/ul>\n<\/div>\n<\/div>\n<div class=\"col-sm-4\">\n<div>\n<p><strong>Caracter\u00edsticas destacadas:<\/strong><\/p>\n<p>De acuerdo con el est\u00e1ndar internacional de seguridad, amigable para mujeres embarazadas, personas con marcapasos card\u00edacos, etc.<\/p>\n<p>El arco le mostrara el numero de personas con temperatura anormal.<\/p>\n<ul>\n<li>Temperatura de operaci\u00f3n: 5 a 40\u00b0C<\/li>\n<li>Dimensiones del arco: 2200 x 850 x 480 mm<\/li>\n<li>Arco detector de Metales con C\u00e1mara<\/li>\n<\/ul>\n<p>&nbsp;<\/p>\n<\/div>\n<\/div>\n","protected":false},"excerpt":{"rendered":"<p><strong>ISD-SMG318LT-F HIKVISION Arco detector de Metales con C\u00e1mara \/ Alarmas de detecci\u00f3n \/ Contadores en pantalla LCD \/ Termograf\u00eda Industrial, en Guadalajara Jalisco Mexico.<\/strong><\/p>\n","protected":false},"featured_media":15738,"template":"","meta":{"site-sidebar-layout":"","site-content-layout":"","ast-site-content-layout":"","site-content-style":"default","site-sidebar-style":"default","ast-global-header-display":"","ast-banner-title-visibility":"","ast-main-header-display":"","ast-hfb-above-header-display":"","ast-hfb-below-header-display":"","ast-hfb-mobile-header-display":"","site-post-title":"","ast-breadcrumbs-content":"","ast-featured-img":"","footer-sml-layout":"","theme-transparent-header-meta":"","adv-header-id-meta":"","stick-header-meta":"","header-above-stick-meta":"","header-main-stick-meta":"","header-below-stick-meta":"","astra-migrate-meta-layouts":""},"product_cat":[271],"product_tag":[273,88],"yoast_head":"<!-- This site is optimized with the Yoast SEO plugin v19.5.1 - https:\/\/yoast.com\/wordpress\/plugins\/seo\/ -->\n<title>Arco detector de Metales con C\u00e1mara - ISD-SMG318LT-F HIKVISION<\/title>\n<meta name=\"description\" content=\"Security Data &amp; Video SA de CV. ISD-SMG318LT-F HIKVISION Arco detector de Metales con C\u00e1mara \/ Alarmas de detecci\u00f3n \/ Contadores en pantalla LCD \/ Termograf\u00eda Industrial, en Guadalajara Jalisco Mexico.\" \/>\n<meta name=\"robots\" content=\"index, follow, max-snippet:-1, max-image-preview:large, max-video-preview:-1\" \/>\n<link rel=\"canonical\" href=\"https:\/\/www.securitydataandvideo.com\/inicio\/shop\/arco-detector-de-metales-con-camara-alarmas-de-deteccion-contadores-en-pantalla-lcd-termografia-industrial-en-guadalajara-jalisco-mexico\/\" \/>\n<meta property=\"og:locale\" content=\"es_MX\" \/>\n<meta property=\"og:type\" content=\"article\" \/>\n<meta property=\"og:title\" content=\"Arco detector de Metales con C\u00e1mara - ISD-SMG318LT-F HIKVISION\" \/>\n<meta property=\"og:description\" content=\"Security Data &amp; Video SA de CV. ISD-SMG318LT-F HIKVISION Arco detector de Metales con C\u00e1mara \/ Alarmas de detecci\u00f3n \/ Contadores en pantalla LCD \/ Termograf\u00eda Industrial, en Guadalajara Jalisco Mexico.\" \/>\n<meta property=\"og:url\" content=\"https:\/\/www.securitydataandvideo.com\/inicio\/shop\/arco-detector-de-metales-con-camara-alarmas-de-deteccion-contadores-en-pantalla-lcd-termografia-industrial-en-guadalajara-jalisco-mexico\/\" \/>\n<meta property=\"og:site_name\" content=\"Security Data &amp; Video SA de CV.\" \/>\n<meta property=\"article:modified_time\" content=\"2022-07-21T17:30:03+00:00\" \/>\n<meta property=\"og:image\" content=\"https:\/\/www.securitydataandvideo.com\/inicio\/wp-content\/uploads\/2022\/07\/ISDSMG318LTF-p.png\" \/>\n\t<meta property=\"og:image:width\" content=\"400\" \/>\n\t<meta property=\"og:image:height\" content=\"400\" \/>\n\t<meta property=\"og:image:type\" content=\"image\/png\" \/>\n<meta name=\"twitter:card\" content=\"summary\" \/>\n<meta name=\"twitter:label1\" content=\"Tiempo de lectura\" \/>\n\t<meta name=\"twitter:data1\" content=\"2 minutos\" \/>\n<script type=\"application\/ld+json\" class=\"yoast-schema-graph\">{\"@context\":\"https:\/\/schema.org\",\"@graph\":[{\"@type\":\"WebPage\",\"@id\":\"https:\/\/www.securitydataandvideo.com\/inicio\/shop\/arco-detector-de-metales-con-camara-alarmas-de-deteccion-contadores-en-pantalla-lcd-termografia-industrial-en-guadalajara-jalisco-mexico\/\",\"url\":\"https:\/\/www.securitydataandvideo.com\/inicio\/shop\/arco-detector-de-metales-con-camara-alarmas-de-deteccion-contadores-en-pantalla-lcd-termografia-industrial-en-guadalajara-jalisco-mexico\/\",\"name\":\"Arco detector de Metales con C\u00e1mara - ISD-SMG318LT-F HIKVISION\",\"isPartOf\":{\"@id\":\"https:\/\/www.securitydataandvideo.com\/inicio\/#website\"},\"datePublished\":\"2022-07-21T17:29:32+00:00\",\"dateModified\":\"2022-07-21T17:30:03+00:00\",\"description\":\"Security Data &amp; Video SA de CV. ISD-SMG318LT-F HIKVISION Arco detector de Metales con C\u00e1mara \/ Alarmas de detecci\u00f3n \/ Contadores en pantalla LCD \/ Termograf\u00eda Industrial, en Guadalajara Jalisco Mexico.\",\"breadcrumb\":{\"@id\":\"https:\/\/www.securitydataandvideo.com\/inicio\/shop\/arco-detector-de-metales-con-camara-alarmas-de-deteccion-contadores-en-pantalla-lcd-termografia-industrial-en-guadalajara-jalisco-mexico\/#breadcrumb\"},\"inLanguage\":\"es-MX\",\"potentialAction\":[{\"@type\":\"ReadAction\",\"target\":[\"https:\/\/www.securitydataandvideo.com\/inicio\/shop\/arco-detector-de-metales-con-camara-alarmas-de-deteccion-contadores-en-pantalla-lcd-termografia-industrial-en-guadalajara-jalisco-mexico\/\"]}]},{\"@type\":\"BreadcrumbList\",\"@id\":\"https:\/\/www.securitydataandvideo.com\/inicio\/shop\/arco-detector-de-metales-con-camara-alarmas-de-deteccion-contadores-en-pantalla-lcd-termografia-industrial-en-guadalajara-jalisco-mexico\/#breadcrumb\",\"itemListElement\":[{\"@type\":\"ListItem\",\"position\":1,\"name\":\"Inicio\",\"item\":\"https:\/\/www.securitydataandvideo.com\/inicio\/\"},{\"@type\":\"ListItem\",\"position\":2,\"name\":\"Shop\",\"item\":\"https:\/\/www.securitydataandvideo.com\/inicio\/shop\/\"},{\"@type\":\"ListItem\",\"position\":3,\"name\":\"Arco detector de Metales con C\u00e1mara \/ Alarmas de detecci\u00f3n \/ Contadores en pantalla LCD \/ Termograf\u00eda Industrial, en Guadalajara Jalisco Mexico.\"}]},{\"@type\":\"WebSite\",\"@id\":\"https:\/\/www.securitydataandvideo.com\/inicio\/#website\",\"url\":\"https:\/\/www.securitydataandvideo.com\/inicio\/\",\"name\":\"Security Data &amp; Video SA de CV.\",\"description\":\"Seguridad Electr\u00f3nica y Energ\u00eda\",\"publisher\":{\"@id\":\"https:\/\/www.securitydataandvideo.com\/inicio\/#organization\"},\"potentialAction\":[{\"@type\":\"SearchAction\",\"target\":{\"@type\":\"EntryPoint\",\"urlTemplate\":\"https:\/\/www.securitydataandvideo.com\/inicio\/?s={search_term_string}\"},\"query-input\":\"required name=search_term_string\"}],\"inLanguage\":\"es-MX\"},{\"@type\":\"Organization\",\"@id\":\"https:\/\/www.securitydataandvideo.com\/inicio\/#organization\",\"name\":\"Security Data & Video SA de CV\",\"url\":\"https:\/\/www.securitydataandvideo.com\/inicio\/\",\"sameAs\":[],\"logo\":{\"@type\":\"ImageObject\",\"inLanguage\":\"es-MX\",\"@id\":\"https:\/\/www.securitydataandvideo.com\/inicio\/#\/schema\/logo\/image\/\",\"url\":\"https:\/\/www.securitydataandvideo.com\/inicio\/wp-content\/uploads\/2021\/10\/Logo-Azul.png\",\"contentUrl\":\"https:\/\/www.securitydataandvideo.com\/inicio\/wp-content\/uploads\/2021\/10\/Logo-Azul.png\",\"width\":555,\"height\":375,\"caption\":\"Security Data & Video SA de CV\"},\"image\":{\"@id\":\"https:\/\/www.securitydataandvideo.com\/inicio\/#\/schema\/logo\/image\/\"}}]}<\/script>\n<!-- \/ Yoast SEO plugin. -->","yoast_head_json":{"title":"Arco detector de Metales con C\u00e1mara - ISD-SMG318LT-F HIKVISION","description":"Security Data &amp; Video SA de CV. ISD-SMG318LT-F HIKVISION Arco detector de Metales con C\u00e1mara \/ Alarmas de detecci\u00f3n \/ Contadores en pantalla LCD \/ Termograf\u00eda Industrial, en Guadalajara Jalisco Mexico.","robots":{"index":"index","follow":"follow","max-snippet":"max-snippet:-1","max-image-preview":"max-image-preview:large","max-video-preview":"max-video-preview:-1"},"canonical":"https:\/\/www.securitydataandvideo.com\/inicio\/shop\/arco-detector-de-metales-con-camara-alarmas-de-deteccion-contadores-en-pantalla-lcd-termografia-industrial-en-guadalajara-jalisco-mexico\/","og_locale":"es_MX","og_type":"article","og_title":"Arco detector de Metales con C\u00e1mara - ISD-SMG318LT-F HIKVISION","og_description":"Security Data &amp; Video SA de CV. ISD-SMG318LT-F HIKVISION Arco detector de Metales con C\u00e1mara \/ Alarmas de detecci\u00f3n \/ Contadores en pantalla LCD \/ Termograf\u00eda Industrial, en Guadalajara Jalisco Mexico.","og_url":"https:\/\/www.securitydataandvideo.com\/inicio\/shop\/arco-detector-de-metales-con-camara-alarmas-de-deteccion-contadores-en-pantalla-lcd-termografia-industrial-en-guadalajara-jalisco-mexico\/","og_site_name":"Security Data &amp; Video SA de CV.","article_modified_time":"2022-07-21T17:30:03+00:00","og_image":[{"width":400,"height":400,"url":"https:\/\/www.securitydataandvideo.com\/inicio\/wp-content\/uploads\/2022\/07\/ISDSMG318LTF-p.png","type":"image\/png"}],"twitter_card":"summary","twitter_misc":{"Tiempo de lectura":"2 minutos"},"schema":{"@context":"https:\/\/schema.org","@graph":[{"@type":"WebPage","@id":"https:\/\/www.securitydataandvideo.com\/inicio\/shop\/arco-detector-de-metales-con-camara-alarmas-de-deteccion-contadores-en-pantalla-lcd-termografia-industrial-en-guadalajara-jalisco-mexico\/","url":"https:\/\/www.securitydataandvideo.com\/inicio\/shop\/arco-detector-de-metales-con-camara-alarmas-de-deteccion-contadores-en-pantalla-lcd-termografia-industrial-en-guadalajara-jalisco-mexico\/","name":"Arco detector de Metales con C\u00e1mara - ISD-SMG318LT-F HIKVISION","isPartOf":{"@id":"https:\/\/www.securitydataandvideo.com\/inicio\/#website"},"datePublished":"2022-07-21T17:29:32+00:00","dateModified":"2022-07-21T17:30:03+00:00","description":"Security Data &amp; Video SA de CV. ISD-SMG318LT-F HIKVISION Arco detector de Metales con C\u00e1mara \/ Alarmas de detecci\u00f3n \/ Contadores en pantalla LCD \/ Termograf\u00eda Industrial, en Guadalajara Jalisco Mexico.","breadcrumb":{"@id":"https:\/\/www.securitydataandvideo.com\/inicio\/shop\/arco-detector-de-metales-con-camara-alarmas-de-deteccion-contadores-en-pantalla-lcd-termografia-industrial-en-guadalajara-jalisco-mexico\/#breadcrumb"},"inLanguage":"es-MX","potentialAction":[{"@type":"ReadAction","target":["https:\/\/www.securitydataandvideo.com\/inicio\/shop\/arco-detector-de-metales-con-camara-alarmas-de-deteccion-contadores-en-pantalla-lcd-termografia-industrial-en-guadalajara-jalisco-mexico\/"]}]},{"@type":"BreadcrumbList","@id":"https:\/\/www.securitydataandvideo.com\/inicio\/shop\/arco-detector-de-metales-con-camara-alarmas-de-deteccion-contadores-en-pantalla-lcd-termografia-industrial-en-guadalajara-jalisco-mexico\/#breadcrumb","itemListElement":[{"@type":"ListItem","position":1,"name":"Inicio","item":"https:\/\/www.securitydataandvideo.com\/inicio\/"},{"@type":"ListItem","position":2,"name":"Shop","item":"https:\/\/www.securitydataandvideo.com\/inicio\/shop\/"},{"@type":"ListItem","position":3,"name":"Arco detector de Metales con C\u00e1mara \/ Alarmas de detecci\u00f3n \/ Contadores en pantalla LCD \/ Termograf\u00eda Industrial, en Guadalajara Jalisco Mexico."}]},{"@type":"WebSite","@id":"https:\/\/www.securitydataandvideo.com\/inicio\/#website","url":"https:\/\/www.securitydataandvideo.com\/inicio\/","name":"Security Data &amp; Video SA de CV.","description":"Seguridad Electr\u00f3nica y Energ\u00eda","publisher":{"@id":"https:\/\/www.securitydataandvideo.com\/inicio\/#organization"},"potentialAction":[{"@type":"SearchAction","target":{"@type":"EntryPoint","urlTemplate":"https:\/\/www.securitydataandvideo.com\/inicio\/?s={search_term_string}"},"query-input":"required name=search_term_string"}],"inLanguage":"es-MX"},{"@type":"Organization","@id":"https:\/\/www.securitydataandvideo.com\/inicio\/#organization","name":"Security Data & Video SA de CV","url":"https:\/\/www.securitydataandvideo.com\/inicio\/","sameAs":[],"logo":{"@type":"ImageObject","inLanguage":"es-MX","@id":"https:\/\/www.securitydataandvideo.com\/inicio\/#\/schema\/logo\/image\/","url":"https:\/\/www.securitydataandvideo.com\/inicio\/wp-content\/uploads\/2021\/10\/Logo-Azul.png","contentUrl":"https:\/\/www.securitydataandvideo.com\/inicio\/wp-content\/uploads\/2021\/10\/Logo-Azul.png","width":555,"height":375,"caption":"Security Data & Video SA de CV"},"image":{"@id":"https:\/\/www.securitydataandvideo.com\/inicio\/#\/schema\/logo\/image\/"}}]}},"_links":{"self":[{"href":"https:\/\/www.securitydataandvideo.com\/inicio\/wp-json\/wp\/v2\/product\/15696"}],"collection":[{"href":"https:\/\/www.securitydataandvideo.com\/inicio\/wp-json\/wp\/v2\/product"}],"about":[{"href":"https:\/\/www.securitydataandvideo.com\/inicio\/wp-json\/wp\/v2\/types\/product"}],"wp:featuredmedia":[{"embeddable":true,"href":"https:\/\/www.securitydataandvideo.com\/inicio\/wp-json\/wp\/v2\/media\/15738"}],"wp:attachment":[{"href":"https:\/\/www.securitydataandvideo.com\/inicio\/wp-json\/wp\/v2\/media?parent=15696"}],"wp:term":[{"taxonomy":"product_cat","embeddable":true,"href":"https:\/\/www.securitydataandvideo.com\/inicio\/wp-json\/wp\/v2\/product_cat?post=15696"},{"taxonomy":"product_tag","embeddable":true,"href":"https:\/\/www.securitydataandvideo.com\/inicio\/wp-json\/wp\/v2\/product_tag?post=15696"}],"curies":[{"name":"wp","href":"https:\/\/api.w.org\/{rel}","templated":true}]}}