{"id":15775,"date":"2022-07-21T11:30:34","date_gmt":"2022-07-21T17:30:34","guid":{"rendered":"https:\/\/www.securitydataandvideo.com\/inicio\/?post_type=product&#038;p=15775"},"modified":"2023-10-02T16:24:03","modified_gmt":"2023-10-02T22:24:03","slug":"picos-poncha-llantas-para-barrera-dks-1603-180-seccion-de-3-ft-90-cm-requiere-1603-168-en-guadalajara-jalisco-mexico","status":"publish","type":"product","link":"https:\/\/www.securitydataandvideo.com\/inicio\/shop\/picos-poncha-llantas-para-barrera-dks-1603-180-seccion-de-3-ft-90-cm-requiere-1603-168-en-guadalajara-jalisco-mexico\/","title":{"rendered":"Picos poncha llantas para barrera DKS 1603-180 \/ Secci\u00f3n de 3 ft (90 cm) \/ Requiere 1603-168 en guadalajara jalisco mexico."},"content":{"rendered":"<p><strong>\u00a0Picos poncha llantas para barrera DKS 1603-180 \/ Secci\u00f3n de 3 ft (90 cm) \/ Requiere 1603-168 en guadalajara jalisco mexico.<\/strong><\/p>\n<p>1603 Operador para Barreras<br \/>\nDise\u00f1ado para enlazarse mec\u00e1nicamente a los clavos autom\u00e1ticos<br \/>\n1\/2 HP (caballos de fuerza), 115, 230, 460 VAC (tiene la opci\u00f3n de corriente CC)<\/p>\n<p>L\u00edmites magn\u00e9ticos son libre de mantenimiento<\/p>\n<p>Memoria \u201cbuffer\u201d de entrada ascendente<\/p>\n<p>M\u00faltiples opciones ascendentes \u201cup\u201d de mando<\/p>\n<p>Puertos para detectores de circulos de detecci\u00f3n<\/p>\n<p>2 tomacorrientes convinientes<\/p>\n<p>Secuencia autom\u00e1tica Picos poncha llantas<\/p>\n<p>Brazo de aluminio o madera de 14 pies Componentes de Clavos Automatizados<\/p>\n<p>Caja de traspaso mec\u00e1nicamente enlaza el 1603 operador de barrera a los clavos de tr\u00e1fico<\/p>\n<h3>El modelo 1603 Operador de Port\u00f3n de Barreras<\/h3>\n<p>Sistema Autom\u00e1tica de Clavos de DKS esta dise\u00f1ado Como un sistema m\u00f3dulo permitiendo flexibilidad f\u00e1cil en aplicaciones diferentes y instalaci\u00f3n f\u00e1cil. El operador 1603 es dise\u00f1ado con muchas caracter\u00edsticas avanzadas y enlaza mec\u00e1nicamente los clavos al brazo de la barrera. El sistema de clavos-autom\u00e1ticos 1603 es ideal para lotes de estacionamiento, agencias de carros para rentar, escuelas, concesionario de autos, agencias de gobierno, o cualquier otra aplicaci\u00f3n donde m\u00e1s control de tr\u00e1fico es preferible.<\/p>\n<h3><strong>Caracter\u00edsticas Avanzadas<\/strong><\/h3>\n<p>L\u00edmites el\u00e9ctronicos Temporizador autom\u00e1tico se puede programar entre 1- 23 segundos<br \/>\nEl sistema &#8220;Gate Tracker&#8221; provee datos del operador a un sistema de control de acceso DKS complementario<br \/>\nSecuencia autom\u00e1tica con operadores para portones corredizos o batientes<br \/>\nEnchufe 115 VAC para accesorio de transformador<\/p>\n<p>Puertos de enchufes abierto (up) y reversa (down) de &#8216;loop&#8217; circulos de detecci\u00f3n. Solamente detectores de enchufables DKS<br \/>\nMemoria &#8216;buffer&#8217; Up entrada de informaci\u00f3n Opci\u00f3n de bajar memoria Comando m\u00faltiples up Picos poncha llantas para barrera<\/p>\n<p>M\u00e9canicas del Operador<br \/>\nEngranaje de gusano &#8220;worm&#8221; tornillo sin fin en ba\u00f1o<br \/>\nde aceite de continuo<br \/>\nOperador: G90 acero galvanizado pintado de blanco<br \/>\nM\u00e9todos de Desconexi\u00f3n<br \/>\n&#8220;Fail-secure&#8221; m\u00e9canico (se aseguran las puertas<br \/>\ncuando hay un corte del suministro el\u00e9ctronico)<br \/>\nmanivela de mano permite bajar los clavos en caso de<br \/>\nfalle de la corriente el\u00e9ctrica.<br \/>\nTemp de Operaci\u00f3n<br \/>\n10 grados F hasta 115 grados F<br \/>\n-12 grados C hasta 46 grados C<br \/>\nGarant\u00eda<br \/>\nGarant\u00eda de f\u00e1brica limitada de 5 a\u00f1os sobre<br \/>\nel operador<br \/>\nGarant\u00eda de 1 a\u00f1o en la caja de transferir,<br \/>\nsecci\u00f3n t\u00fanel, clavos, y tap\u00f3n de cobertura<\/p>\n","protected":false},"excerpt":{"rendered":"<p><strong>1603-165 DKS DOORKING Picos poncha llantas para barrera DKS 1603-180 \/ Secci\u00f3n de 3 ft (90 cm) \/ Requiere 1603-168 en guadalajara jalisco mexico.<\/strong><\/p>\n","protected":false},"featured_media":15804,"template":"","meta":{"site-sidebar-layout":"","site-content-layout":"","ast-site-content-layout":"","site-content-style":"default","site-sidebar-style":"default","ast-global-header-display":"","ast-banner-title-visibility":"","ast-main-header-display":"","ast-hfb-above-header-display":"","ast-hfb-below-header-display":"","ast-hfb-mobile-header-display":"","site-post-title":"","ast-breadcrumbs-content":"","ast-featured-img":"","footer-sml-layout":"","theme-transparent-header-meta":"","adv-header-id-meta":"","stick-header-meta":"","header-above-stick-meta":"","header-main-stick-meta":"","header-below-stick-meta":"","astra-migrate-meta-layouts":""},"product_cat":[251],"product_tag":[128],"yoast_head":"<!-- This site is optimized with the Yoast SEO plugin v19.5.1 - https:\/\/yoast.com\/wordpress\/plugins\/seo\/ -->\n<title>Picos poncha llantas para barrera DKS 1603-180<\/title>\n<meta name=\"description\" content=\"Security Data &amp; Video SA de CV. Picos poncha llantas para barrera DKS 1603-180 \/ Secci\u00f3n de 3 ft (90 cm) \/ Requiere 1603-168 en guadalajara jalisco mexico.\" \/>\n<meta name=\"robots\" content=\"index, follow, max-snippet:-1, max-image-preview:large, max-video-preview:-1\" \/>\n<link rel=\"canonical\" href=\"https:\/\/www.securitydataandvideo.com\/inicio\/shop\/picos-poncha-llantas-para-barrera-dks-1603-180-seccion-de-3-ft-90-cm-requiere-1603-168-en-guadalajara-jalisco-mexico\/\" \/>\n<meta property=\"og:locale\" content=\"es_MX\" \/>\n<meta property=\"og:type\" content=\"article\" \/>\n<meta property=\"og:title\" content=\"Picos poncha llantas para barrera DKS 1603-180\" \/>\n<meta property=\"og:description\" content=\"Security Data &amp; Video SA de CV. Picos poncha llantas para barrera DKS 1603-180 \/ Secci\u00f3n de 3 ft (90 cm) \/ Requiere 1603-168 en guadalajara jalisco mexico.\" \/>\n<meta property=\"og:url\" content=\"https:\/\/www.securitydataandvideo.com\/inicio\/shop\/picos-poncha-llantas-para-barrera-dks-1603-180-seccion-de-3-ft-90-cm-requiere-1603-168-en-guadalajara-jalisco-mexico\/\" \/>\n<meta property=\"og:site_name\" content=\"Security Data &amp; Video SA de CV.\" \/>\n<meta property=\"article:modified_time\" content=\"2023-10-02T22:24:03+00:00\" \/>\n<meta property=\"og:image\" content=\"https:\/\/www.securitydataandvideo.com\/inicio\/wp-content\/uploads\/2022\/07\/1603165-p.png\" \/>\n\t<meta property=\"og:image:width\" content=\"400\" \/>\n\t<meta property=\"og:image:height\" content=\"400\" \/>\n\t<meta property=\"og:image:type\" content=\"image\/png\" \/>\n<meta name=\"twitter:card\" content=\"summary\" \/>\n<meta name=\"twitter:label1\" content=\"Tiempo de lectura\" \/>\n\t<meta name=\"twitter:data1\" content=\"2 minutos\" \/>\n<script type=\"application\/ld+json\" class=\"yoast-schema-graph\">{\"@context\":\"https:\/\/schema.org\",\"@graph\":[{\"@type\":\"WebPage\",\"@id\":\"https:\/\/www.securitydataandvideo.com\/inicio\/shop\/picos-poncha-llantas-para-barrera-dks-1603-180-seccion-de-3-ft-90-cm-requiere-1603-168-en-guadalajara-jalisco-mexico\/\",\"url\":\"https:\/\/www.securitydataandvideo.com\/inicio\/shop\/picos-poncha-llantas-para-barrera-dks-1603-180-seccion-de-3-ft-90-cm-requiere-1603-168-en-guadalajara-jalisco-mexico\/\",\"name\":\"Picos poncha llantas para barrera DKS 1603-180\",\"isPartOf\":{\"@id\":\"https:\/\/www.securitydataandvideo.com\/inicio\/#website\"},\"datePublished\":\"2022-07-21T17:30:34+00:00\",\"dateModified\":\"2023-10-02T22:24:03+00:00\",\"description\":\"Security Data &amp; Video SA de CV. Picos poncha llantas para barrera DKS 1603-180 \/ Secci\u00f3n de 3 ft (90 cm) \/ Requiere 1603-168 en guadalajara jalisco mexico.\",\"breadcrumb\":{\"@id\":\"https:\/\/www.securitydataandvideo.com\/inicio\/shop\/picos-poncha-llantas-para-barrera-dks-1603-180-seccion-de-3-ft-90-cm-requiere-1603-168-en-guadalajara-jalisco-mexico\/#breadcrumb\"},\"inLanguage\":\"es-MX\",\"potentialAction\":[{\"@type\":\"ReadAction\",\"target\":[\"https:\/\/www.securitydataandvideo.com\/inicio\/shop\/picos-poncha-llantas-para-barrera-dks-1603-180-seccion-de-3-ft-90-cm-requiere-1603-168-en-guadalajara-jalisco-mexico\/\"]}]},{\"@type\":\"BreadcrumbList\",\"@id\":\"https:\/\/www.securitydataandvideo.com\/inicio\/shop\/picos-poncha-llantas-para-barrera-dks-1603-180-seccion-de-3-ft-90-cm-requiere-1603-168-en-guadalajara-jalisco-mexico\/#breadcrumb\",\"itemListElement\":[{\"@type\":\"ListItem\",\"position\":1,\"name\":\"Inicio\",\"item\":\"https:\/\/www.securitydataandvideo.com\/inicio\/\"},{\"@type\":\"ListItem\",\"position\":2,\"name\":\"Shop\",\"item\":\"https:\/\/www.securitydataandvideo.com\/inicio\/shop\/\"},{\"@type\":\"ListItem\",\"position\":3,\"name\":\"Picos poncha llantas para barrera DKS 1603-180 \/ Secci\u00f3n de 3 ft (90 cm) \/ Requiere 1603-168 en guadalajara jalisco mexico.\"}]},{\"@type\":\"WebSite\",\"@id\":\"https:\/\/www.securitydataandvideo.com\/inicio\/#website\",\"url\":\"https:\/\/www.securitydataandvideo.com\/inicio\/\",\"name\":\"Security Data &amp; Video SA de CV.\",\"description\":\"Seguridad Electr\u00f3nica y Energ\u00eda\",\"publisher\":{\"@id\":\"https:\/\/www.securitydataandvideo.com\/inicio\/#organization\"},\"potentialAction\":[{\"@type\":\"SearchAction\",\"target\":{\"@type\":\"EntryPoint\",\"urlTemplate\":\"https:\/\/www.securitydataandvideo.com\/inicio\/?s={search_term_string}\"},\"query-input\":\"required name=search_term_string\"}],\"inLanguage\":\"es-MX\"},{\"@type\":\"Organization\",\"@id\":\"https:\/\/www.securitydataandvideo.com\/inicio\/#organization\",\"name\":\"Security Data & Video SA de CV\",\"url\":\"https:\/\/www.securitydataandvideo.com\/inicio\/\",\"sameAs\":[],\"logo\":{\"@type\":\"ImageObject\",\"inLanguage\":\"es-MX\",\"@id\":\"https:\/\/www.securitydataandvideo.com\/inicio\/#\/schema\/logo\/image\/\",\"url\":\"https:\/\/www.securitydataandvideo.com\/inicio\/wp-content\/uploads\/2021\/10\/Logo-Azul.png\",\"contentUrl\":\"https:\/\/www.securitydataandvideo.com\/inicio\/wp-content\/uploads\/2021\/10\/Logo-Azul.png\",\"width\":555,\"height\":375,\"caption\":\"Security Data & Video SA de CV\"},\"image\":{\"@id\":\"https:\/\/www.securitydataandvideo.com\/inicio\/#\/schema\/logo\/image\/\"}}]}<\/script>\n<!-- \/ Yoast SEO plugin. -->","yoast_head_json":{"title":"Picos poncha llantas para barrera DKS 1603-180","description":"Security Data &amp; Video SA de CV. Picos poncha llantas para barrera DKS 1603-180 \/ Secci\u00f3n de 3 ft (90 cm) \/ Requiere 1603-168 en guadalajara jalisco mexico.","robots":{"index":"index","follow":"follow","max-snippet":"max-snippet:-1","max-image-preview":"max-image-preview:large","max-video-preview":"max-video-preview:-1"},"canonical":"https:\/\/www.securitydataandvideo.com\/inicio\/shop\/picos-poncha-llantas-para-barrera-dks-1603-180-seccion-de-3-ft-90-cm-requiere-1603-168-en-guadalajara-jalisco-mexico\/","og_locale":"es_MX","og_type":"article","og_title":"Picos poncha llantas para barrera DKS 1603-180","og_description":"Security Data &amp; Video SA de CV. Picos poncha llantas para barrera DKS 1603-180 \/ Secci\u00f3n de 3 ft (90 cm) \/ Requiere 1603-168 en guadalajara jalisco mexico.","og_url":"https:\/\/www.securitydataandvideo.com\/inicio\/shop\/picos-poncha-llantas-para-barrera-dks-1603-180-seccion-de-3-ft-90-cm-requiere-1603-168-en-guadalajara-jalisco-mexico\/","og_site_name":"Security Data &amp; Video SA de CV.","article_modified_time":"2023-10-02T22:24:03+00:00","og_image":[{"width":400,"height":400,"url":"https:\/\/www.securitydataandvideo.com\/inicio\/wp-content\/uploads\/2022\/07\/1603165-p.png","type":"image\/png"}],"twitter_card":"summary","twitter_misc":{"Tiempo de lectura":"2 minutos"},"schema":{"@context":"https:\/\/schema.org","@graph":[{"@type":"WebPage","@id":"https:\/\/www.securitydataandvideo.com\/inicio\/shop\/picos-poncha-llantas-para-barrera-dks-1603-180-seccion-de-3-ft-90-cm-requiere-1603-168-en-guadalajara-jalisco-mexico\/","url":"https:\/\/www.securitydataandvideo.com\/inicio\/shop\/picos-poncha-llantas-para-barrera-dks-1603-180-seccion-de-3-ft-90-cm-requiere-1603-168-en-guadalajara-jalisco-mexico\/","name":"Picos poncha llantas para barrera DKS 1603-180","isPartOf":{"@id":"https:\/\/www.securitydataandvideo.com\/inicio\/#website"},"datePublished":"2022-07-21T17:30:34+00:00","dateModified":"2023-10-02T22:24:03+00:00","description":"Security Data &amp; Video SA de CV. Picos poncha llantas para barrera DKS 1603-180 \/ Secci\u00f3n de 3 ft (90 cm) \/ Requiere 1603-168 en guadalajara jalisco mexico.","breadcrumb":{"@id":"https:\/\/www.securitydataandvideo.com\/inicio\/shop\/picos-poncha-llantas-para-barrera-dks-1603-180-seccion-de-3-ft-90-cm-requiere-1603-168-en-guadalajara-jalisco-mexico\/#breadcrumb"},"inLanguage":"es-MX","potentialAction":[{"@type":"ReadAction","target":["https:\/\/www.securitydataandvideo.com\/inicio\/shop\/picos-poncha-llantas-para-barrera-dks-1603-180-seccion-de-3-ft-90-cm-requiere-1603-168-en-guadalajara-jalisco-mexico\/"]}]},{"@type":"BreadcrumbList","@id":"https:\/\/www.securitydataandvideo.com\/inicio\/shop\/picos-poncha-llantas-para-barrera-dks-1603-180-seccion-de-3-ft-90-cm-requiere-1603-168-en-guadalajara-jalisco-mexico\/#breadcrumb","itemListElement":[{"@type":"ListItem","position":1,"name":"Inicio","item":"https:\/\/www.securitydataandvideo.com\/inicio\/"},{"@type":"ListItem","position":2,"name":"Shop","item":"https:\/\/www.securitydataandvideo.com\/inicio\/shop\/"},{"@type":"ListItem","position":3,"name":"Picos poncha llantas para barrera DKS 1603-180 \/ Secci\u00f3n de 3 ft (90 cm) \/ Requiere 1603-168 en guadalajara jalisco mexico."}]},{"@type":"WebSite","@id":"https:\/\/www.securitydataandvideo.com\/inicio\/#website","url":"https:\/\/www.securitydataandvideo.com\/inicio\/","name":"Security Data &amp; Video SA de CV.","description":"Seguridad Electr\u00f3nica y Energ\u00eda","publisher":{"@id":"https:\/\/www.securitydataandvideo.com\/inicio\/#organization"},"potentialAction":[{"@type":"SearchAction","target":{"@type":"EntryPoint","urlTemplate":"https:\/\/www.securitydataandvideo.com\/inicio\/?s={search_term_string}"},"query-input":"required name=search_term_string"}],"inLanguage":"es-MX"},{"@type":"Organization","@id":"https:\/\/www.securitydataandvideo.com\/inicio\/#organization","name":"Security Data & Video SA de CV","url":"https:\/\/www.securitydataandvideo.com\/inicio\/","sameAs":[],"logo":{"@type":"ImageObject","inLanguage":"es-MX","@id":"https:\/\/www.securitydataandvideo.com\/inicio\/#\/schema\/logo\/image\/","url":"https:\/\/www.securitydataandvideo.com\/inicio\/wp-content\/uploads\/2021\/10\/Logo-Azul.png","contentUrl":"https:\/\/www.securitydataandvideo.com\/inicio\/wp-content\/uploads\/2021\/10\/Logo-Azul.png","width":555,"height":375,"caption":"Security Data & Video SA de CV"},"image":{"@id":"https:\/\/www.securitydataandvideo.com\/inicio\/#\/schema\/logo\/image\/"}}]}},"_links":{"self":[{"href":"https:\/\/www.securitydataandvideo.com\/inicio\/wp-json\/wp\/v2\/product\/15775"}],"collection":[{"href":"https:\/\/www.securitydataandvideo.com\/inicio\/wp-json\/wp\/v2\/product"}],"about":[{"href":"https:\/\/www.securitydataandvideo.com\/inicio\/wp-json\/wp\/v2\/types\/product"}],"wp:featuredmedia":[{"embeddable":true,"href":"https:\/\/www.securitydataandvideo.com\/inicio\/wp-json\/wp\/v2\/media\/15804"}],"wp:attachment":[{"href":"https:\/\/www.securitydataandvideo.com\/inicio\/wp-json\/wp\/v2\/media?parent=15775"}],"wp:term":[{"taxonomy":"product_cat","embeddable":true,"href":"https:\/\/www.securitydataandvideo.com\/inicio\/wp-json\/wp\/v2\/product_cat?post=15775"},{"taxonomy":"product_tag","embeddable":true,"href":"https:\/\/www.securitydataandvideo.com\/inicio\/wp-json\/wp\/v2\/product_tag?post=15775"}],"curies":[{"name":"wp","href":"https:\/\/api.w.org\/{rel}","templated":true}]}}