{"id":15817,"date":"2022-07-21T11:31:07","date_gmt":"2022-07-21T17:31:07","guid":{"rendered":"https:\/\/www.securitydataandvideo.com\/inicio\/?post_type=product&#038;p=15817"},"modified":"2022-07-21T11:31:45","modified_gmt":"2022-07-21T17:31:45","slug":"ds-aj7824s-hikvision-unidad-de-expansion-sas-para-cvr-24-hdd-192-tb-en-total-compatible-con-ds-a81016s-y-ds-a80624s-simple-controlador-en-guadalajara-jalisco-mexico","status":"publish","type":"product","link":"https:\/\/www.securitydataandvideo.com\/inicio\/shop\/ds-aj7824s-hikvision-unidad-de-expansion-sas-para-cvr-24-hdd-192-tb-en-total-compatible-con-ds-a81016s-y-ds-a80624s-simple-controlador-en-guadalajara-jalisco-mexico\/","title":{"rendered":"DS-AJ7824S HIKVISION Unidad de Expansi\u00f3n SAS para CVR \/ 24 HDD \/ 192 TB en total \/ Compatible con DS-A81016S y DS-A80624S \/ Simple Controlador en guadalajara jalisco mexico."},"content":{"rendered":"<p><strong>DS-AJ7824S HIKVISION Unidad de Expansi\u00f3n SAS para CVR \/ 24 HDD \/ 192 TB en total \/ Compatible con DS-A81016S y DS-A80624S \/ Simple Controlador en guadalajara jalisco mexico.<\/strong><\/p>\n<p><img class=\"fr-fic fr-dii\" src=\"http:\/\/ftp3.syscom.mx\/usuarios\/jdelafuente\/HIKVISION\/hikvision%20logo%20complete.png\" \/><\/p>\n<p>La serie DS-AJ es una unidad de almacenamiento de expansi\u00f3n para los modelos DS-A81016S y DS-A80624S. Soporta hasta 24 HDD de 8 TB por unidad.<br \/>\n<img class=\"fr-fic fr-dii\" src=\"http:\/\/ftp3.syscom.mx\/usuarios\/emendoza\/elesbanmch\/HIKVISON\/IMAGENES\/04-10-2017%2011-09-49.jpg\" alt=\"\" \/><\/p>\n<p><strong>Caracter\u00edsticas principales:<\/strong><\/p>\n<ul>\n<li>Compatible con DS-A81016S y DS-A80624S.<\/li>\n<li>Soporta hasta 24 HDD internos de hasta 8 TB c \/ u. (192 TB en total).<\/li>\n<li>Soporta Hot Swap.<\/li>\n<li>Cuenta con dos poderosas tarjetas de red Gigabit.<\/li>\n<li>Cuenta con fuente de alimentaci\u00f3n redundante y ventilador redundante.<\/li>\n<\/ul>\n<p><strong>Caracter\u00edsticas f\u00edsicas y el\u00e9ctricas:<\/strong><\/p>\n<ul>\n<li>Dimensiones: 486 x 173 x 760 mm<\/li>\n<li>Peso: 41 Kg (sin HDD).<\/li>\n<li>Ocupa 4 unidades de rack (19&#8243;).<\/li>\n<li>Alimentaci\u00f3n: 550 W.<\/li>\n<li>Garant\u00eda: 2 a\u00f1os.<\/li>\n<\/ul>\n<p>&nbsp;<\/p>\n","protected":false},"excerpt":{"rendered":"<p><strong>DS-AJ7824S HIKVISION Unidad de Expansi\u00f3n SAS para CVR \/ 24 HDD \/ 192 TB en total \/ Compatible con DS-A81016S y DS-A80624S \/ Simple Controlador en guadalajara jalisco mexico.<\/strong><\/p>\n","protected":false},"featured_media":15866,"template":"","meta":{"site-sidebar-layout":"","site-content-layout":"","ast-site-content-layout":"","site-content-style":"default","site-sidebar-style":"default","ast-global-header-display":"","ast-banner-title-visibility":"","ast-main-header-display":"","ast-hfb-above-header-display":"","ast-hfb-below-header-display":"","ast-hfb-mobile-header-display":"","site-post-title":"","ast-breadcrumbs-content":"","ast-featured-img":"","footer-sml-layout":"","theme-transparent-header-meta":"","adv-header-id-meta":"","stick-header-meta":"","header-above-stick-meta":"","header-main-stick-meta":"","header-below-stick-meta":"","astra-migrate-meta-layouts":""},"product_cat":[284],"product_tag":[88],"yoast_head":"<!-- This site is optimized with the Yoast SEO plugin v19.5.1 - https:\/\/yoast.com\/wordpress\/plugins\/seo\/ -->\n<title>S-AJ7824S HIKVISION Unidad de Expansi\u00f3n SAS para CVR \/ 24 HDD \/ 192 TB en total \/<\/title>\n<meta name=\"description\" content=\"Security Data &amp; Video SA de CV. DS-AJ7824S HIKVISION Unidad de Expansi\u00f3n SAS para CVR \/ 24 HDD \/ 192 TB en total \/ Compatible con DS-A81016S y DS-A80624S \/ Simple Controlador en guadalajara jalisco mexico.\" \/>\n<meta name=\"robots\" content=\"index, follow, max-snippet:-1, max-image-preview:large, max-video-preview:-1\" \/>\n<link rel=\"canonical\" href=\"https:\/\/www.securitydataandvideo.com\/inicio\/shop\/ds-aj7824s-hikvision-unidad-de-expansion-sas-para-cvr-24-hdd-192-tb-en-total-compatible-con-ds-a81016s-y-ds-a80624s-simple-controlador-en-guadalajara-jalisco-mexico\/\" \/>\n<meta property=\"og:locale\" content=\"es_MX\" \/>\n<meta property=\"og:type\" content=\"article\" \/>\n<meta property=\"og:title\" content=\"S-AJ7824S HIKVISION Unidad de Expansi\u00f3n SAS para CVR \/ 24 HDD \/ 192 TB en total \/\" \/>\n<meta property=\"og:description\" content=\"Security Data &amp; Video SA de CV. DS-AJ7824S HIKVISION Unidad de Expansi\u00f3n SAS para CVR \/ 24 HDD \/ 192 TB en total \/ Compatible con DS-A81016S y DS-A80624S \/ Simple Controlador en guadalajara jalisco mexico.\" \/>\n<meta property=\"og:url\" content=\"https:\/\/www.securitydataandvideo.com\/inicio\/shop\/ds-aj7824s-hikvision-unidad-de-expansion-sas-para-cvr-24-hdd-192-tb-en-total-compatible-con-ds-a81016s-y-ds-a80624s-simple-controlador-en-guadalajara-jalisco-mexico\/\" \/>\n<meta property=\"og:site_name\" content=\"Security Data &amp; Video SA de CV.\" \/>\n<meta property=\"article:modified_time\" content=\"2022-07-21T17:31:45+00:00\" \/>\n<meta property=\"og:image\" content=\"https:\/\/www.securitydataandvideo.com\/inicio\/wp-content\/uploads\/2022\/07\/DS-AJ7824S.png\" \/>\n\t<meta property=\"og:image:width\" content=\"352\" \/>\n\t<meta property=\"og:image:height\" content=\"272\" \/>\n\t<meta property=\"og:image:type\" content=\"image\/png\" \/>\n<meta name=\"twitter:card\" content=\"summary\" \/>\n<meta name=\"twitter:label1\" content=\"Tiempo de lectura\" \/>\n\t<meta name=\"twitter:data1\" content=\"1 minuto\" \/>\n<script type=\"application\/ld+json\" class=\"yoast-schema-graph\">{\"@context\":\"https:\/\/schema.org\",\"@graph\":[{\"@type\":\"WebPage\",\"@id\":\"https:\/\/www.securitydataandvideo.com\/inicio\/shop\/ds-aj7824s-hikvision-unidad-de-expansion-sas-para-cvr-24-hdd-192-tb-en-total-compatible-con-ds-a81016s-y-ds-a80624s-simple-controlador-en-guadalajara-jalisco-mexico\/\",\"url\":\"https:\/\/www.securitydataandvideo.com\/inicio\/shop\/ds-aj7824s-hikvision-unidad-de-expansion-sas-para-cvr-24-hdd-192-tb-en-total-compatible-con-ds-a81016s-y-ds-a80624s-simple-controlador-en-guadalajara-jalisco-mexico\/\",\"name\":\"S-AJ7824S HIKVISION Unidad de Expansi\u00f3n SAS para CVR \/ 24 HDD \/ 192 TB en total \/\",\"isPartOf\":{\"@id\":\"https:\/\/www.securitydataandvideo.com\/inicio\/#website\"},\"datePublished\":\"2022-07-21T17:31:07+00:00\",\"dateModified\":\"2022-07-21T17:31:45+00:00\",\"description\":\"Security Data &amp; Video SA de CV. DS-AJ7824S HIKVISION Unidad de Expansi\u00f3n SAS para CVR \/ 24 HDD \/ 192 TB en total \/ Compatible con DS-A81016S y DS-A80624S \/ Simple Controlador en guadalajara jalisco mexico.\",\"breadcrumb\":{\"@id\":\"https:\/\/www.securitydataandvideo.com\/inicio\/shop\/ds-aj7824s-hikvision-unidad-de-expansion-sas-para-cvr-24-hdd-192-tb-en-total-compatible-con-ds-a81016s-y-ds-a80624s-simple-controlador-en-guadalajara-jalisco-mexico\/#breadcrumb\"},\"inLanguage\":\"es-MX\",\"potentialAction\":[{\"@type\":\"ReadAction\",\"target\":[\"https:\/\/www.securitydataandvideo.com\/inicio\/shop\/ds-aj7824s-hikvision-unidad-de-expansion-sas-para-cvr-24-hdd-192-tb-en-total-compatible-con-ds-a81016s-y-ds-a80624s-simple-controlador-en-guadalajara-jalisco-mexico\/\"]}]},{\"@type\":\"BreadcrumbList\",\"@id\":\"https:\/\/www.securitydataandvideo.com\/inicio\/shop\/ds-aj7824s-hikvision-unidad-de-expansion-sas-para-cvr-24-hdd-192-tb-en-total-compatible-con-ds-a81016s-y-ds-a80624s-simple-controlador-en-guadalajara-jalisco-mexico\/#breadcrumb\",\"itemListElement\":[{\"@type\":\"ListItem\",\"position\":1,\"name\":\"Inicio\",\"item\":\"https:\/\/www.securitydataandvideo.com\/inicio\/\"},{\"@type\":\"ListItem\",\"position\":2,\"name\":\"Shop\",\"item\":\"https:\/\/www.securitydataandvideo.com\/inicio\/shop\/\"},{\"@type\":\"ListItem\",\"position\":3,\"name\":\"DS-AJ7824S HIKVISION Unidad de Expansi\u00f3n SAS para CVR \/ 24 HDD \/ 192 TB en total \/ Compatible con DS-A81016S y DS-A80624S \/ Simple Controlador en guadalajara jalisco mexico.\"}]},{\"@type\":\"WebSite\",\"@id\":\"https:\/\/www.securitydataandvideo.com\/inicio\/#website\",\"url\":\"https:\/\/www.securitydataandvideo.com\/inicio\/\",\"name\":\"Security Data &amp; Video SA de CV.\",\"description\":\"Seguridad Electr\u00f3nica y Energ\u00eda\",\"publisher\":{\"@id\":\"https:\/\/www.securitydataandvideo.com\/inicio\/#organization\"},\"potentialAction\":[{\"@type\":\"SearchAction\",\"target\":{\"@type\":\"EntryPoint\",\"urlTemplate\":\"https:\/\/www.securitydataandvideo.com\/inicio\/?s={search_term_string}\"},\"query-input\":\"required name=search_term_string\"}],\"inLanguage\":\"es-MX\"},{\"@type\":\"Organization\",\"@id\":\"https:\/\/www.securitydataandvideo.com\/inicio\/#organization\",\"name\":\"Security Data & Video SA de CV\",\"url\":\"https:\/\/www.securitydataandvideo.com\/inicio\/\",\"sameAs\":[],\"logo\":{\"@type\":\"ImageObject\",\"inLanguage\":\"es-MX\",\"@id\":\"https:\/\/www.securitydataandvideo.com\/inicio\/#\/schema\/logo\/image\/\",\"url\":\"https:\/\/www.securitydataandvideo.com\/inicio\/wp-content\/uploads\/2021\/10\/Logo-Azul.png\",\"contentUrl\":\"https:\/\/www.securitydataandvideo.com\/inicio\/wp-content\/uploads\/2021\/10\/Logo-Azul.png\",\"width\":555,\"height\":375,\"caption\":\"Security Data & Video SA de CV\"},\"image\":{\"@id\":\"https:\/\/www.securitydataandvideo.com\/inicio\/#\/schema\/logo\/image\/\"}}]}<\/script>\n<!-- \/ Yoast SEO plugin. -->","yoast_head_json":{"title":"S-AJ7824S HIKVISION Unidad de Expansi\u00f3n SAS para CVR \/ 24 HDD \/ 192 TB en total \/","description":"Security Data &amp; Video SA de CV. DS-AJ7824S HIKVISION Unidad de Expansi\u00f3n SAS para CVR \/ 24 HDD \/ 192 TB en total \/ Compatible con DS-A81016S y DS-A80624S \/ Simple Controlador en guadalajara jalisco mexico.","robots":{"index":"index","follow":"follow","max-snippet":"max-snippet:-1","max-image-preview":"max-image-preview:large","max-video-preview":"max-video-preview:-1"},"canonical":"https:\/\/www.securitydataandvideo.com\/inicio\/shop\/ds-aj7824s-hikvision-unidad-de-expansion-sas-para-cvr-24-hdd-192-tb-en-total-compatible-con-ds-a81016s-y-ds-a80624s-simple-controlador-en-guadalajara-jalisco-mexico\/","og_locale":"es_MX","og_type":"article","og_title":"S-AJ7824S HIKVISION Unidad de Expansi\u00f3n SAS para CVR \/ 24 HDD \/ 192 TB en total \/","og_description":"Security Data &amp; Video SA de CV. DS-AJ7824S HIKVISION Unidad de Expansi\u00f3n SAS para CVR \/ 24 HDD \/ 192 TB en total \/ Compatible con DS-A81016S y DS-A80624S \/ Simple Controlador en guadalajara jalisco mexico.","og_url":"https:\/\/www.securitydataandvideo.com\/inicio\/shop\/ds-aj7824s-hikvision-unidad-de-expansion-sas-para-cvr-24-hdd-192-tb-en-total-compatible-con-ds-a81016s-y-ds-a80624s-simple-controlador-en-guadalajara-jalisco-mexico\/","og_site_name":"Security Data &amp; Video SA de CV.","article_modified_time":"2022-07-21T17:31:45+00:00","og_image":[{"width":352,"height":272,"url":"https:\/\/www.securitydataandvideo.com\/inicio\/wp-content\/uploads\/2022\/07\/DS-AJ7824S.png","type":"image\/png"}],"twitter_card":"summary","twitter_misc":{"Tiempo de lectura":"1 minuto"},"schema":{"@context":"https:\/\/schema.org","@graph":[{"@type":"WebPage","@id":"https:\/\/www.securitydataandvideo.com\/inicio\/shop\/ds-aj7824s-hikvision-unidad-de-expansion-sas-para-cvr-24-hdd-192-tb-en-total-compatible-con-ds-a81016s-y-ds-a80624s-simple-controlador-en-guadalajara-jalisco-mexico\/","url":"https:\/\/www.securitydataandvideo.com\/inicio\/shop\/ds-aj7824s-hikvision-unidad-de-expansion-sas-para-cvr-24-hdd-192-tb-en-total-compatible-con-ds-a81016s-y-ds-a80624s-simple-controlador-en-guadalajara-jalisco-mexico\/","name":"S-AJ7824S HIKVISION Unidad de Expansi\u00f3n SAS para CVR \/ 24 HDD \/ 192 TB en total \/","isPartOf":{"@id":"https:\/\/www.securitydataandvideo.com\/inicio\/#website"},"datePublished":"2022-07-21T17:31:07+00:00","dateModified":"2022-07-21T17:31:45+00:00","description":"Security Data &amp; Video SA de CV. DS-AJ7824S HIKVISION Unidad de Expansi\u00f3n SAS para CVR \/ 24 HDD \/ 192 TB en total \/ Compatible con DS-A81016S y DS-A80624S \/ Simple Controlador en guadalajara jalisco mexico.","breadcrumb":{"@id":"https:\/\/www.securitydataandvideo.com\/inicio\/shop\/ds-aj7824s-hikvision-unidad-de-expansion-sas-para-cvr-24-hdd-192-tb-en-total-compatible-con-ds-a81016s-y-ds-a80624s-simple-controlador-en-guadalajara-jalisco-mexico\/#breadcrumb"},"inLanguage":"es-MX","potentialAction":[{"@type":"ReadAction","target":["https:\/\/www.securitydataandvideo.com\/inicio\/shop\/ds-aj7824s-hikvision-unidad-de-expansion-sas-para-cvr-24-hdd-192-tb-en-total-compatible-con-ds-a81016s-y-ds-a80624s-simple-controlador-en-guadalajara-jalisco-mexico\/"]}]},{"@type":"BreadcrumbList","@id":"https:\/\/www.securitydataandvideo.com\/inicio\/shop\/ds-aj7824s-hikvision-unidad-de-expansion-sas-para-cvr-24-hdd-192-tb-en-total-compatible-con-ds-a81016s-y-ds-a80624s-simple-controlador-en-guadalajara-jalisco-mexico\/#breadcrumb","itemListElement":[{"@type":"ListItem","position":1,"name":"Inicio","item":"https:\/\/www.securitydataandvideo.com\/inicio\/"},{"@type":"ListItem","position":2,"name":"Shop","item":"https:\/\/www.securitydataandvideo.com\/inicio\/shop\/"},{"@type":"ListItem","position":3,"name":"DS-AJ7824S HIKVISION Unidad de Expansi\u00f3n SAS para CVR \/ 24 HDD \/ 192 TB en total \/ Compatible con DS-A81016S y DS-A80624S \/ Simple Controlador en guadalajara jalisco mexico."}]},{"@type":"WebSite","@id":"https:\/\/www.securitydataandvideo.com\/inicio\/#website","url":"https:\/\/www.securitydataandvideo.com\/inicio\/","name":"Security Data &amp; Video SA de CV.","description":"Seguridad Electr\u00f3nica y Energ\u00eda","publisher":{"@id":"https:\/\/www.securitydataandvideo.com\/inicio\/#organization"},"potentialAction":[{"@type":"SearchAction","target":{"@type":"EntryPoint","urlTemplate":"https:\/\/www.securitydataandvideo.com\/inicio\/?s={search_term_string}"},"query-input":"required name=search_term_string"}],"inLanguage":"es-MX"},{"@type":"Organization","@id":"https:\/\/www.securitydataandvideo.com\/inicio\/#organization","name":"Security Data & Video SA de CV","url":"https:\/\/www.securitydataandvideo.com\/inicio\/","sameAs":[],"logo":{"@type":"ImageObject","inLanguage":"es-MX","@id":"https:\/\/www.securitydataandvideo.com\/inicio\/#\/schema\/logo\/image\/","url":"https:\/\/www.securitydataandvideo.com\/inicio\/wp-content\/uploads\/2021\/10\/Logo-Azul.png","contentUrl":"https:\/\/www.securitydataandvideo.com\/inicio\/wp-content\/uploads\/2021\/10\/Logo-Azul.png","width":555,"height":375,"caption":"Security Data & Video SA de CV"},"image":{"@id":"https:\/\/www.securitydataandvideo.com\/inicio\/#\/schema\/logo\/image\/"}}]}},"_links":{"self":[{"href":"https:\/\/www.securitydataandvideo.com\/inicio\/wp-json\/wp\/v2\/product\/15817"}],"collection":[{"href":"https:\/\/www.securitydataandvideo.com\/inicio\/wp-json\/wp\/v2\/product"}],"about":[{"href":"https:\/\/www.securitydataandvideo.com\/inicio\/wp-json\/wp\/v2\/types\/product"}],"wp:featuredmedia":[{"embeddable":true,"href":"https:\/\/www.securitydataandvideo.com\/inicio\/wp-json\/wp\/v2\/media\/15866"}],"wp:attachment":[{"href":"https:\/\/www.securitydataandvideo.com\/inicio\/wp-json\/wp\/v2\/media?parent=15817"}],"wp:term":[{"taxonomy":"product_cat","embeddable":true,"href":"https:\/\/www.securitydataandvideo.com\/inicio\/wp-json\/wp\/v2\/product_cat?post=15817"},{"taxonomy":"product_tag","embeddable":true,"href":"https:\/\/www.securitydataandvideo.com\/inicio\/wp-json\/wp\/v2\/product_tag?post=15817"}],"curies":[{"name":"wp","href":"https:\/\/api.w.org\/{rel}","templated":true}]}}