{"id":15823,"date":"2022-07-21T11:31:07","date_gmt":"2022-07-21T17:31:07","guid":{"rendered":"https:\/\/www.securitydataandvideo.com\/inicio\/?post_type=product&#038;p=15823"},"modified":"2023-10-02T16:33:55","modified_gmt":"2023-10-02T22:33:55","slug":"semaforo-de-senalizacion-rojo-verde-y-amarillo-en-guadalajara-jalisco-mexico","status":"publish","type":"product","link":"https:\/\/www.securitydataandvideo.com\/inicio\/shop\/semaforo-de-senalizacion-rojo-verde-y-amarillo-en-guadalajara-jalisco-mexico\/","title":{"rendered":"Sem\u00e1foro de Se\u00f1alizaci\u00f3n Rojo, Verde y Amarillo en guadalajara jalisco mexico."},"content":{"rendered":"<p><strong>PRO-LIGHT-LEDT ACCESSPRO Sem\u00e1foro de Se\u00f1alizaci\u00f3n Rojo, Verde y Amarillo en guadalajara jalisco mexico.<\/strong><\/p>\n<div id=\"especificaciones\" class=\"tab-pane fade in active\">\n<p>Bajo consumo de energ\u00eda.<br \/>\nIluminaci\u00f3n de alta eficiencia<br \/>\nA\u0301ngulo de visi\u00f3n: 30\u00b0<br \/>\nMaterial del gabinete: pl\u00e1stico ABS.<br \/>\nTiempo de vida mayor a 80,000 horas.<br \/>\nHerme\u0301ticamente sellado y resistente al agua.<br \/>\nLente \u00f3ptico exclusivo con iluminaci\u00f3n uniforme.<br \/>\nCumple con CE, GB14887-2007, ITE, EN12368.<br \/>\nCuenta con 90 LEDs de alta potencia para iluminaci\u00f3n en rojo, 90 LEDs para iluminaci\u00f3n en verde, \u00a0y 90 LEDs para iluminaci\u00f3n en amarillo.<br \/>\nIntensidad de iluminaci\u00f3n 400-600 cd.<br \/>\n<strong>Activaci\u00f3n por contacto seco.<\/strong><br \/>\nAlimentaci\u00f3n: 110 Vca.<br \/>\nConsumo:10 W.<br \/>\n\u2022 Dimensiones: 750 x 250 x 305 mm.<br \/>\n\u2022 Peso: 5.94 kg.<\/p>\n<p><strong><img src=\"http:\/\/ftp3.syscom.mx\/usuarios\/fotos\/PROLIGHTLEDT\/PROLIGHTLEDT-A.jpg\" alt=\"\" \/><\/strong><\/p>\n<\/div>\n","protected":false},"excerpt":{"rendered":"<p><strong>PRO-LIGHT-LEDT ACCESSPRO Sem\u00e1foro de Se\u00f1alizaci\u00f3n Rojo, Verde y Amarillo en guadalajara jalisco mexico.<\/strong><\/p>\n","protected":false},"featured_media":15872,"template":"","meta":{"site-sidebar-layout":"","site-content-layout":"","ast-site-content-layout":"","site-content-style":"default","site-sidebar-style":"default","ast-global-header-display":"","ast-banner-title-visibility":"","ast-main-header-display":"","ast-hfb-above-header-display":"","ast-hfb-below-header-display":"","ast-hfb-mobile-header-display":"","site-post-title":"","ast-breadcrumbs-content":"","ast-featured-img":"","footer-sml-layout":"","theme-transparent-header-meta":"","adv-header-id-meta":"","stick-header-meta":"","header-above-stick-meta":"","header-main-stick-meta":"","header-below-stick-meta":"","astra-migrate-meta-layouts":""},"product_cat":[251],"product_tag":[126],"yoast_head":"<!-- This site is optimized with the Yoast SEO plugin v19.5.1 - https:\/\/yoast.com\/wordpress\/plugins\/seo\/ -->\n<title>Sem\u00e1foro de Se\u00f1alizaci\u00f3n Rojo, Verde y Amarillo - PRO-LIGHT-LEDT<\/title>\n<meta name=\"description\" content=\"Security Data &amp; Video SA de CV. PRO-LIGHT-LEDT ACCESSPRO Sem\u00e1foro de Se\u00f1alizaci\u00f3n Rojo, Verde y Amarillo en guadalajara jalisco mexico.\" \/>\n<meta name=\"robots\" content=\"index, follow, max-snippet:-1, max-image-preview:large, max-video-preview:-1\" \/>\n<link rel=\"canonical\" href=\"https:\/\/www.securitydataandvideo.com\/inicio\/shop\/semaforo-de-senalizacion-rojo-verde-y-amarillo-en-guadalajara-jalisco-mexico\/\" \/>\n<meta property=\"og:locale\" content=\"es_MX\" \/>\n<meta property=\"og:type\" content=\"article\" \/>\n<meta property=\"og:title\" content=\"Sem\u00e1foro de Se\u00f1alizaci\u00f3n Rojo, Verde y Amarillo - PRO-LIGHT-LEDT\" \/>\n<meta property=\"og:description\" content=\"Security Data &amp; Video SA de CV. PRO-LIGHT-LEDT ACCESSPRO Sem\u00e1foro de Se\u00f1alizaci\u00f3n Rojo, Verde y Amarillo en guadalajara jalisco mexico.\" \/>\n<meta property=\"og:url\" content=\"https:\/\/www.securitydataandvideo.com\/inicio\/shop\/semaforo-de-senalizacion-rojo-verde-y-amarillo-en-guadalajara-jalisco-mexico\/\" \/>\n<meta property=\"og:site_name\" content=\"Security Data &amp; Video SA de CV.\" \/>\n<meta property=\"article:modified_time\" content=\"2023-10-02T22:33:55+00:00\" \/>\n<meta property=\"og:image\" content=\"https:\/\/www.securitydataandvideo.com\/inicio\/wp-content\/uploads\/2022\/07\/PRO-LIGHT-LEDT.png\" \/>\n\t<meta property=\"og:image:width\" content=\"283\" \/>\n\t<meta property=\"og:image:height\" content=\"285\" \/>\n\t<meta property=\"og:image:type\" content=\"image\/png\" \/>\n<meta name=\"twitter:card\" content=\"summary\" \/>\n<meta name=\"twitter:label1\" content=\"Tiempo de lectura\" \/>\n\t<meta name=\"twitter:data1\" content=\"1 minuto\" \/>\n<script type=\"application\/ld+json\" class=\"yoast-schema-graph\">{\"@context\":\"https:\/\/schema.org\",\"@graph\":[{\"@type\":\"WebPage\",\"@id\":\"https:\/\/www.securitydataandvideo.com\/inicio\/shop\/semaforo-de-senalizacion-rojo-verde-y-amarillo-en-guadalajara-jalisco-mexico\/\",\"url\":\"https:\/\/www.securitydataandvideo.com\/inicio\/shop\/semaforo-de-senalizacion-rojo-verde-y-amarillo-en-guadalajara-jalisco-mexico\/\",\"name\":\"Sem\u00e1foro de Se\u00f1alizaci\u00f3n Rojo, Verde y Amarillo - PRO-LIGHT-LEDT\",\"isPartOf\":{\"@id\":\"https:\/\/www.securitydataandvideo.com\/inicio\/#website\"},\"datePublished\":\"2022-07-21T17:31:07+00:00\",\"dateModified\":\"2023-10-02T22:33:55+00:00\",\"description\":\"Security Data &amp; Video SA de CV. PRO-LIGHT-LEDT ACCESSPRO Sem\u00e1foro de Se\u00f1alizaci\u00f3n Rojo, Verde y Amarillo en guadalajara jalisco mexico.\",\"breadcrumb\":{\"@id\":\"https:\/\/www.securitydataandvideo.com\/inicio\/shop\/semaforo-de-senalizacion-rojo-verde-y-amarillo-en-guadalajara-jalisco-mexico\/#breadcrumb\"},\"inLanguage\":\"es-MX\",\"potentialAction\":[{\"@type\":\"ReadAction\",\"target\":[\"https:\/\/www.securitydataandvideo.com\/inicio\/shop\/semaforo-de-senalizacion-rojo-verde-y-amarillo-en-guadalajara-jalisco-mexico\/\"]}]},{\"@type\":\"BreadcrumbList\",\"@id\":\"https:\/\/www.securitydataandvideo.com\/inicio\/shop\/semaforo-de-senalizacion-rojo-verde-y-amarillo-en-guadalajara-jalisco-mexico\/#breadcrumb\",\"itemListElement\":[{\"@type\":\"ListItem\",\"position\":1,\"name\":\"Inicio\",\"item\":\"https:\/\/www.securitydataandvideo.com\/inicio\/\"},{\"@type\":\"ListItem\",\"position\":2,\"name\":\"Shop\",\"item\":\"https:\/\/www.securitydataandvideo.com\/inicio\/shop\/\"},{\"@type\":\"ListItem\",\"position\":3,\"name\":\"Sem\u00e1foro de Se\u00f1alizaci\u00f3n Rojo, Verde y Amarillo en guadalajara jalisco mexico.\"}]},{\"@type\":\"WebSite\",\"@id\":\"https:\/\/www.securitydataandvideo.com\/inicio\/#website\",\"url\":\"https:\/\/www.securitydataandvideo.com\/inicio\/\",\"name\":\"Security Data &amp; Video SA de CV.\",\"description\":\"Seguridad Electr\u00f3nica y Energ\u00eda\",\"publisher\":{\"@id\":\"https:\/\/www.securitydataandvideo.com\/inicio\/#organization\"},\"potentialAction\":[{\"@type\":\"SearchAction\",\"target\":{\"@type\":\"EntryPoint\",\"urlTemplate\":\"https:\/\/www.securitydataandvideo.com\/inicio\/?s={search_term_string}\"},\"query-input\":\"required name=search_term_string\"}],\"inLanguage\":\"es-MX\"},{\"@type\":\"Organization\",\"@id\":\"https:\/\/www.securitydataandvideo.com\/inicio\/#organization\",\"name\":\"Security Data & Video SA de CV\",\"url\":\"https:\/\/www.securitydataandvideo.com\/inicio\/\",\"sameAs\":[],\"logo\":{\"@type\":\"ImageObject\",\"inLanguage\":\"es-MX\",\"@id\":\"https:\/\/www.securitydataandvideo.com\/inicio\/#\/schema\/logo\/image\/\",\"url\":\"https:\/\/www.securitydataandvideo.com\/inicio\/wp-content\/uploads\/2021\/10\/Logo-Azul.png\",\"contentUrl\":\"https:\/\/www.securitydataandvideo.com\/inicio\/wp-content\/uploads\/2021\/10\/Logo-Azul.png\",\"width\":555,\"height\":375,\"caption\":\"Security Data & Video SA de CV\"},\"image\":{\"@id\":\"https:\/\/www.securitydataandvideo.com\/inicio\/#\/schema\/logo\/image\/\"}}]}<\/script>\n<!-- \/ Yoast SEO plugin. -->","yoast_head_json":{"title":"Sem\u00e1foro de Se\u00f1alizaci\u00f3n Rojo, Verde y Amarillo - PRO-LIGHT-LEDT","description":"Security Data &amp; Video SA de CV. PRO-LIGHT-LEDT ACCESSPRO Sem\u00e1foro de Se\u00f1alizaci\u00f3n Rojo, Verde y Amarillo en guadalajara jalisco mexico.","robots":{"index":"index","follow":"follow","max-snippet":"max-snippet:-1","max-image-preview":"max-image-preview:large","max-video-preview":"max-video-preview:-1"},"canonical":"https:\/\/www.securitydataandvideo.com\/inicio\/shop\/semaforo-de-senalizacion-rojo-verde-y-amarillo-en-guadalajara-jalisco-mexico\/","og_locale":"es_MX","og_type":"article","og_title":"Sem\u00e1foro de Se\u00f1alizaci\u00f3n Rojo, Verde y Amarillo - PRO-LIGHT-LEDT","og_description":"Security Data &amp; Video SA de CV. PRO-LIGHT-LEDT ACCESSPRO Sem\u00e1foro de Se\u00f1alizaci\u00f3n Rojo, Verde y Amarillo en guadalajara jalisco mexico.","og_url":"https:\/\/www.securitydataandvideo.com\/inicio\/shop\/semaforo-de-senalizacion-rojo-verde-y-amarillo-en-guadalajara-jalisco-mexico\/","og_site_name":"Security Data &amp; Video SA de CV.","article_modified_time":"2023-10-02T22:33:55+00:00","og_image":[{"width":283,"height":285,"url":"https:\/\/www.securitydataandvideo.com\/inicio\/wp-content\/uploads\/2022\/07\/PRO-LIGHT-LEDT.png","type":"image\/png"}],"twitter_card":"summary","twitter_misc":{"Tiempo de lectura":"1 minuto"},"schema":{"@context":"https:\/\/schema.org","@graph":[{"@type":"WebPage","@id":"https:\/\/www.securitydataandvideo.com\/inicio\/shop\/semaforo-de-senalizacion-rojo-verde-y-amarillo-en-guadalajara-jalisco-mexico\/","url":"https:\/\/www.securitydataandvideo.com\/inicio\/shop\/semaforo-de-senalizacion-rojo-verde-y-amarillo-en-guadalajara-jalisco-mexico\/","name":"Sem\u00e1foro de Se\u00f1alizaci\u00f3n Rojo, Verde y Amarillo - PRO-LIGHT-LEDT","isPartOf":{"@id":"https:\/\/www.securitydataandvideo.com\/inicio\/#website"},"datePublished":"2022-07-21T17:31:07+00:00","dateModified":"2023-10-02T22:33:55+00:00","description":"Security Data &amp; Video SA de CV. PRO-LIGHT-LEDT ACCESSPRO Sem\u00e1foro de Se\u00f1alizaci\u00f3n Rojo, Verde y Amarillo en guadalajara jalisco mexico.","breadcrumb":{"@id":"https:\/\/www.securitydataandvideo.com\/inicio\/shop\/semaforo-de-senalizacion-rojo-verde-y-amarillo-en-guadalajara-jalisco-mexico\/#breadcrumb"},"inLanguage":"es-MX","potentialAction":[{"@type":"ReadAction","target":["https:\/\/www.securitydataandvideo.com\/inicio\/shop\/semaforo-de-senalizacion-rojo-verde-y-amarillo-en-guadalajara-jalisco-mexico\/"]}]},{"@type":"BreadcrumbList","@id":"https:\/\/www.securitydataandvideo.com\/inicio\/shop\/semaforo-de-senalizacion-rojo-verde-y-amarillo-en-guadalajara-jalisco-mexico\/#breadcrumb","itemListElement":[{"@type":"ListItem","position":1,"name":"Inicio","item":"https:\/\/www.securitydataandvideo.com\/inicio\/"},{"@type":"ListItem","position":2,"name":"Shop","item":"https:\/\/www.securitydataandvideo.com\/inicio\/shop\/"},{"@type":"ListItem","position":3,"name":"Sem\u00e1foro de Se\u00f1alizaci\u00f3n Rojo, Verde y Amarillo en guadalajara jalisco mexico."}]},{"@type":"WebSite","@id":"https:\/\/www.securitydataandvideo.com\/inicio\/#website","url":"https:\/\/www.securitydataandvideo.com\/inicio\/","name":"Security Data &amp; Video SA de CV.","description":"Seguridad Electr\u00f3nica y Energ\u00eda","publisher":{"@id":"https:\/\/www.securitydataandvideo.com\/inicio\/#organization"},"potentialAction":[{"@type":"SearchAction","target":{"@type":"EntryPoint","urlTemplate":"https:\/\/www.securitydataandvideo.com\/inicio\/?s={search_term_string}"},"query-input":"required name=search_term_string"}],"inLanguage":"es-MX"},{"@type":"Organization","@id":"https:\/\/www.securitydataandvideo.com\/inicio\/#organization","name":"Security Data & Video SA de CV","url":"https:\/\/www.securitydataandvideo.com\/inicio\/","sameAs":[],"logo":{"@type":"ImageObject","inLanguage":"es-MX","@id":"https:\/\/www.securitydataandvideo.com\/inicio\/#\/schema\/logo\/image\/","url":"https:\/\/www.securitydataandvideo.com\/inicio\/wp-content\/uploads\/2021\/10\/Logo-Azul.png","contentUrl":"https:\/\/www.securitydataandvideo.com\/inicio\/wp-content\/uploads\/2021\/10\/Logo-Azul.png","width":555,"height":375,"caption":"Security Data & Video SA de CV"},"image":{"@id":"https:\/\/www.securitydataandvideo.com\/inicio\/#\/schema\/logo\/image\/"}}]}},"_links":{"self":[{"href":"https:\/\/www.securitydataandvideo.com\/inicio\/wp-json\/wp\/v2\/product\/15823"}],"collection":[{"href":"https:\/\/www.securitydataandvideo.com\/inicio\/wp-json\/wp\/v2\/product"}],"about":[{"href":"https:\/\/www.securitydataandvideo.com\/inicio\/wp-json\/wp\/v2\/types\/product"}],"wp:featuredmedia":[{"embeddable":true,"href":"https:\/\/www.securitydataandvideo.com\/inicio\/wp-json\/wp\/v2\/media\/15872"}],"wp:attachment":[{"href":"https:\/\/www.securitydataandvideo.com\/inicio\/wp-json\/wp\/v2\/media?parent=15823"}],"wp:term":[{"taxonomy":"product_cat","embeddable":true,"href":"https:\/\/www.securitydataandvideo.com\/inicio\/wp-json\/wp\/v2\/product_cat?post=15823"},{"taxonomy":"product_tag","embeddable":true,"href":"https:\/\/www.securitydataandvideo.com\/inicio\/wp-json\/wp\/v2\/product_tag?post=15823"}],"curies":[{"name":"wp","href":"https:\/\/api.w.org\/{rel}","templated":true}]}}