{"id":15895,"date":"2022-07-21T11:32:17","date_gmt":"2022-07-21T17:32:17","guid":{"rendered":"https:\/\/www.securitydataandvideo.com\/inicio\/?post_type=product&#038;p=15895"},"modified":"2023-10-02T18:12:54","modified_gmt":"2023-10-03T00:12:54","slug":"gabinete-para-sistema-de-visitantes-vehiculares-se-le-pueden-instalar-camaras-y-accesorios-para-tomar-fotografias","status":"publish","type":"product","link":"https:\/\/www.securitydataandvideo.com\/inicio\/shop\/gabinete-para-sistema-de-visitantes-vehiculares-se-le-pueden-instalar-camaras-y-accesorios-para-tomar-fotografias\/","title":{"rendered":"Gabinete para sistema de visitantes vehiculares, se le pueden instalar c\u00e1maras y accesorios para tomar fotograf\u00edas"},"content":{"rendered":"<p>Gabinete para sistema de visitantes vehiculares, se le pueden instalar c\u00e1maras y accesorios para tomar fotograf\u00edas.<\/p>\n<div><strong>Gabinete totem para sistema de visitante forma cuadrangular<\/strong><\/div>\n<div><strong>1.<\/strong>\u00a0Estructura de metal en forma cuadrangular<\/div>\n<div><b>2<\/b>. Detalles al frente en acr\u00edlico de 3 mm.<\/div>\n<div><strong>3.<\/strong>\u00a0Medidas: 1.40 mts alto x .30 mts ancho y .30mts largo aprox.<\/div>\n<div><em><u>*no incluye taquetes, tornillos, c\u00e1maras, ni interfon.<\/u><\/em><\/div>\n","protected":false},"excerpt":{"rendered":"<p>Gabinete para control de acceso vehicular sistema de Visitantes, se puede instalar c\u00e1maras para tomar fotograf\u00eda de INE, ROSTRO Y PLACA DE visitantes.<\/p>\n","protected":false},"featured_media":15939,"template":"","meta":{"site-sidebar-layout":"default","site-content-layout":"default","ast-site-content-layout":"","site-content-style":"default","site-sidebar-style":"default","ast-global-header-display":"","ast-banner-title-visibility":"","ast-main-header-display":"","ast-hfb-above-header-display":"","ast-hfb-below-header-display":"","ast-hfb-mobile-header-display":"","site-post-title":"","ast-breadcrumbs-content":"","ast-featured-img":"","footer-sml-layout":"","theme-transparent-header-meta":"default","adv-header-id-meta":"","stick-header-meta":"","header-above-stick-meta":"","header-main-stick-meta":"","header-below-stick-meta":"","astra-migrate-meta-layouts":""},"product_cat":[251],"product_tag":[260,261,250],"yoast_head":"<!-- This site is optimized with the Yoast SEO plugin v19.5.1 - https:\/\/yoast.com\/wordpress\/plugins\/seo\/ -->\n<title>Gabinete para sistema de visitantes vehiculares<\/title>\n<meta name=\"description\" content=\"Gabinete para sistema de visitantes vehiculares, se le pueden instalar c\u00e1maras y accesorios para tomar fotograf\u00edas, Venta e Instalacion.\" \/>\n<meta name=\"robots\" content=\"index, follow, max-snippet:-1, max-image-preview:large, max-video-preview:-1\" \/>\n<link rel=\"canonical\" href=\"https:\/\/www.securitydataandvideo.com\/inicio\/shop\/gabinete-para-sistema-de-visitantes-vehiculares-se-le-pueden-instalar-camaras-y-accesorios-para-tomar-fotografias\/\" \/>\n<meta property=\"og:locale\" content=\"es_MX\" \/>\n<meta property=\"og:type\" content=\"article\" \/>\n<meta property=\"og:title\" content=\"Gabinete para sistema de visitantes vehiculares\" \/>\n<meta property=\"og:description\" content=\"Gabinete para sistema de visitantes vehiculares, se le pueden instalar c\u00e1maras y accesorios para tomar fotograf\u00edas, Venta e Instalacion.\" \/>\n<meta property=\"og:url\" content=\"https:\/\/www.securitydataandvideo.com\/inicio\/shop\/gabinete-para-sistema-de-visitantes-vehiculares-se-le-pueden-instalar-camaras-y-accesorios-para-tomar-fotografias\/\" \/>\n<meta property=\"og:site_name\" content=\"Security Data &amp; Video SA de CV.\" \/>\n<meta property=\"article:modified_time\" content=\"2023-10-03T00:12:54+00:00\" \/>\n<meta property=\"og:image\" content=\"https:\/\/www.securitydataandvideo.com\/inicio\/wp-content\/uploads\/2022\/07\/gabisitantes.jpg\" \/>\n\t<meta property=\"og:image:width\" content=\"1280\" \/>\n\t<meta property=\"og:image:height\" content=\"1280\" \/>\n\t<meta property=\"og:image:type\" content=\"image\/jpeg\" \/>\n<meta name=\"twitter:card\" content=\"summary\" \/>\n<meta name=\"twitter:label1\" content=\"Tiempo de lectura\" \/>\n\t<meta name=\"twitter:data1\" content=\"1 minuto\" \/>\n<script type=\"application\/ld+json\" class=\"yoast-schema-graph\">{\"@context\":\"https:\/\/schema.org\",\"@graph\":[{\"@type\":\"WebPage\",\"@id\":\"https:\/\/www.securitydataandvideo.com\/inicio\/shop\/gabinete-para-sistema-de-visitantes-vehiculares-se-le-pueden-instalar-camaras-y-accesorios-para-tomar-fotografias\/\",\"url\":\"https:\/\/www.securitydataandvideo.com\/inicio\/shop\/gabinete-para-sistema-de-visitantes-vehiculares-se-le-pueden-instalar-camaras-y-accesorios-para-tomar-fotografias\/\",\"name\":\"Gabinete para sistema de visitantes vehiculares\",\"isPartOf\":{\"@id\":\"https:\/\/www.securitydataandvideo.com\/inicio\/#website\"},\"datePublished\":\"2022-07-21T17:32:17+00:00\",\"dateModified\":\"2023-10-03T00:12:54+00:00\",\"description\":\"Gabinete para sistema de visitantes vehiculares, se le pueden instalar c\u00e1maras y accesorios para tomar fotograf\u00edas, Venta e Instalacion.\",\"breadcrumb\":{\"@id\":\"https:\/\/www.securitydataandvideo.com\/inicio\/shop\/gabinete-para-sistema-de-visitantes-vehiculares-se-le-pueden-instalar-camaras-y-accesorios-para-tomar-fotografias\/#breadcrumb\"},\"inLanguage\":\"es-MX\",\"potentialAction\":[{\"@type\":\"ReadAction\",\"target\":[\"https:\/\/www.securitydataandvideo.com\/inicio\/shop\/gabinete-para-sistema-de-visitantes-vehiculares-se-le-pueden-instalar-camaras-y-accesorios-para-tomar-fotografias\/\"]}]},{\"@type\":\"BreadcrumbList\",\"@id\":\"https:\/\/www.securitydataandvideo.com\/inicio\/shop\/gabinete-para-sistema-de-visitantes-vehiculares-se-le-pueden-instalar-camaras-y-accesorios-para-tomar-fotografias\/#breadcrumb\",\"itemListElement\":[{\"@type\":\"ListItem\",\"position\":1,\"name\":\"Inicio\",\"item\":\"https:\/\/www.securitydataandvideo.com\/inicio\/\"},{\"@type\":\"ListItem\",\"position\":2,\"name\":\"Shop\",\"item\":\"https:\/\/www.securitydataandvideo.com\/inicio\/shop\/\"},{\"@type\":\"ListItem\",\"position\":3,\"name\":\"Gabinete para sistema de visitantes vehiculares, se le pueden instalar c\u00e1maras y accesorios para tomar fotograf\u00edas\"}]},{\"@type\":\"WebSite\",\"@id\":\"https:\/\/www.securitydataandvideo.com\/inicio\/#website\",\"url\":\"https:\/\/www.securitydataandvideo.com\/inicio\/\",\"name\":\"Security Data &amp; Video SA de CV.\",\"description\":\"Seguridad Electr\u00f3nica y Energ\u00eda\",\"publisher\":{\"@id\":\"https:\/\/www.securitydataandvideo.com\/inicio\/#organization\"},\"potentialAction\":[{\"@type\":\"SearchAction\",\"target\":{\"@type\":\"EntryPoint\",\"urlTemplate\":\"https:\/\/www.securitydataandvideo.com\/inicio\/?s={search_term_string}\"},\"query-input\":\"required name=search_term_string\"}],\"inLanguage\":\"es-MX\"},{\"@type\":\"Organization\",\"@id\":\"https:\/\/www.securitydataandvideo.com\/inicio\/#organization\",\"name\":\"Security Data & Video SA de CV\",\"url\":\"https:\/\/www.securitydataandvideo.com\/inicio\/\",\"sameAs\":[],\"logo\":{\"@type\":\"ImageObject\",\"inLanguage\":\"es-MX\",\"@id\":\"https:\/\/www.securitydataandvideo.com\/inicio\/#\/schema\/logo\/image\/\",\"url\":\"https:\/\/www.securitydataandvideo.com\/inicio\/wp-content\/uploads\/2021\/10\/Logo-Azul.png\",\"contentUrl\":\"https:\/\/www.securitydataandvideo.com\/inicio\/wp-content\/uploads\/2021\/10\/Logo-Azul.png\",\"width\":555,\"height\":375,\"caption\":\"Security Data & Video SA de CV\"},\"image\":{\"@id\":\"https:\/\/www.securitydataandvideo.com\/inicio\/#\/schema\/logo\/image\/\"}}]}<\/script>\n<!-- \/ Yoast SEO plugin. -->","yoast_head_json":{"title":"Gabinete para sistema de visitantes vehiculares","description":"Gabinete para sistema de visitantes vehiculares, se le pueden instalar c\u00e1maras y accesorios para tomar fotograf\u00edas, Venta e Instalacion.","robots":{"index":"index","follow":"follow","max-snippet":"max-snippet:-1","max-image-preview":"max-image-preview:large","max-video-preview":"max-video-preview:-1"},"canonical":"https:\/\/www.securitydataandvideo.com\/inicio\/shop\/gabinete-para-sistema-de-visitantes-vehiculares-se-le-pueden-instalar-camaras-y-accesorios-para-tomar-fotografias\/","og_locale":"es_MX","og_type":"article","og_title":"Gabinete para sistema de visitantes vehiculares","og_description":"Gabinete para sistema de visitantes vehiculares, se le pueden instalar c\u00e1maras y accesorios para tomar fotograf\u00edas, Venta e Instalacion.","og_url":"https:\/\/www.securitydataandvideo.com\/inicio\/shop\/gabinete-para-sistema-de-visitantes-vehiculares-se-le-pueden-instalar-camaras-y-accesorios-para-tomar-fotografias\/","og_site_name":"Security Data &amp; Video SA de CV.","article_modified_time":"2023-10-03T00:12:54+00:00","og_image":[{"width":1280,"height":1280,"url":"https:\/\/www.securitydataandvideo.com\/inicio\/wp-content\/uploads\/2022\/07\/gabisitantes.jpg","type":"image\/jpeg"}],"twitter_card":"summary","twitter_misc":{"Tiempo de lectura":"1 minuto"},"schema":{"@context":"https:\/\/schema.org","@graph":[{"@type":"WebPage","@id":"https:\/\/www.securitydataandvideo.com\/inicio\/shop\/gabinete-para-sistema-de-visitantes-vehiculares-se-le-pueden-instalar-camaras-y-accesorios-para-tomar-fotografias\/","url":"https:\/\/www.securitydataandvideo.com\/inicio\/shop\/gabinete-para-sistema-de-visitantes-vehiculares-se-le-pueden-instalar-camaras-y-accesorios-para-tomar-fotografias\/","name":"Gabinete para sistema de visitantes vehiculares","isPartOf":{"@id":"https:\/\/www.securitydataandvideo.com\/inicio\/#website"},"datePublished":"2022-07-21T17:32:17+00:00","dateModified":"2023-10-03T00:12:54+00:00","description":"Gabinete para sistema de visitantes vehiculares, se le pueden instalar c\u00e1maras y accesorios para tomar fotograf\u00edas, Venta e Instalacion.","breadcrumb":{"@id":"https:\/\/www.securitydataandvideo.com\/inicio\/shop\/gabinete-para-sistema-de-visitantes-vehiculares-se-le-pueden-instalar-camaras-y-accesorios-para-tomar-fotografias\/#breadcrumb"},"inLanguage":"es-MX","potentialAction":[{"@type":"ReadAction","target":["https:\/\/www.securitydataandvideo.com\/inicio\/shop\/gabinete-para-sistema-de-visitantes-vehiculares-se-le-pueden-instalar-camaras-y-accesorios-para-tomar-fotografias\/"]}]},{"@type":"BreadcrumbList","@id":"https:\/\/www.securitydataandvideo.com\/inicio\/shop\/gabinete-para-sistema-de-visitantes-vehiculares-se-le-pueden-instalar-camaras-y-accesorios-para-tomar-fotografias\/#breadcrumb","itemListElement":[{"@type":"ListItem","position":1,"name":"Inicio","item":"https:\/\/www.securitydataandvideo.com\/inicio\/"},{"@type":"ListItem","position":2,"name":"Shop","item":"https:\/\/www.securitydataandvideo.com\/inicio\/shop\/"},{"@type":"ListItem","position":3,"name":"Gabinete para sistema de visitantes vehiculares, se le pueden instalar c\u00e1maras y accesorios para tomar fotograf\u00edas"}]},{"@type":"WebSite","@id":"https:\/\/www.securitydataandvideo.com\/inicio\/#website","url":"https:\/\/www.securitydataandvideo.com\/inicio\/","name":"Security Data &amp; Video SA de CV.","description":"Seguridad Electr\u00f3nica y Energ\u00eda","publisher":{"@id":"https:\/\/www.securitydataandvideo.com\/inicio\/#organization"},"potentialAction":[{"@type":"SearchAction","target":{"@type":"EntryPoint","urlTemplate":"https:\/\/www.securitydataandvideo.com\/inicio\/?s={search_term_string}"},"query-input":"required name=search_term_string"}],"inLanguage":"es-MX"},{"@type":"Organization","@id":"https:\/\/www.securitydataandvideo.com\/inicio\/#organization","name":"Security Data & Video SA de CV","url":"https:\/\/www.securitydataandvideo.com\/inicio\/","sameAs":[],"logo":{"@type":"ImageObject","inLanguage":"es-MX","@id":"https:\/\/www.securitydataandvideo.com\/inicio\/#\/schema\/logo\/image\/","url":"https:\/\/www.securitydataandvideo.com\/inicio\/wp-content\/uploads\/2021\/10\/Logo-Azul.png","contentUrl":"https:\/\/www.securitydataandvideo.com\/inicio\/wp-content\/uploads\/2021\/10\/Logo-Azul.png","width":555,"height":375,"caption":"Security Data & Video SA de CV"},"image":{"@id":"https:\/\/www.securitydataandvideo.com\/inicio\/#\/schema\/logo\/image\/"}}]}},"_links":{"self":[{"href":"https:\/\/www.securitydataandvideo.com\/inicio\/wp-json\/wp\/v2\/product\/15895"}],"collection":[{"href":"https:\/\/www.securitydataandvideo.com\/inicio\/wp-json\/wp\/v2\/product"}],"about":[{"href":"https:\/\/www.securitydataandvideo.com\/inicio\/wp-json\/wp\/v2\/types\/product"}],"wp:featuredmedia":[{"embeddable":true,"href":"https:\/\/www.securitydataandvideo.com\/inicio\/wp-json\/wp\/v2\/media\/15939"}],"wp:attachment":[{"href":"https:\/\/www.securitydataandvideo.com\/inicio\/wp-json\/wp\/v2\/media?parent=15895"}],"wp:term":[{"taxonomy":"product_cat","embeddable":true,"href":"https:\/\/www.securitydataandvideo.com\/inicio\/wp-json\/wp\/v2\/product_cat?post=15895"},{"taxonomy":"product_tag","embeddable":true,"href":"https:\/\/www.securitydataandvideo.com\/inicio\/wp-json\/wp\/v2\/product_tag?post=15895"}],"curies":[{"name":"wp","href":"https:\/\/api.w.org\/{rel}","templated":true}]}}