{"id":15928,"date":"2022-07-21T11:32:52","date_gmt":"2022-07-21T17:32:52","guid":{"rendered":"https:\/\/www.securitydataandvideo.com\/inicio\/?post_type=product&#038;p=15928"},"modified":"2023-10-02T18:12:20","modified_gmt":"2023-10-03T00:12:20","slug":"barrera-vehicular-derecha-zkteco-de-6-metros-con-servo-motor-3-segundos-110v-bajo-mantenimiento-24-vdc","status":"publish","type":"product","link":"https:\/\/www.securitydataandvideo.com\/inicio\/shop\/barrera-vehicular-derecha-zkteco-de-6-metros-con-servo-motor-3-segundos-110v-bajo-mantenimiento-24-vdc\/","title":{"rendered":"Barrera Vehicular Derecha ZKTECO de 6 metros con Servo Motor \/ 3 Segundos \/ 110V \/ Bajo Mantenimiento \/ 24 VDC"},"content":{"rendered":"<p>Barrera Vehicular Derecha ZKTECO de 6 metros con Servo Motor \/ 3 Segundos \/ 110V \/ Bajo Mantenimiento \/ 24 VDC<\/p>\n<h5 class=\"card-title text-center\">Informaci\u00f3n General<\/h5>\n<h2 class=\"ql-align-justify\"><strong>Barrera Vehicular de Alto Rendimiento y Velocidad.<\/strong><\/h2>\n<p class=\"ql-align-justify\"><strong>ProBG2060L<\/strong><\/p>\n<p class=\"ql-align-justify\">Con un brazo de 6 m, velocidad de apertura de 3 s, es adecuado para el sitio con poco tr\u00e1fico y v\u00edas anchas, como parques industriales, departamentos, departamentos gubernamentales, instituciones p\u00fablicas, etc. Alto rendimiento, velocidad, fiabilidad, larga vida. Combina el dise\u00f1o y la seguridad. La serie ProBG2000 es una barrera de alta calidad, alta estabilidad y alta velocidad. Adopta una amplia gama de control de velocidad, alta eficiencia, sin mantenimiento, alta vida mec\u00e1nica, servomotor de alta seguridad para impulsar reductores planetarios de alta precisi\u00f3n, y utiliza una estructura de transmisi\u00f3n mec\u00e1nica eficiente y simple.<\/p>\n<p class=\"ql-align-justify\">La pluma puede equiparse con luz led (control fotosensible), que no solo aumenta la seguridad de la conducci\u00f3n nocturna, sino tambi\u00e9n la protecci\u00f3n del medio ambiente y el ahorro de energ\u00eda.<\/p>\n<h4>Barrera Vehicular Derecha ZKTECO<\/h4>\n<p class=\"ql-align-justify\">La operaci\u00f3n promedio libre de fallas es de 5 millones de veces, y la vida \u00fatil es m\u00e1s de 10 veces que la barrera tradicional.<\/p>\n<p class=\"ql-align-justify\">La velocidad de apertura \/ cierre del brazo es r\u00e1pida, mejora la velocidad de paso del veh\u00edculo y minimiza el intervalo de tr\u00e1fico del veh\u00edculo.<\/p>\n<p class=\"ql-align-justify\">Sin dise\u00f1o de embrague, se puede abrir la puerta autom\u00e1ticamente o desbloquearse cuando se produce un fallo de alimentaci\u00f3n (desbloqueado: en caso de fallo de alimentaci\u00f3n, la pluma puede empujarse con la mano directamente).<\/p>\n<p class=\"ql-align-justify\">Buena resistencia a la temperatura. Soporte -40 \u00b0 c &#8211; + 75 \u00b0 c<\/p>\n<p class=\"ql-align-justify\">Registro de tiempos de levantamiento del riel: en el curso de la carrera, el sistema recordar\u00e1 los tiempos de levantamiento del riel ordenados, luego el riel se mantendr\u00e1 abierto hasta que el tiempo de detecci\u00f3n del paso del veh\u00edculo detectado por el detector del veh\u00edculo sea igual al tiempo de levantamiento del riel o Derivado por el controlador de riel.<\/p>\n<h5>Barrera Vehicular Derecha ZKTECO<\/h5>\n<p class=\"ql-align-justify\">No hay impacto mec\u00e1nico ni impacto de absorci\u00f3n de impactos en el proceso de trabajo, lo que puede minimizar el desgaste, tiene la m\u00e1s alta confiabilidad y la vida \u00fatil m\u00e1s larga.<\/p>\n<p class=\"ql-align-justify\">El sistema puede autom\u00e1ticamente autodiagn\u00f3stico y estado de operaci\u00f3n de salida.<\/p>\n<p class=\"ql-align-justify\">La velocidad de cierre de la pluma se puede ajustar (de 0.9s-10s0)<\/p>\n<p class=\"ql-align-justify\">Peque\u00f1a resistencia a la fricci\u00f3n, baja fricci\u00f3n interna y larga vida \u00fatil.<\/p>\n","protected":false},"excerpt":{"rendered":"<p>Barrera Vehicular Derecha ZKTECO de 6 metros con Servo Motor \/ 3 Segundos \/ 110V \/ Bajo Mantenimiento \/ 24 VDC<\/p>\n","protected":false},"featured_media":15980,"template":"","meta":{"site-sidebar-layout":"default","site-content-layout":"default","ast-site-content-layout":"","site-content-style":"default","site-sidebar-style":"default","ast-global-header-display":"","ast-banner-title-visibility":"","ast-main-header-display":"","ast-hfb-above-header-display":"","ast-hfb-below-header-display":"","ast-hfb-mobile-header-display":"","site-post-title":"","ast-breadcrumbs-content":"","ast-featured-img":"","footer-sml-layout":"","theme-transparent-header-meta":"default","adv-header-id-meta":"","stick-header-meta":"","header-above-stick-meta":"","header-main-stick-meta":"","header-below-stick-meta":"","astra-migrate-meta-layouts":""},"product_cat":[248],"product_tag":[298,131],"yoast_head":"<!-- This site is optimized with the Yoast SEO plugin v19.5.1 - https:\/\/yoast.com\/wordpress\/plugins\/seo\/ -->\n<title>Barrera Vehicular Derecha ZKTECO de 6 metros con Servo Motor<\/title>\n<meta name=\"description\" content=\"Barrera Vehicular Derecha ZKTECO de 6 metros con Servo Motor \/ 3 Segundos \/ 110V \/ Bajo Mantenimiento \/ 24 VDC\" \/>\n<meta name=\"robots\" content=\"index, follow, max-snippet:-1, max-image-preview:large, max-video-preview:-1\" \/>\n<link rel=\"canonical\" href=\"https:\/\/www.securitydataandvideo.com\/inicio\/shop\/barrera-vehicular-derecha-zkteco-de-6-metros-con-servo-motor-3-segundos-110v-bajo-mantenimiento-24-vdc\/\" \/>\n<meta property=\"og:locale\" content=\"es_MX\" \/>\n<meta property=\"og:type\" content=\"article\" \/>\n<meta property=\"og:title\" content=\"Barrera Vehicular Derecha ZKTECO de 6 metros con Servo Motor\" \/>\n<meta property=\"og:description\" content=\"Barrera Vehicular Derecha ZKTECO de 6 metros con Servo Motor \/ 3 Segundos \/ 110V \/ Bajo Mantenimiento \/ 24 VDC\" \/>\n<meta property=\"og:url\" content=\"https:\/\/www.securitydataandvideo.com\/inicio\/shop\/barrera-vehicular-derecha-zkteco-de-6-metros-con-servo-motor-3-segundos-110v-bajo-mantenimiento-24-vdc\/\" \/>\n<meta property=\"og:site_name\" content=\"Security Data &amp; Video SA de CV.\" \/>\n<meta property=\"article:modified_time\" content=\"2023-10-03T00:12:20+00:00\" \/>\n<meta property=\"og:image\" content=\"https:\/\/www.securitydataandvideo.com\/inicio\/wp-content\/uploads\/2022\/07\/Barrera-Vehicular-Derecha-ZKTECO.jpg\" \/>\n\t<meta property=\"og:image:width\" content=\"378\" \/>\n\t<meta property=\"og:image:height\" content=\"330\" \/>\n\t<meta property=\"og:image:type\" content=\"image\/jpeg\" \/>\n<meta name=\"twitter:card\" content=\"summary\" \/>\n<meta name=\"twitter:label1\" content=\"Tiempo de lectura\" \/>\n\t<meta name=\"twitter:data1\" content=\"2 minutos\" \/>\n<script type=\"application\/ld+json\" class=\"yoast-schema-graph\">{\"@context\":\"https:\/\/schema.org\",\"@graph\":[{\"@type\":\"WebPage\",\"@id\":\"https:\/\/www.securitydataandvideo.com\/inicio\/shop\/barrera-vehicular-derecha-zkteco-de-6-metros-con-servo-motor-3-segundos-110v-bajo-mantenimiento-24-vdc\/\",\"url\":\"https:\/\/www.securitydataandvideo.com\/inicio\/shop\/barrera-vehicular-derecha-zkteco-de-6-metros-con-servo-motor-3-segundos-110v-bajo-mantenimiento-24-vdc\/\",\"name\":\"Barrera Vehicular Derecha ZKTECO de 6 metros con Servo Motor\",\"isPartOf\":{\"@id\":\"https:\/\/www.securitydataandvideo.com\/inicio\/#website\"},\"datePublished\":\"2022-07-21T17:32:52+00:00\",\"dateModified\":\"2023-10-03T00:12:20+00:00\",\"description\":\"Barrera Vehicular Derecha ZKTECO de 6 metros con Servo Motor \/ 3 Segundos \/ 110V \/ Bajo Mantenimiento \/ 24 VDC\",\"breadcrumb\":{\"@id\":\"https:\/\/www.securitydataandvideo.com\/inicio\/shop\/barrera-vehicular-derecha-zkteco-de-6-metros-con-servo-motor-3-segundos-110v-bajo-mantenimiento-24-vdc\/#breadcrumb\"},\"inLanguage\":\"es-MX\",\"potentialAction\":[{\"@type\":\"ReadAction\",\"target\":[\"https:\/\/www.securitydataandvideo.com\/inicio\/shop\/barrera-vehicular-derecha-zkteco-de-6-metros-con-servo-motor-3-segundos-110v-bajo-mantenimiento-24-vdc\/\"]}]},{\"@type\":\"BreadcrumbList\",\"@id\":\"https:\/\/www.securitydataandvideo.com\/inicio\/shop\/barrera-vehicular-derecha-zkteco-de-6-metros-con-servo-motor-3-segundos-110v-bajo-mantenimiento-24-vdc\/#breadcrumb\",\"itemListElement\":[{\"@type\":\"ListItem\",\"position\":1,\"name\":\"Inicio\",\"item\":\"https:\/\/www.securitydataandvideo.com\/inicio\/\"},{\"@type\":\"ListItem\",\"position\":2,\"name\":\"Shop\",\"item\":\"https:\/\/www.securitydataandvideo.com\/inicio\/shop\/\"},{\"@type\":\"ListItem\",\"position\":3,\"name\":\"Barrera Vehicular Derecha ZKTECO de 6 metros con Servo Motor \/ 3 Segundos \/ 110V \/ Bajo Mantenimiento \/ 24 VDC\"}]},{\"@type\":\"WebSite\",\"@id\":\"https:\/\/www.securitydataandvideo.com\/inicio\/#website\",\"url\":\"https:\/\/www.securitydataandvideo.com\/inicio\/\",\"name\":\"Security Data &amp; Video SA de CV.\",\"description\":\"Seguridad Electr\u00f3nica y Energ\u00eda\",\"publisher\":{\"@id\":\"https:\/\/www.securitydataandvideo.com\/inicio\/#organization\"},\"potentialAction\":[{\"@type\":\"SearchAction\",\"target\":{\"@type\":\"EntryPoint\",\"urlTemplate\":\"https:\/\/www.securitydataandvideo.com\/inicio\/?s={search_term_string}\"},\"query-input\":\"required name=search_term_string\"}],\"inLanguage\":\"es-MX\"},{\"@type\":\"Organization\",\"@id\":\"https:\/\/www.securitydataandvideo.com\/inicio\/#organization\",\"name\":\"Security Data & Video SA de CV\",\"url\":\"https:\/\/www.securitydataandvideo.com\/inicio\/\",\"sameAs\":[],\"logo\":{\"@type\":\"ImageObject\",\"inLanguage\":\"es-MX\",\"@id\":\"https:\/\/www.securitydataandvideo.com\/inicio\/#\/schema\/logo\/image\/\",\"url\":\"https:\/\/www.securitydataandvideo.com\/inicio\/wp-content\/uploads\/2021\/10\/Logo-Azul.png\",\"contentUrl\":\"https:\/\/www.securitydataandvideo.com\/inicio\/wp-content\/uploads\/2021\/10\/Logo-Azul.png\",\"width\":555,\"height\":375,\"caption\":\"Security Data & Video SA de CV\"},\"image\":{\"@id\":\"https:\/\/www.securitydataandvideo.com\/inicio\/#\/schema\/logo\/image\/\"}}]}<\/script>\n<!-- \/ Yoast SEO plugin. -->","yoast_head_json":{"title":"Barrera Vehicular Derecha ZKTECO de 6 metros con Servo Motor","description":"Barrera Vehicular Derecha ZKTECO de 6 metros con Servo Motor \/ 3 Segundos \/ 110V \/ Bajo Mantenimiento \/ 24 VDC","robots":{"index":"index","follow":"follow","max-snippet":"max-snippet:-1","max-image-preview":"max-image-preview:large","max-video-preview":"max-video-preview:-1"},"canonical":"https:\/\/www.securitydataandvideo.com\/inicio\/shop\/barrera-vehicular-derecha-zkteco-de-6-metros-con-servo-motor-3-segundos-110v-bajo-mantenimiento-24-vdc\/","og_locale":"es_MX","og_type":"article","og_title":"Barrera Vehicular Derecha ZKTECO de 6 metros con Servo Motor","og_description":"Barrera Vehicular Derecha ZKTECO de 6 metros con Servo Motor \/ 3 Segundos \/ 110V \/ Bajo Mantenimiento \/ 24 VDC","og_url":"https:\/\/www.securitydataandvideo.com\/inicio\/shop\/barrera-vehicular-derecha-zkteco-de-6-metros-con-servo-motor-3-segundos-110v-bajo-mantenimiento-24-vdc\/","og_site_name":"Security Data &amp; Video SA de CV.","article_modified_time":"2023-10-03T00:12:20+00:00","og_image":[{"width":378,"height":330,"url":"https:\/\/www.securitydataandvideo.com\/inicio\/wp-content\/uploads\/2022\/07\/Barrera-Vehicular-Derecha-ZKTECO.jpg","type":"image\/jpeg"}],"twitter_card":"summary","twitter_misc":{"Tiempo de lectura":"2 minutos"},"schema":{"@context":"https:\/\/schema.org","@graph":[{"@type":"WebPage","@id":"https:\/\/www.securitydataandvideo.com\/inicio\/shop\/barrera-vehicular-derecha-zkteco-de-6-metros-con-servo-motor-3-segundos-110v-bajo-mantenimiento-24-vdc\/","url":"https:\/\/www.securitydataandvideo.com\/inicio\/shop\/barrera-vehicular-derecha-zkteco-de-6-metros-con-servo-motor-3-segundos-110v-bajo-mantenimiento-24-vdc\/","name":"Barrera Vehicular Derecha ZKTECO de 6 metros con Servo Motor","isPartOf":{"@id":"https:\/\/www.securitydataandvideo.com\/inicio\/#website"},"datePublished":"2022-07-21T17:32:52+00:00","dateModified":"2023-10-03T00:12:20+00:00","description":"Barrera Vehicular Derecha ZKTECO de 6 metros con Servo Motor \/ 3 Segundos \/ 110V \/ Bajo Mantenimiento \/ 24 VDC","breadcrumb":{"@id":"https:\/\/www.securitydataandvideo.com\/inicio\/shop\/barrera-vehicular-derecha-zkteco-de-6-metros-con-servo-motor-3-segundos-110v-bajo-mantenimiento-24-vdc\/#breadcrumb"},"inLanguage":"es-MX","potentialAction":[{"@type":"ReadAction","target":["https:\/\/www.securitydataandvideo.com\/inicio\/shop\/barrera-vehicular-derecha-zkteco-de-6-metros-con-servo-motor-3-segundos-110v-bajo-mantenimiento-24-vdc\/"]}]},{"@type":"BreadcrumbList","@id":"https:\/\/www.securitydataandvideo.com\/inicio\/shop\/barrera-vehicular-derecha-zkteco-de-6-metros-con-servo-motor-3-segundos-110v-bajo-mantenimiento-24-vdc\/#breadcrumb","itemListElement":[{"@type":"ListItem","position":1,"name":"Inicio","item":"https:\/\/www.securitydataandvideo.com\/inicio\/"},{"@type":"ListItem","position":2,"name":"Shop","item":"https:\/\/www.securitydataandvideo.com\/inicio\/shop\/"},{"@type":"ListItem","position":3,"name":"Barrera Vehicular Derecha ZKTECO de 6 metros con Servo Motor \/ 3 Segundos \/ 110V \/ Bajo Mantenimiento \/ 24 VDC"}]},{"@type":"WebSite","@id":"https:\/\/www.securitydataandvideo.com\/inicio\/#website","url":"https:\/\/www.securitydataandvideo.com\/inicio\/","name":"Security Data &amp; Video SA de CV.","description":"Seguridad Electr\u00f3nica y Energ\u00eda","publisher":{"@id":"https:\/\/www.securitydataandvideo.com\/inicio\/#organization"},"potentialAction":[{"@type":"SearchAction","target":{"@type":"EntryPoint","urlTemplate":"https:\/\/www.securitydataandvideo.com\/inicio\/?s={search_term_string}"},"query-input":"required name=search_term_string"}],"inLanguage":"es-MX"},{"@type":"Organization","@id":"https:\/\/www.securitydataandvideo.com\/inicio\/#organization","name":"Security Data & Video SA de CV","url":"https:\/\/www.securitydataandvideo.com\/inicio\/","sameAs":[],"logo":{"@type":"ImageObject","inLanguage":"es-MX","@id":"https:\/\/www.securitydataandvideo.com\/inicio\/#\/schema\/logo\/image\/","url":"https:\/\/www.securitydataandvideo.com\/inicio\/wp-content\/uploads\/2021\/10\/Logo-Azul.png","contentUrl":"https:\/\/www.securitydataandvideo.com\/inicio\/wp-content\/uploads\/2021\/10\/Logo-Azul.png","width":555,"height":375,"caption":"Security Data & Video SA de CV"},"image":{"@id":"https:\/\/www.securitydataandvideo.com\/inicio\/#\/schema\/logo\/image\/"}}]}},"_links":{"self":[{"href":"https:\/\/www.securitydataandvideo.com\/inicio\/wp-json\/wp\/v2\/product\/15928"}],"collection":[{"href":"https:\/\/www.securitydataandvideo.com\/inicio\/wp-json\/wp\/v2\/product"}],"about":[{"href":"https:\/\/www.securitydataandvideo.com\/inicio\/wp-json\/wp\/v2\/types\/product"}],"wp:featuredmedia":[{"embeddable":true,"href":"https:\/\/www.securitydataandvideo.com\/inicio\/wp-json\/wp\/v2\/media\/15980"}],"wp:attachment":[{"href":"https:\/\/www.securitydataandvideo.com\/inicio\/wp-json\/wp\/v2\/media?parent=15928"}],"wp:term":[{"taxonomy":"product_cat","embeddable":true,"href":"https:\/\/www.securitydataandvideo.com\/inicio\/wp-json\/wp\/v2\/product_cat?post=15928"},{"taxonomy":"product_tag","embeddable":true,"href":"https:\/\/www.securitydataandvideo.com\/inicio\/wp-json\/wp\/v2\/product_tag?post=15928"}],"curies":[{"name":"wp","href":"https:\/\/api.w.org\/{rel}","templated":true}]}}