{"id":15964,"date":"2022-07-21T11:33:22","date_gmt":"2022-07-21T17:33:22","guid":{"rendered":"https:\/\/www.securitydataandvideo.com\/inicio\/?post_type=product&#038;p=15964"},"modified":"2024-01-08T12:23:20","modified_gmt":"2024-01-08T18:23:20","slug":"espejo-convexo-de-vidrio-de-80-centimetros-de-diametro","status":"publish","type":"product","link":"https:\/\/www.securitydataandvideo.com\/inicio\/shop\/espejo-convexo-de-vidrio-de-80-centimetros-de-diametro\/","title":{"rendered":"Espejo convexo de vidrio de 80 cent\u00edmetros de di\u00e1metro"},"content":{"rendered":"<p><a href=\"https:\/\/www.securitydataandvideo.com\/inicio\/shop\/espejo-convexo-de-vidrio-de-80-centimetros-de-diametro-con-base-para-interior-y-exterior-venta-e-instalacion-en-guadalajara-jalisco-mexico\/\">Espejo convexo<\/a> de vidrio de 80 cent\u00edmetros de di\u00e1metro, con base para interior y exterior. Venta y distribucion a todo M\u00e9xico.<\/p>\n<div id=\"dvTitle\" class=\"pagetitle_product pagetitleSubgroup dvTitleSubgroupBase\">\n<h4>ESPEJOS DE SEGURIDAD CONVEXOS.<\/h4>\n<p>Detr\u00e1s de un espejo convexo hay bastante ciencia. De hecho, \u00a1Hay mucha ciencia! Los espejos convexos, tambi\u00e9n llamados <a href=\"https:\/\/densl.com\/espejo-convexo-escoger-mejor-modelo\/\">ojos de pescado o espejos divergente<\/a>, son espejos curvo en los cuales la superficie reflectante se encuentra deformada hacia la fuente de luz.<\/p>\n<p>Los espejos convexos\u00a0<strong>reflejan la luz hacia afuera<\/strong>, por lo tanto no se utilizan para enfocar luz. Estos espejos siempre forman una imagen virtual, dado que el foco (F) y el centro de curvatura (2F) son ambos puntos imaginarios \u201cdentro\u201d del espejo, que no pueden ser alcanzados. Por lo tanto, las im\u00e1genes que se forman en este tipo de espejos no pueden ser proyectadas en una pantalla, dado que la imagen se encuentra detr\u00e1s del espejo.<\/p>\n<\/div>\n<div id=\"dvCopy\" class=\"BrowseCopy subgroupBrowseCopy subGroupCopy subGroupCopySubGroup proDetCopy proDetCopySubgroup \">\n<table class=\"mpcss-bl-3895-convex-safety-mirrors\" border=\"0\" width=\"100%\" cellspacing=\"0\" cellpadding=\"0\">\n<tbody>\n<tr>\n<td class=\"BrowseCopy subGroupCopy\" valign=\"top\" width=\"100%\">Elimine los puntos ciegos en almacenes y oficinas.<\/p>\n<p>Evite los choques en esquinas, intersecciones y pasillos.<\/p>\n<p>Livianos y f\u00e1ciles de instalar.<\/td>\n<\/tr>\n<tr>\n<td class=\"proDetCopy\">\n<ul>\n<li>2 v\u00edas. Vista amplia con \u00e1ngulo de 160\u00b0 para \u00e1reas de recepci\u00f3n y esquinas ciegas de almacenes.<\/li>\n<li><b>Espejos de Seguridad Plano Interior<\/b> \u2013 Cristal transparente y n\u00edtido. Montaje Incluido.<\/li>\n<li><b>Espejos de Seguridad Plano Exterior<\/b> \u2013 A prueba de intemperie y resistente.<\/li>\n<li>Espejo convexo de vidrio de 80 cent\u00edmetros jumbos\u00a0 se recomiendan para ver espacios abiertos alrededor de almacenes y plantas industriales.<\/li>\n<\/ul>\n<\/td>\n<\/tr>\n<\/tbody>\n<\/table>\n<\/div>\n<p>No incluye env\u00edo ni impuestos.<\/p>\n","protected":false},"excerpt":{"rendered":"<p>Espejo convexo de vidrio de 80 cent\u00edmetros de di\u00e1metro, con base para interior y exterior. Venta e instalaci\u00f3n en Guadalajara Jalisco M\u00e9xico.<\/p>\n","protected":false},"featured_media":15994,"template":"","meta":{"site-sidebar-layout":"no-sidebar","site-content-layout":"default","ast-site-content-layout":"full-width-container","site-content-style":"boxed","site-sidebar-style":"boxed","ast-global-header-display":"","ast-banner-title-visibility":"","ast-main-header-display":"","ast-hfb-above-header-display":"","ast-hfb-below-header-display":"","ast-hfb-mobile-header-display":"","site-post-title":"","ast-breadcrumbs-content":"","ast-featured-img":"","footer-sml-layout":"","theme-transparent-header-meta":"default","adv-header-id-meta":"","stick-header-meta":"","header-above-stick-meta":"","header-main-stick-meta":"","header-below-stick-meta":"","astra-migrate-meta-layouts":"set"},"product_cat":[251],"product_tag":[],"yoast_head":"<!-- This site is optimized with the Yoast SEO plugin v19.5.1 - https:\/\/yoast.com\/wordpress\/plugins\/seo\/ -->\n<title>Espejo convexo de vidrio de 80 cent\u00edmetros de di\u00e1metro<\/title>\n<meta name=\"description\" content=\"Espejo convexo de vidrio de 80 cent\u00edmetros de di\u00e1metro, con base para interior y exterior. Venta y distribucion a todo M\u00e9xico.\" \/>\n<meta name=\"robots\" content=\"index, follow, max-snippet:-1, max-image-preview:large, max-video-preview:-1\" \/>\n<link rel=\"canonical\" href=\"https:\/\/www.securitydataandvideo.com\/inicio\/shop\/espejo-convexo-de-vidrio-de-80-centimetros-de-diametro\/\" \/>\n<meta property=\"og:locale\" content=\"es_MX\" \/>\n<meta property=\"og:type\" content=\"article\" \/>\n<meta property=\"og:title\" content=\"Espejo convexo de vidrio de 80 cent\u00edmetros de di\u00e1metro\" \/>\n<meta property=\"og:description\" content=\"Espejo convexo de vidrio de 80 cent\u00edmetros de di\u00e1metro, con base para interior y exterior. Venta y distribucion a todo M\u00e9xico.\" \/>\n<meta property=\"og:url\" content=\"https:\/\/www.securitydataandvideo.com\/inicio\/shop\/espejo-convexo-de-vidrio-de-80-centimetros-de-diametro\/\" \/>\n<meta property=\"og:site_name\" content=\"Security Data &amp; Video SA de CV.\" \/>\n<meta property=\"article:modified_time\" content=\"2024-01-08T18:23:20+00:00\" \/>\n<meta property=\"og:image\" content=\"https:\/\/www.securitydataandvideo.com\/inicio\/wp-content\/uploads\/2022\/07\/Espejo-convexo-de-vidrio-de-80-centimetros-1.jpg\" \/>\n\t<meta property=\"og:image:width\" content=\"500\" \/>\n\t<meta property=\"og:image:height\" content=\"500\" \/>\n\t<meta property=\"og:image:type\" content=\"image\/jpeg\" \/>\n<meta name=\"twitter:card\" content=\"summary\" \/>\n<meta name=\"twitter:label1\" content=\"Tiempo de lectura\" \/>\n\t<meta name=\"twitter:data1\" content=\"2 minutos\" \/>\n<script type=\"application\/ld+json\" class=\"yoast-schema-graph\">{\"@context\":\"https:\/\/schema.org\",\"@graph\":[{\"@type\":\"WebPage\",\"@id\":\"https:\/\/www.securitydataandvideo.com\/inicio\/shop\/espejo-convexo-de-vidrio-de-80-centimetros-de-diametro\/\",\"url\":\"https:\/\/www.securitydataandvideo.com\/inicio\/shop\/espejo-convexo-de-vidrio-de-80-centimetros-de-diametro\/\",\"name\":\"Espejo convexo de vidrio de 80 cent\u00edmetros de di\u00e1metro\",\"isPartOf\":{\"@id\":\"https:\/\/www.securitydataandvideo.com\/inicio\/#website\"},\"datePublished\":\"2022-07-21T17:33:22+00:00\",\"dateModified\":\"2024-01-08T18:23:20+00:00\",\"description\":\"Espejo convexo de vidrio de 80 cent\u00edmetros de di\u00e1metro, con base para interior y exterior. Venta y distribucion a todo M\u00e9xico.\",\"breadcrumb\":{\"@id\":\"https:\/\/www.securitydataandvideo.com\/inicio\/shop\/espejo-convexo-de-vidrio-de-80-centimetros-de-diametro\/#breadcrumb\"},\"inLanguage\":\"es-MX\",\"potentialAction\":[{\"@type\":\"ReadAction\",\"target\":[\"https:\/\/www.securitydataandvideo.com\/inicio\/shop\/espejo-convexo-de-vidrio-de-80-centimetros-de-diametro\/\"]}]},{\"@type\":\"BreadcrumbList\",\"@id\":\"https:\/\/www.securitydataandvideo.com\/inicio\/shop\/espejo-convexo-de-vidrio-de-80-centimetros-de-diametro\/#breadcrumb\",\"itemListElement\":[{\"@type\":\"ListItem\",\"position\":1,\"name\":\"Inicio\",\"item\":\"https:\/\/www.securitydataandvideo.com\/inicio\/\"},{\"@type\":\"ListItem\",\"position\":2,\"name\":\"Shop\",\"item\":\"https:\/\/www.securitydataandvideo.com\/inicio\/shop\/\"},{\"@type\":\"ListItem\",\"position\":3,\"name\":\"Espejo convexo de vidrio de 80 cent\u00edmetros de di\u00e1metro\"}]},{\"@type\":\"WebSite\",\"@id\":\"https:\/\/www.securitydataandvideo.com\/inicio\/#website\",\"url\":\"https:\/\/www.securitydataandvideo.com\/inicio\/\",\"name\":\"Security Data &amp; Video SA de CV.\",\"description\":\"Seguridad Electr\u00f3nica y Energ\u00eda\",\"publisher\":{\"@id\":\"https:\/\/www.securitydataandvideo.com\/inicio\/#organization\"},\"potentialAction\":[{\"@type\":\"SearchAction\",\"target\":{\"@type\":\"EntryPoint\",\"urlTemplate\":\"https:\/\/www.securitydataandvideo.com\/inicio\/?s={search_term_string}\"},\"query-input\":\"required name=search_term_string\"}],\"inLanguage\":\"es-MX\"},{\"@type\":\"Organization\",\"@id\":\"https:\/\/www.securitydataandvideo.com\/inicio\/#organization\",\"name\":\"Security Data & Video SA de CV\",\"url\":\"https:\/\/www.securitydataandvideo.com\/inicio\/\",\"sameAs\":[],\"logo\":{\"@type\":\"ImageObject\",\"inLanguage\":\"es-MX\",\"@id\":\"https:\/\/www.securitydataandvideo.com\/inicio\/#\/schema\/logo\/image\/\",\"url\":\"https:\/\/www.securitydataandvideo.com\/inicio\/wp-content\/uploads\/2021\/10\/Logo-Azul.png\",\"contentUrl\":\"https:\/\/www.securitydataandvideo.com\/inicio\/wp-content\/uploads\/2021\/10\/Logo-Azul.png\",\"width\":555,\"height\":375,\"caption\":\"Security Data & Video SA de CV\"},\"image\":{\"@id\":\"https:\/\/www.securitydataandvideo.com\/inicio\/#\/schema\/logo\/image\/\"}}]}<\/script>\n<!-- \/ Yoast SEO plugin. -->","yoast_head_json":{"title":"Espejo convexo de vidrio de 80 cent\u00edmetros de di\u00e1metro","description":"Espejo convexo de vidrio de 80 cent\u00edmetros de di\u00e1metro, con base para interior y exterior. Venta y distribucion a todo M\u00e9xico.","robots":{"index":"index","follow":"follow","max-snippet":"max-snippet:-1","max-image-preview":"max-image-preview:large","max-video-preview":"max-video-preview:-1"},"canonical":"https:\/\/www.securitydataandvideo.com\/inicio\/shop\/espejo-convexo-de-vidrio-de-80-centimetros-de-diametro\/","og_locale":"es_MX","og_type":"article","og_title":"Espejo convexo de vidrio de 80 cent\u00edmetros de di\u00e1metro","og_description":"Espejo convexo de vidrio de 80 cent\u00edmetros de di\u00e1metro, con base para interior y exterior. Venta y distribucion a todo M\u00e9xico.","og_url":"https:\/\/www.securitydataandvideo.com\/inicio\/shop\/espejo-convexo-de-vidrio-de-80-centimetros-de-diametro\/","og_site_name":"Security Data &amp; Video SA de CV.","article_modified_time":"2024-01-08T18:23:20+00:00","og_image":[{"width":500,"height":500,"url":"https:\/\/www.securitydataandvideo.com\/inicio\/wp-content\/uploads\/2022\/07\/Espejo-convexo-de-vidrio-de-80-centimetros-1.jpg","type":"image\/jpeg"}],"twitter_card":"summary","twitter_misc":{"Tiempo de lectura":"2 minutos"},"schema":{"@context":"https:\/\/schema.org","@graph":[{"@type":"WebPage","@id":"https:\/\/www.securitydataandvideo.com\/inicio\/shop\/espejo-convexo-de-vidrio-de-80-centimetros-de-diametro\/","url":"https:\/\/www.securitydataandvideo.com\/inicio\/shop\/espejo-convexo-de-vidrio-de-80-centimetros-de-diametro\/","name":"Espejo convexo de vidrio de 80 cent\u00edmetros de di\u00e1metro","isPartOf":{"@id":"https:\/\/www.securitydataandvideo.com\/inicio\/#website"},"datePublished":"2022-07-21T17:33:22+00:00","dateModified":"2024-01-08T18:23:20+00:00","description":"Espejo convexo de vidrio de 80 cent\u00edmetros de di\u00e1metro, con base para interior y exterior. Venta y distribucion a todo M\u00e9xico.","breadcrumb":{"@id":"https:\/\/www.securitydataandvideo.com\/inicio\/shop\/espejo-convexo-de-vidrio-de-80-centimetros-de-diametro\/#breadcrumb"},"inLanguage":"es-MX","potentialAction":[{"@type":"ReadAction","target":["https:\/\/www.securitydataandvideo.com\/inicio\/shop\/espejo-convexo-de-vidrio-de-80-centimetros-de-diametro\/"]}]},{"@type":"BreadcrumbList","@id":"https:\/\/www.securitydataandvideo.com\/inicio\/shop\/espejo-convexo-de-vidrio-de-80-centimetros-de-diametro\/#breadcrumb","itemListElement":[{"@type":"ListItem","position":1,"name":"Inicio","item":"https:\/\/www.securitydataandvideo.com\/inicio\/"},{"@type":"ListItem","position":2,"name":"Shop","item":"https:\/\/www.securitydataandvideo.com\/inicio\/shop\/"},{"@type":"ListItem","position":3,"name":"Espejo convexo de vidrio de 80 cent\u00edmetros de di\u00e1metro"}]},{"@type":"WebSite","@id":"https:\/\/www.securitydataandvideo.com\/inicio\/#website","url":"https:\/\/www.securitydataandvideo.com\/inicio\/","name":"Security Data &amp; Video SA de CV.","description":"Seguridad Electr\u00f3nica y Energ\u00eda","publisher":{"@id":"https:\/\/www.securitydataandvideo.com\/inicio\/#organization"},"potentialAction":[{"@type":"SearchAction","target":{"@type":"EntryPoint","urlTemplate":"https:\/\/www.securitydataandvideo.com\/inicio\/?s={search_term_string}"},"query-input":"required name=search_term_string"}],"inLanguage":"es-MX"},{"@type":"Organization","@id":"https:\/\/www.securitydataandvideo.com\/inicio\/#organization","name":"Security Data & Video SA de CV","url":"https:\/\/www.securitydataandvideo.com\/inicio\/","sameAs":[],"logo":{"@type":"ImageObject","inLanguage":"es-MX","@id":"https:\/\/www.securitydataandvideo.com\/inicio\/#\/schema\/logo\/image\/","url":"https:\/\/www.securitydataandvideo.com\/inicio\/wp-content\/uploads\/2021\/10\/Logo-Azul.png","contentUrl":"https:\/\/www.securitydataandvideo.com\/inicio\/wp-content\/uploads\/2021\/10\/Logo-Azul.png","width":555,"height":375,"caption":"Security Data & Video SA de CV"},"image":{"@id":"https:\/\/www.securitydataandvideo.com\/inicio\/#\/schema\/logo\/image\/"}}]}},"_links":{"self":[{"href":"https:\/\/www.securitydataandvideo.com\/inicio\/wp-json\/wp\/v2\/product\/15964"}],"collection":[{"href":"https:\/\/www.securitydataandvideo.com\/inicio\/wp-json\/wp\/v2\/product"}],"about":[{"href":"https:\/\/www.securitydataandvideo.com\/inicio\/wp-json\/wp\/v2\/types\/product"}],"wp:featuredmedia":[{"embeddable":true,"href":"https:\/\/www.securitydataandvideo.com\/inicio\/wp-json\/wp\/v2\/media\/15994"}],"wp:attachment":[{"href":"https:\/\/www.securitydataandvideo.com\/inicio\/wp-json\/wp\/v2\/media?parent=15964"}],"wp:term":[{"taxonomy":"product_cat","embeddable":true,"href":"https:\/\/www.securitydataandvideo.com\/inicio\/wp-json\/wp\/v2\/product_cat?post=15964"},{"taxonomy":"product_tag","embeddable":true,"href":"https:\/\/www.securitydataandvideo.com\/inicio\/wp-json\/wp\/v2\/product_tag?post=15964"}],"curies":[{"name":"wp","href":"https:\/\/api.w.org\/{rel}","templated":true}]}}