{"id":15967,"date":"2022-07-21T11:33:23","date_gmt":"2022-07-21T17:33:23","guid":{"rendered":"https:\/\/www.securitydataandvideo.com\/inicio\/?post_type=product&#038;p=15967"},"modified":"2023-09-27T15:28:25","modified_gmt":"2023-09-27T21:28:25","slug":"camara-domo-4k-8megapixeles-gran-angular-102o-lente-2-8-mm-exterior-ip67-ir-exir-30-mts-dwdr-tvi-ahd-cvi-cvbs","status":"publish","type":"product","link":"https:\/\/www.securitydataandvideo.com\/inicio\/shop\/camara-domo-4k-8megapixeles-gran-angular-102o-lente-2-8-mm-exterior-ip67-ir-exir-30-mts-dwdr-tvi-ahd-cvi-cvbs\/","title":{"rendered":"Camara Domo 4K (8Megapixeles) \/ Gran Angular 102\u00ba \/ Lente 2.8 mm \/ Exterior IP67\/ IR EXIR 30 mts \/ dWDR \/ TVI-AHD-CVI-CVBS"},"content":{"rendered":"<p>Camara Domo 4K (8Megapixeles) \/ Gran Angular 102\u00ba \/ Lente 2.8 mm \/ Exterior IP67\/ IR EXIR 30 mts \/ dWDR \/ TVI-AHD-CVI-CVBS.<\/p>\n<div class=\"col-sm-4 default_margin_bottom\">\n<div class=\"panel_segmento_m2m\">\n<h3><strong>Caracter\u00edsticas Principales de Camara Domo 4K (8Megapixeles):<\/strong><\/h3>\n<ul>\n<li>Resoluci\u00f3n m\u00e1xima: 8.29 Megap\u00edxel (3840 x 2160).<\/li>\n<li>Sensor CMOS scan progresivo.<\/li>\n<li>Lente fijo: 2.8 mm (\u00e1ngulo de visi\u00f3n 102.2\u00ba).<\/li>\n<li>30 mts IR EXIR.<\/li>\n<li>Soporta 4 tecnolog\u00edas (TVI \/ AHD \/ CVI \/ CVBS).<\/li>\n<li>Permite seleccionar la resoluci\u00f3n entre 8 Megap\u00edxel \/ 5 Megap\u00edxel \/ 4 Megap\u00edxel \/ 2 Megap\u00edxel.<\/li>\n<li>Funciones: dWDR \/ BLC \/ DNR \/ Mirror.<\/li>\n<\/ul>\n<\/div>\n<\/div>\n<div class=\"col-sm-4 default_margin_bottom\">\n<div class=\"panel_segmento_m2m\">\n<h3 class=\"center\"><strong>M\u00e1xima Compatibilidad<\/strong><\/h3>\n<p><img class=\"center img-responsive fr-fil fr-dib alignnone\" src=\"https:\/\/ftp3.syscom.mx\/usuarios\/anavarrete\/Noe\/imagen1.png\" \/><\/p>\n<\/div>\n<\/div>\n<div class=\"col-sm-4 default_margin_bottom\">\n<div class=\"panel_segmento_m2m\">\n<h3><strong>Caracter\u00edsticas f\u00edsicas y el\u00e9ctricas:<\/strong><\/h3>\n<p>&nbsp;<\/p>\n<ul>\n<li>Temperatura de operaci\u00f3n: -40\u00baC a 60\u00baC.<\/li>\n<li>Alimentaci\u00f3n: 12 vcd \/ 5.3 Watts.<\/li>\n<li>Protecci\u00f3n: IP67.<\/li>\n<li>Fabricado en metal.<\/li>\n<li>Dimensiones: 90\u00a0x 79.37\u00a0mm.<\/li>\n<li>Peso: 310 grs.<\/li>\n<li><strong>Garant\u00eda: 4\u00a0a\u00f1os.<\/strong><\/li>\n<\/ul>\n<p>Camera<br \/>\nImage Sensor 8.29 megapixel progressive scan CMOS<br \/>\nSignal System PAL \/ NTSC<br \/>\nFrame Rate<br \/>\nTVI: 8MP@12.5fps, 8MP@15fps, 5MP@20fps, 4MP@25fps, 4MP@30fps, 2MP@25fps,<br \/>\n2MP@30fps<br \/>\nCVI: 8MP@12.5fps, 8MP@15fps<br \/>\nAHD: 5MP@20fps<br \/>\nCVBS: 960H P\/N<br \/>\nResolution 3840 (H) \u00d7 2160 (V)<br \/>\nMin. illumination Color: 0.01 Lux@(F1.2, AGC ON), 0 Lux with IR<br \/>\nShutter Time<br \/>\nPAL: 1\/12.5 s to 1\/50,000 s<br \/>\nNTSC: 1\/15 s to 1\/50,000 s<br \/>\nLens 2.8 mm, 3.6 mm, 6 mm fixed lens<br \/>\nHorizontal Field of View 102.2\u00b0 (2.8 mm), 79\u00b0 (3.6 mm), 50.8\u00b0 (6 mm)<br \/>\nLens Mount M16<br \/>\nDay &amp; Night IR cut filter<br \/>\nAngle Adjustment (Bracket) Pan: 0\u00b0 to 360\u00b0, Tilt:0\u00b0 to 75\u00b0, Rotate: 0\u00b0 to 360\u00b0<br \/>\nSynchronization Internal synchronization<br \/>\nDWDR (Digital Wide Dynamic Range) 105 dB<br \/>\nMenu<br \/>\nAGC Yes<br \/>\nDay\/Night Mode Auto\/Color\/BW (Black and White)<br \/>\nWhite Balance Auto\/Manual<br \/>\nBLC (Backlight Compensation) Yes<br \/>\nLanguage English<br \/>\nFunctions Brightness, Sharpness, DNR, Mirror, Smart IR<br \/>\nInterface<br \/>\nVideo Output 1 HD analog output<br \/>\nSwitch Button TVI\/AHD\/CVI\/CVBS<br \/>\nGeneral<br \/>\nOperating Conditions -40 \u00b0C to 60 \u00b0C (-40 \u00b0F to 140 \u00b0F), humidity: 90% or less (non-condensation)<br \/>\nPower Supply 12 VDC \u00b125%<br \/>\nPower Consumption Max. 5.3 W<br \/>\nProtection Level IP67<br \/>\nMaterial Metal<br \/>\nIR Range Up to 30 m<br \/>\nCommunication Up the coax, Protocol: HIKVISION-C (TVI output)<br \/>\nDimensions 90 mm \u00d7 79.37 mm (3.54\u201d \u00d7 3.12\u201d )<br \/>\nWeight Approx. 310 g (0.68 lb.)<\/p>\n<\/div>\n<\/div>\n","protected":false},"excerpt":{"rendered":"<p>Camara Domo 4K (8Megapixeles) \/ Gran Angular 102\u00ba \/ Lente 2.8 mm \/ Exterior IP67\/ IR EXIR 30 mts \/ dWDR \/ TVI-AHD-CVI-CVBS<\/p>\n","protected":false},"featured_media":15998,"template":"","meta":{"site-sidebar-layout":"default","site-content-layout":"default","ast-site-content-layout":"","site-content-style":"default","site-sidebar-style":"default","ast-global-header-display":"","ast-banner-title-visibility":"","ast-main-header-display":"","ast-hfb-above-header-display":"","ast-hfb-below-header-display":"","ast-hfb-mobile-header-display":"","site-post-title":"","ast-breadcrumbs-content":"","ast-featured-img":"","footer-sml-layout":"","theme-transparent-header-meta":"default","adv-header-id-meta":"","stick-header-meta":"","header-above-stick-meta":"","header-main-stick-meta":"","header-below-stick-meta":"","astra-migrate-meta-layouts":""},"product_cat":[282],"product_tag":[],"yoast_head":"<!-- This site is optimized with the Yoast SEO plugin v19.5.1 - https:\/\/yoast.com\/wordpress\/plugins\/seo\/ -->\n<title>Camara Domo 4K (8Megapixeles)<\/title>\n<meta name=\"description\" content=\"Camara Domo 4K (8Megapixeles) \/ Gran Angular 102\u00ba \/ Lente 2.8 mm \/ Exterior IP67\/ IR EXIR 30 mts \/ dWDR \/ TVI-AHD-CVI-CVBS.\" \/>\n<meta name=\"robots\" content=\"index, follow, max-snippet:-1, max-image-preview:large, max-video-preview:-1\" \/>\n<link rel=\"canonical\" href=\"https:\/\/www.securitydataandvideo.com\/inicio\/shop\/camara-domo-4k-8megapixeles-gran-angular-102o-lente-2-8-mm-exterior-ip67-ir-exir-30-mts-dwdr-tvi-ahd-cvi-cvbs\/\" \/>\n<meta property=\"og:locale\" content=\"es_MX\" \/>\n<meta property=\"og:type\" content=\"article\" \/>\n<meta property=\"og:title\" content=\"Camara Domo 4K (8Megapixeles)\" \/>\n<meta property=\"og:description\" content=\"Camara Domo 4K (8Megapixeles) \/ Gran Angular 102\u00ba \/ Lente 2.8 mm \/ Exterior IP67\/ IR EXIR 30 mts \/ dWDR \/ TVI-AHD-CVI-CVBS.\" \/>\n<meta property=\"og:url\" content=\"https:\/\/www.securitydataandvideo.com\/inicio\/shop\/camara-domo-4k-8megapixeles-gran-angular-102o-lente-2-8-mm-exterior-ip67-ir-exir-30-mts-dwdr-tvi-ahd-cvi-cvbs\/\" \/>\n<meta property=\"og:site_name\" content=\"Security Data &amp; Video SA de CV.\" \/>\n<meta property=\"article:modified_time\" content=\"2023-09-27T21:28:25+00:00\" \/>\n<meta property=\"og:image\" content=\"https:\/\/www.securitydataandvideo.com\/inicio\/wp-content\/uploads\/2022\/07\/E4K-TURBO.png\" \/>\n\t<meta property=\"og:image:width\" content=\"298\" \/>\n\t<meta property=\"og:image:height\" content=\"243\" \/>\n\t<meta property=\"og:image:type\" content=\"image\/png\" \/>\n<meta name=\"twitter:card\" content=\"summary\" \/>\n<meta name=\"twitter:label1\" content=\"Tiempo de lectura\" \/>\n\t<meta name=\"twitter:data1\" content=\"1 minuto\" \/>\n<script type=\"application\/ld+json\" class=\"yoast-schema-graph\">{\"@context\":\"https:\/\/schema.org\",\"@graph\":[{\"@type\":\"WebPage\",\"@id\":\"https:\/\/www.securitydataandvideo.com\/inicio\/shop\/camara-domo-4k-8megapixeles-gran-angular-102o-lente-2-8-mm-exterior-ip67-ir-exir-30-mts-dwdr-tvi-ahd-cvi-cvbs\/\",\"url\":\"https:\/\/www.securitydataandvideo.com\/inicio\/shop\/camara-domo-4k-8megapixeles-gran-angular-102o-lente-2-8-mm-exterior-ip67-ir-exir-30-mts-dwdr-tvi-ahd-cvi-cvbs\/\",\"name\":\"Camara Domo 4K (8Megapixeles)\",\"isPartOf\":{\"@id\":\"https:\/\/www.securitydataandvideo.com\/inicio\/#website\"},\"datePublished\":\"2022-07-21T17:33:23+00:00\",\"dateModified\":\"2023-09-27T21:28:25+00:00\",\"description\":\"Camara Domo 4K (8Megapixeles) \/ Gran Angular 102\u00ba \/ Lente 2.8 mm \/ Exterior IP67\/ IR EXIR 30 mts \/ dWDR \/ TVI-AHD-CVI-CVBS.\",\"breadcrumb\":{\"@id\":\"https:\/\/www.securitydataandvideo.com\/inicio\/shop\/camara-domo-4k-8megapixeles-gran-angular-102o-lente-2-8-mm-exterior-ip67-ir-exir-30-mts-dwdr-tvi-ahd-cvi-cvbs\/#breadcrumb\"},\"inLanguage\":\"es-MX\",\"potentialAction\":[{\"@type\":\"ReadAction\",\"target\":[\"https:\/\/www.securitydataandvideo.com\/inicio\/shop\/camara-domo-4k-8megapixeles-gran-angular-102o-lente-2-8-mm-exterior-ip67-ir-exir-30-mts-dwdr-tvi-ahd-cvi-cvbs\/\"]}]},{\"@type\":\"BreadcrumbList\",\"@id\":\"https:\/\/www.securitydataandvideo.com\/inicio\/shop\/camara-domo-4k-8megapixeles-gran-angular-102o-lente-2-8-mm-exterior-ip67-ir-exir-30-mts-dwdr-tvi-ahd-cvi-cvbs\/#breadcrumb\",\"itemListElement\":[{\"@type\":\"ListItem\",\"position\":1,\"name\":\"Inicio\",\"item\":\"https:\/\/www.securitydataandvideo.com\/inicio\/\"},{\"@type\":\"ListItem\",\"position\":2,\"name\":\"Shop\",\"item\":\"https:\/\/www.securitydataandvideo.com\/inicio\/shop\/\"},{\"@type\":\"ListItem\",\"position\":3,\"name\":\"Camara Domo 4K (8Megapixeles) \/ Gran Angular 102\u00ba \/ Lente 2.8 mm \/ Exterior IP67\/ IR EXIR 30 mts \/ dWDR \/ TVI-AHD-CVI-CVBS\"}]},{\"@type\":\"WebSite\",\"@id\":\"https:\/\/www.securitydataandvideo.com\/inicio\/#website\",\"url\":\"https:\/\/www.securitydataandvideo.com\/inicio\/\",\"name\":\"Security Data &amp; Video SA de CV.\",\"description\":\"Seguridad Electr\u00f3nica y Energ\u00eda\",\"publisher\":{\"@id\":\"https:\/\/www.securitydataandvideo.com\/inicio\/#organization\"},\"potentialAction\":[{\"@type\":\"SearchAction\",\"target\":{\"@type\":\"EntryPoint\",\"urlTemplate\":\"https:\/\/www.securitydataandvideo.com\/inicio\/?s={search_term_string}\"},\"query-input\":\"required name=search_term_string\"}],\"inLanguage\":\"es-MX\"},{\"@type\":\"Organization\",\"@id\":\"https:\/\/www.securitydataandvideo.com\/inicio\/#organization\",\"name\":\"Security Data & Video SA de CV\",\"url\":\"https:\/\/www.securitydataandvideo.com\/inicio\/\",\"sameAs\":[],\"logo\":{\"@type\":\"ImageObject\",\"inLanguage\":\"es-MX\",\"@id\":\"https:\/\/www.securitydataandvideo.com\/inicio\/#\/schema\/logo\/image\/\",\"url\":\"https:\/\/www.securitydataandvideo.com\/inicio\/wp-content\/uploads\/2021\/10\/Logo-Azul.png\",\"contentUrl\":\"https:\/\/www.securitydataandvideo.com\/inicio\/wp-content\/uploads\/2021\/10\/Logo-Azul.png\",\"width\":555,\"height\":375,\"caption\":\"Security Data & Video SA de CV\"},\"image\":{\"@id\":\"https:\/\/www.securitydataandvideo.com\/inicio\/#\/schema\/logo\/image\/\"}}]}<\/script>\n<!-- \/ Yoast SEO plugin. -->","yoast_head_json":{"title":"Camara Domo 4K (8Megapixeles)","description":"Camara Domo 4K (8Megapixeles) \/ Gran Angular 102\u00ba \/ Lente 2.8 mm \/ Exterior IP67\/ IR EXIR 30 mts \/ dWDR \/ TVI-AHD-CVI-CVBS.","robots":{"index":"index","follow":"follow","max-snippet":"max-snippet:-1","max-image-preview":"max-image-preview:large","max-video-preview":"max-video-preview:-1"},"canonical":"https:\/\/www.securitydataandvideo.com\/inicio\/shop\/camara-domo-4k-8megapixeles-gran-angular-102o-lente-2-8-mm-exterior-ip67-ir-exir-30-mts-dwdr-tvi-ahd-cvi-cvbs\/","og_locale":"es_MX","og_type":"article","og_title":"Camara Domo 4K (8Megapixeles)","og_description":"Camara Domo 4K (8Megapixeles) \/ Gran Angular 102\u00ba \/ Lente 2.8 mm \/ Exterior IP67\/ IR EXIR 30 mts \/ dWDR \/ TVI-AHD-CVI-CVBS.","og_url":"https:\/\/www.securitydataandvideo.com\/inicio\/shop\/camara-domo-4k-8megapixeles-gran-angular-102o-lente-2-8-mm-exterior-ip67-ir-exir-30-mts-dwdr-tvi-ahd-cvi-cvbs\/","og_site_name":"Security Data &amp; Video SA de CV.","article_modified_time":"2023-09-27T21:28:25+00:00","og_image":[{"width":298,"height":243,"url":"https:\/\/www.securitydataandvideo.com\/inicio\/wp-content\/uploads\/2022\/07\/E4K-TURBO.png","type":"image\/png"}],"twitter_card":"summary","twitter_misc":{"Tiempo de lectura":"1 minuto"},"schema":{"@context":"https:\/\/schema.org","@graph":[{"@type":"WebPage","@id":"https:\/\/www.securitydataandvideo.com\/inicio\/shop\/camara-domo-4k-8megapixeles-gran-angular-102o-lente-2-8-mm-exterior-ip67-ir-exir-30-mts-dwdr-tvi-ahd-cvi-cvbs\/","url":"https:\/\/www.securitydataandvideo.com\/inicio\/shop\/camara-domo-4k-8megapixeles-gran-angular-102o-lente-2-8-mm-exterior-ip67-ir-exir-30-mts-dwdr-tvi-ahd-cvi-cvbs\/","name":"Camara Domo 4K (8Megapixeles)","isPartOf":{"@id":"https:\/\/www.securitydataandvideo.com\/inicio\/#website"},"datePublished":"2022-07-21T17:33:23+00:00","dateModified":"2023-09-27T21:28:25+00:00","description":"Camara Domo 4K (8Megapixeles) \/ Gran Angular 102\u00ba \/ Lente 2.8 mm \/ Exterior IP67\/ IR EXIR 30 mts \/ dWDR \/ TVI-AHD-CVI-CVBS.","breadcrumb":{"@id":"https:\/\/www.securitydataandvideo.com\/inicio\/shop\/camara-domo-4k-8megapixeles-gran-angular-102o-lente-2-8-mm-exterior-ip67-ir-exir-30-mts-dwdr-tvi-ahd-cvi-cvbs\/#breadcrumb"},"inLanguage":"es-MX","potentialAction":[{"@type":"ReadAction","target":["https:\/\/www.securitydataandvideo.com\/inicio\/shop\/camara-domo-4k-8megapixeles-gran-angular-102o-lente-2-8-mm-exterior-ip67-ir-exir-30-mts-dwdr-tvi-ahd-cvi-cvbs\/"]}]},{"@type":"BreadcrumbList","@id":"https:\/\/www.securitydataandvideo.com\/inicio\/shop\/camara-domo-4k-8megapixeles-gran-angular-102o-lente-2-8-mm-exterior-ip67-ir-exir-30-mts-dwdr-tvi-ahd-cvi-cvbs\/#breadcrumb","itemListElement":[{"@type":"ListItem","position":1,"name":"Inicio","item":"https:\/\/www.securitydataandvideo.com\/inicio\/"},{"@type":"ListItem","position":2,"name":"Shop","item":"https:\/\/www.securitydataandvideo.com\/inicio\/shop\/"},{"@type":"ListItem","position":3,"name":"Camara Domo 4K (8Megapixeles) \/ Gran Angular 102\u00ba \/ Lente 2.8 mm \/ Exterior IP67\/ IR EXIR 30 mts \/ dWDR \/ TVI-AHD-CVI-CVBS"}]},{"@type":"WebSite","@id":"https:\/\/www.securitydataandvideo.com\/inicio\/#website","url":"https:\/\/www.securitydataandvideo.com\/inicio\/","name":"Security Data &amp; Video SA de CV.","description":"Seguridad Electr\u00f3nica y Energ\u00eda","publisher":{"@id":"https:\/\/www.securitydataandvideo.com\/inicio\/#organization"},"potentialAction":[{"@type":"SearchAction","target":{"@type":"EntryPoint","urlTemplate":"https:\/\/www.securitydataandvideo.com\/inicio\/?s={search_term_string}"},"query-input":"required name=search_term_string"}],"inLanguage":"es-MX"},{"@type":"Organization","@id":"https:\/\/www.securitydataandvideo.com\/inicio\/#organization","name":"Security Data & Video SA de CV","url":"https:\/\/www.securitydataandvideo.com\/inicio\/","sameAs":[],"logo":{"@type":"ImageObject","inLanguage":"es-MX","@id":"https:\/\/www.securitydataandvideo.com\/inicio\/#\/schema\/logo\/image\/","url":"https:\/\/www.securitydataandvideo.com\/inicio\/wp-content\/uploads\/2021\/10\/Logo-Azul.png","contentUrl":"https:\/\/www.securitydataandvideo.com\/inicio\/wp-content\/uploads\/2021\/10\/Logo-Azul.png","width":555,"height":375,"caption":"Security Data & Video SA de CV"},"image":{"@id":"https:\/\/www.securitydataandvideo.com\/inicio\/#\/schema\/logo\/image\/"}}]}},"_links":{"self":[{"href":"https:\/\/www.securitydataandvideo.com\/inicio\/wp-json\/wp\/v2\/product\/15967"}],"collection":[{"href":"https:\/\/www.securitydataandvideo.com\/inicio\/wp-json\/wp\/v2\/product"}],"about":[{"href":"https:\/\/www.securitydataandvideo.com\/inicio\/wp-json\/wp\/v2\/types\/product"}],"wp:featuredmedia":[{"embeddable":true,"href":"https:\/\/www.securitydataandvideo.com\/inicio\/wp-json\/wp\/v2\/media\/15998"}],"wp:attachment":[{"href":"https:\/\/www.securitydataandvideo.com\/inicio\/wp-json\/wp\/v2\/media?parent=15967"}],"wp:term":[{"taxonomy":"product_cat","embeddable":true,"href":"https:\/\/www.securitydataandvideo.com\/inicio\/wp-json\/wp\/v2\/product_cat?post=15967"},{"taxonomy":"product_tag","embeddable":true,"href":"https:\/\/www.securitydataandvideo.com\/inicio\/wp-json\/wp\/v2\/product_tag?post=15967"}],"curies":[{"name":"wp","href":"https:\/\/api.w.org\/{rel}","templated":true}]}}