{"id":15969,"date":"2022-07-21T11:33:23","date_gmt":"2022-07-21T17:33:23","guid":{"rendered":"https:\/\/www.securitydataandvideo.com\/inicio\/?post_type=product&#038;p=15969"},"modified":"2023-09-27T15:28:39","modified_gmt":"2023-09-27T21:28:39","slug":"camara-bala-turbohd-4k-8-megapixel-gran-angular-102-lente-2-8-mm-exterior-ip67-ir-exir-30-mts-dwdr","status":"publish","type":"product","link":"https:\/\/www.securitydataandvideo.com\/inicio\/shop\/camara-bala-turbohd-4k-8-megapixel-gran-angular-102-lente-2-8-mm-exterior-ip67-ir-exir-30-mts-dwdr\/","title":{"rendered":"Camara Bala TURBOHD 4K (8 Megapixel) \/ Gran Angular 102\u00b0 \/ Lente 2.8 mm \/ Exterior IP67 \/ IR EXIR 30 mts \/ dWDR"},"content":{"rendered":"<p>Camara Bala TURBOHD 4K (8 Megapixel) \/ Gran Angular 102\u00b0 \/ Lente 2.8 mm \/ Exterior IP67 \/ IR EXIR 30 mts \/ dWDR<\/p>\n<div class=\"col-sm-4\">\n<div><strong>Caracter\u00edsticas principales de Camara Bala TURBOHD 4K:<\/strong><\/p>\n<ul>\n<li>Resoluci\u00f3n m\u00e1xima: 8.29 Megap\u00edxel (3840 x 2160).<\/li>\n<li>Sensor CMOS scan progresivo.<\/li>\n<li>Lente fijo: 2.8 mm (\u00e1ngulo de visi\u00f3n 102.2\u00ba).<\/li>\n<li>30 mts IR EXIR.<\/li>\n<li>Soporta 4 tecnolog\u00edas (TVI \/ AHD \/ CVI \/ CVBS).<\/li>\n<li>Permite seleccionar la resoluci\u00f3n entre 8 Megap\u00edxel \/ 5 Megap\u00edxel \/ 4 Megap\u00edxel \/ 2 Megap\u00edxel.<\/li>\n<li>Funciones: dWDR \/ BLC \/ DNR \/ Mirror.<\/li>\n<\/ul>\n<\/div>\n<\/div>\n<div class=\"col-sm-4\">\n<div><strong>Caracter\u00edsticas F\u00edsicas y El\u00e9ctricas:<\/strong><strong>NOTA:\u00a0Para aplicacion de mas de una camara se recomienda el uso de fuente en corriente alterna en conjunto con el PLAD1000I y conector JR52.<\/strong><\/p>\n<ul>\n<li>Temperatura de operaci\u00f3n: -40\u00baC a 60\u00baC.<\/li>\n<li>Alimentaci\u00f3n: 12 vcd \/ 5.3 Watts.<\/li>\n<li>Protecci\u00f3n: IP67.<\/li>\n<li>Fabricado en metal y policarbonato.<\/li>\n<li>Dimensiones: 81.9 x 86.7 x 217.9 mm.<\/li>\n<li>Peso: 435 gramos.<\/li>\n<li><strong>Garant\u00eda: 2 a\u00f1os.<\/strong><\/li>\n<\/ul>\n<\/div>\n<\/div>\n<div class=\"col-sm-4\">\n<div><strong>M\u00e1xima compatibilidad:<\/strong>&nbsp;<\/p>\n<p><img src=\"https:\/\/ftp3.syscom.mx\/usuarios\/anavarrete\/Noe\/imagen1.png\" width=\"85%\" \/><\/p>\n<h4>Camera<\/h4>\n<p>Image Sensor 8.29 megapixel progressive scan CMOS<br \/>\nSignal System PAL\/NTSC<br \/>\nFrame Rate<br \/>\nTVI: 8MP@12.5fps, 8MP@15fps, 5MP@20fps, 4MP@25fps, 4MP@30fps, 2MP@25fps,<br \/>\n2MP@30fps<br \/>\nCVI: 8MP@12.5fps, 8MP@15fps<br \/>\nAHD: 8M@12.5fps, 8M@15fps<br \/>\nCVBS: 960H P\/N<br \/>\nResolution 3840 (H) \u00d7 2160 (V)<br \/>\nMin. Illumination Color: 0.01 Lux@(F1.2, AGC ON), 0 Lux with IR<br \/>\nShutter Time<br \/>\nPAL: 1\/12.5 s to 1\/50,000 s<br \/>\nNTSC: 1\/15 s to 1\/50,000 s<br \/>\nLens 2.8 mm, 3.6 mm, 6 mm fixed lens<br \/>\nHorizontal Field of View 102.2\u00b0(2.8 mm), 79\u00b0 (3.6 mm), 50.8\u00b0 (6 mm)<br \/>\nLens Mount M16<br \/>\nDay &amp; Night IR cut filter<br \/>\nAngle Adjustment (Bracket) Pan: 0\u00b0 to 360\u00b0, Tilt:0\u00b0 to 180\u00b0, Rotate: 0\u00b0 to 360\u00b0<br \/>\nSynchronization Internal synchronization<br \/>\nDWDR (Digital Wide Dynamic Range) 105 dB<br \/>\nMenu<br \/>\nAGC Yes<br \/>\nDay\/Night Mode Auto\/Color\/BW (Black and White)<br \/>\nWhite Balance Auto\/Manual<br \/>\nBLC (Backlight Compensation) Yes<br \/>\nLanguage English<br \/>\nFunctions Brightness, Sharpness, DNR, Mirror, Smart IR, HLC<br \/>\nInterface<br \/>\nVideo Output 1 HD analog output<br \/>\nSwitch Button TVI\/AHD\/CVI\/CVBS<br \/>\nGeneral<br \/>\nOperating Conditions -40 \u00b0C to 60 \u00b0C (-40 \u00b0F to 140 \u00b0F), humidity: 90% or less (non-condensation)<br \/>\nPower Supply 12 VDC \u00b125%<br \/>\n*You are recommended to use one power adapter to supply the power for one camera.<br \/>\nPower Consumption Max. 5.3 W<br \/>\nProtection Level IP67<br \/>\nMaterial Metal<br \/>\nIR Range Up to 30 m<br \/>\nCommunication Up the coax, Protocol: HIKVISION-C (TVI output)<br \/>\nDimensions 58 mm \u00d7 61 mm \u00d7 159.8 mm (2.28&#8243; \u00d7 2.40&#8243; \u00d7 6.42&#8243;)<br \/>\nWeight Approx. 345 g (0.76 lb.)<\/p>\n<\/div>\n<\/div>\n","protected":false},"excerpt":{"rendered":"<p>Camara Bala TURBOHD 4K (8 Megapixel) \/ Gran Angular 102\u00b0 \/ Lente 2.8 mm \/ Exterior IP67 \/ IR EXIR 30 mts \/ dWDR<\/p>\n","protected":false},"featured_media":16000,"template":"","meta":{"site-sidebar-layout":"default","site-content-layout":"default","ast-site-content-layout":"","site-content-style":"default","site-sidebar-style":"default","ast-global-header-display":"","ast-banner-title-visibility":"","ast-main-header-display":"","ast-hfb-above-header-display":"","ast-hfb-below-header-display":"","ast-hfb-mobile-header-display":"","site-post-title":"","ast-breadcrumbs-content":"","ast-featured-img":"","footer-sml-layout":"","theme-transparent-header-meta":"default","adv-header-id-meta":"","stick-header-meta":"","header-above-stick-meta":"","header-main-stick-meta":"","header-below-stick-meta":"","astra-migrate-meta-layouts":""},"product_cat":[282],"product_tag":[88],"yoast_head":"<!-- This site is optimized with the Yoast SEO plugin v19.5.1 - https:\/\/yoast.com\/wordpress\/plugins\/seo\/ -->\n<title>Camara Bala TURBOHD 4K<\/title>\n<meta name=\"description\" content=\"Camara Bala TURBOHD 4K (8 Megapixel) \/ Gran Angular 102\u00b0 \/ Lente 2.8 mm \/ Exterior IP67 \/ IR EXIR 30 mts \/ dWDR\" \/>\n<meta name=\"robots\" content=\"index, follow, max-snippet:-1, max-image-preview:large, max-video-preview:-1\" \/>\n<link rel=\"canonical\" href=\"https:\/\/www.securitydataandvideo.com\/inicio\/shop\/camara-bala-turbohd-4k-8-megapixel-gran-angular-102-lente-2-8-mm-exterior-ip67-ir-exir-30-mts-dwdr\/\" \/>\n<meta property=\"og:locale\" content=\"es_MX\" \/>\n<meta property=\"og:type\" content=\"article\" \/>\n<meta property=\"og:title\" content=\"Camara Bala TURBOHD 4K\" \/>\n<meta property=\"og:description\" content=\"Camara Bala TURBOHD 4K (8 Megapixel) \/ Gran Angular 102\u00b0 \/ Lente 2.8 mm \/ Exterior IP67 \/ IR EXIR 30 mts \/ dWDR\" \/>\n<meta property=\"og:url\" content=\"https:\/\/www.securitydataandvideo.com\/inicio\/shop\/camara-bala-turbohd-4k-8-megapixel-gran-angular-102-lente-2-8-mm-exterior-ip67-ir-exir-30-mts-dwdr\/\" \/>\n<meta property=\"og:site_name\" content=\"Security Data &amp; Video SA de CV.\" \/>\n<meta property=\"article:modified_time\" content=\"2023-09-27T21:28:39+00:00\" \/>\n<meta property=\"og:image\" content=\"https:\/\/www.securitydataandvideo.com\/inicio\/wp-content\/uploads\/2022\/07\/DS-2CE16U1T-ITF.png\" \/>\n\t<meta property=\"og:image:width\" content=\"325\" \/>\n\t<meta property=\"og:image:height\" content=\"258\" \/>\n\t<meta property=\"og:image:type\" content=\"image\/png\" \/>\n<meta name=\"twitter:card\" content=\"summary\" \/>\n<meta name=\"twitter:label1\" content=\"Tiempo de lectura\" \/>\n\t<meta name=\"twitter:data1\" content=\"2 minutos\" \/>\n<script type=\"application\/ld+json\" class=\"yoast-schema-graph\">{\"@context\":\"https:\/\/schema.org\",\"@graph\":[{\"@type\":\"WebPage\",\"@id\":\"https:\/\/www.securitydataandvideo.com\/inicio\/shop\/camara-bala-turbohd-4k-8-megapixel-gran-angular-102-lente-2-8-mm-exterior-ip67-ir-exir-30-mts-dwdr\/\",\"url\":\"https:\/\/www.securitydataandvideo.com\/inicio\/shop\/camara-bala-turbohd-4k-8-megapixel-gran-angular-102-lente-2-8-mm-exterior-ip67-ir-exir-30-mts-dwdr\/\",\"name\":\"Camara Bala TURBOHD 4K\",\"isPartOf\":{\"@id\":\"https:\/\/www.securitydataandvideo.com\/inicio\/#website\"},\"datePublished\":\"2022-07-21T17:33:23+00:00\",\"dateModified\":\"2023-09-27T21:28:39+00:00\",\"description\":\"Camara Bala TURBOHD 4K (8 Megapixel) \/ Gran Angular 102\u00b0 \/ Lente 2.8 mm \/ Exterior IP67 \/ IR EXIR 30 mts \/ dWDR\",\"breadcrumb\":{\"@id\":\"https:\/\/www.securitydataandvideo.com\/inicio\/shop\/camara-bala-turbohd-4k-8-megapixel-gran-angular-102-lente-2-8-mm-exterior-ip67-ir-exir-30-mts-dwdr\/#breadcrumb\"},\"inLanguage\":\"es-MX\",\"potentialAction\":[{\"@type\":\"ReadAction\",\"target\":[\"https:\/\/www.securitydataandvideo.com\/inicio\/shop\/camara-bala-turbohd-4k-8-megapixel-gran-angular-102-lente-2-8-mm-exterior-ip67-ir-exir-30-mts-dwdr\/\"]}]},{\"@type\":\"BreadcrumbList\",\"@id\":\"https:\/\/www.securitydataandvideo.com\/inicio\/shop\/camara-bala-turbohd-4k-8-megapixel-gran-angular-102-lente-2-8-mm-exterior-ip67-ir-exir-30-mts-dwdr\/#breadcrumb\",\"itemListElement\":[{\"@type\":\"ListItem\",\"position\":1,\"name\":\"Inicio\",\"item\":\"https:\/\/www.securitydataandvideo.com\/inicio\/\"},{\"@type\":\"ListItem\",\"position\":2,\"name\":\"Shop\",\"item\":\"https:\/\/www.securitydataandvideo.com\/inicio\/shop\/\"},{\"@type\":\"ListItem\",\"position\":3,\"name\":\"Camara Bala TURBOHD 4K (8 Megapixel) \/ Gran Angular 102\u00b0 \/ Lente 2.8 mm \/ Exterior IP67 \/ IR EXIR 30 mts \/ dWDR\"}]},{\"@type\":\"WebSite\",\"@id\":\"https:\/\/www.securitydataandvideo.com\/inicio\/#website\",\"url\":\"https:\/\/www.securitydataandvideo.com\/inicio\/\",\"name\":\"Security Data &amp; Video SA de CV.\",\"description\":\"Seguridad Electr\u00f3nica y Energ\u00eda\",\"publisher\":{\"@id\":\"https:\/\/www.securitydataandvideo.com\/inicio\/#organization\"},\"potentialAction\":[{\"@type\":\"SearchAction\",\"target\":{\"@type\":\"EntryPoint\",\"urlTemplate\":\"https:\/\/www.securitydataandvideo.com\/inicio\/?s={search_term_string}\"},\"query-input\":\"required name=search_term_string\"}],\"inLanguage\":\"es-MX\"},{\"@type\":\"Organization\",\"@id\":\"https:\/\/www.securitydataandvideo.com\/inicio\/#organization\",\"name\":\"Security Data & Video SA de CV\",\"url\":\"https:\/\/www.securitydataandvideo.com\/inicio\/\",\"sameAs\":[],\"logo\":{\"@type\":\"ImageObject\",\"inLanguage\":\"es-MX\",\"@id\":\"https:\/\/www.securitydataandvideo.com\/inicio\/#\/schema\/logo\/image\/\",\"url\":\"https:\/\/www.securitydataandvideo.com\/inicio\/wp-content\/uploads\/2021\/10\/Logo-Azul.png\",\"contentUrl\":\"https:\/\/www.securitydataandvideo.com\/inicio\/wp-content\/uploads\/2021\/10\/Logo-Azul.png\",\"width\":555,\"height\":375,\"caption\":\"Security Data & Video SA de CV\"},\"image\":{\"@id\":\"https:\/\/www.securitydataandvideo.com\/inicio\/#\/schema\/logo\/image\/\"}}]}<\/script>\n<!-- \/ Yoast SEO plugin. -->","yoast_head_json":{"title":"Camara Bala TURBOHD 4K","description":"Camara Bala TURBOHD 4K (8 Megapixel) \/ Gran Angular 102\u00b0 \/ Lente 2.8 mm \/ Exterior IP67 \/ IR EXIR 30 mts \/ dWDR","robots":{"index":"index","follow":"follow","max-snippet":"max-snippet:-1","max-image-preview":"max-image-preview:large","max-video-preview":"max-video-preview:-1"},"canonical":"https:\/\/www.securitydataandvideo.com\/inicio\/shop\/camara-bala-turbohd-4k-8-megapixel-gran-angular-102-lente-2-8-mm-exterior-ip67-ir-exir-30-mts-dwdr\/","og_locale":"es_MX","og_type":"article","og_title":"Camara Bala TURBOHD 4K","og_description":"Camara Bala TURBOHD 4K (8 Megapixel) \/ Gran Angular 102\u00b0 \/ Lente 2.8 mm \/ Exterior IP67 \/ IR EXIR 30 mts \/ dWDR","og_url":"https:\/\/www.securitydataandvideo.com\/inicio\/shop\/camara-bala-turbohd-4k-8-megapixel-gran-angular-102-lente-2-8-mm-exterior-ip67-ir-exir-30-mts-dwdr\/","og_site_name":"Security Data &amp; Video SA de CV.","article_modified_time":"2023-09-27T21:28:39+00:00","og_image":[{"width":325,"height":258,"url":"https:\/\/www.securitydataandvideo.com\/inicio\/wp-content\/uploads\/2022\/07\/DS-2CE16U1T-ITF.png","type":"image\/png"}],"twitter_card":"summary","twitter_misc":{"Tiempo de lectura":"2 minutos"},"schema":{"@context":"https:\/\/schema.org","@graph":[{"@type":"WebPage","@id":"https:\/\/www.securitydataandvideo.com\/inicio\/shop\/camara-bala-turbohd-4k-8-megapixel-gran-angular-102-lente-2-8-mm-exterior-ip67-ir-exir-30-mts-dwdr\/","url":"https:\/\/www.securitydataandvideo.com\/inicio\/shop\/camara-bala-turbohd-4k-8-megapixel-gran-angular-102-lente-2-8-mm-exterior-ip67-ir-exir-30-mts-dwdr\/","name":"Camara Bala TURBOHD 4K","isPartOf":{"@id":"https:\/\/www.securitydataandvideo.com\/inicio\/#website"},"datePublished":"2022-07-21T17:33:23+00:00","dateModified":"2023-09-27T21:28:39+00:00","description":"Camara Bala TURBOHD 4K (8 Megapixel) \/ Gran Angular 102\u00b0 \/ Lente 2.8 mm \/ Exterior IP67 \/ IR EXIR 30 mts \/ dWDR","breadcrumb":{"@id":"https:\/\/www.securitydataandvideo.com\/inicio\/shop\/camara-bala-turbohd-4k-8-megapixel-gran-angular-102-lente-2-8-mm-exterior-ip67-ir-exir-30-mts-dwdr\/#breadcrumb"},"inLanguage":"es-MX","potentialAction":[{"@type":"ReadAction","target":["https:\/\/www.securitydataandvideo.com\/inicio\/shop\/camara-bala-turbohd-4k-8-megapixel-gran-angular-102-lente-2-8-mm-exterior-ip67-ir-exir-30-mts-dwdr\/"]}]},{"@type":"BreadcrumbList","@id":"https:\/\/www.securitydataandvideo.com\/inicio\/shop\/camara-bala-turbohd-4k-8-megapixel-gran-angular-102-lente-2-8-mm-exterior-ip67-ir-exir-30-mts-dwdr\/#breadcrumb","itemListElement":[{"@type":"ListItem","position":1,"name":"Inicio","item":"https:\/\/www.securitydataandvideo.com\/inicio\/"},{"@type":"ListItem","position":2,"name":"Shop","item":"https:\/\/www.securitydataandvideo.com\/inicio\/shop\/"},{"@type":"ListItem","position":3,"name":"Camara Bala TURBOHD 4K (8 Megapixel) \/ Gran Angular 102\u00b0 \/ Lente 2.8 mm \/ Exterior IP67 \/ IR EXIR 30 mts \/ dWDR"}]},{"@type":"WebSite","@id":"https:\/\/www.securitydataandvideo.com\/inicio\/#website","url":"https:\/\/www.securitydataandvideo.com\/inicio\/","name":"Security Data &amp; Video SA de CV.","description":"Seguridad Electr\u00f3nica y Energ\u00eda","publisher":{"@id":"https:\/\/www.securitydataandvideo.com\/inicio\/#organization"},"potentialAction":[{"@type":"SearchAction","target":{"@type":"EntryPoint","urlTemplate":"https:\/\/www.securitydataandvideo.com\/inicio\/?s={search_term_string}"},"query-input":"required name=search_term_string"}],"inLanguage":"es-MX"},{"@type":"Organization","@id":"https:\/\/www.securitydataandvideo.com\/inicio\/#organization","name":"Security Data & Video SA de CV","url":"https:\/\/www.securitydataandvideo.com\/inicio\/","sameAs":[],"logo":{"@type":"ImageObject","inLanguage":"es-MX","@id":"https:\/\/www.securitydataandvideo.com\/inicio\/#\/schema\/logo\/image\/","url":"https:\/\/www.securitydataandvideo.com\/inicio\/wp-content\/uploads\/2021\/10\/Logo-Azul.png","contentUrl":"https:\/\/www.securitydataandvideo.com\/inicio\/wp-content\/uploads\/2021\/10\/Logo-Azul.png","width":555,"height":375,"caption":"Security Data & Video SA de CV"},"image":{"@id":"https:\/\/www.securitydataandvideo.com\/inicio\/#\/schema\/logo\/image\/"}}]}},"_links":{"self":[{"href":"https:\/\/www.securitydataandvideo.com\/inicio\/wp-json\/wp\/v2\/product\/15969"}],"collection":[{"href":"https:\/\/www.securitydataandvideo.com\/inicio\/wp-json\/wp\/v2\/product"}],"about":[{"href":"https:\/\/www.securitydataandvideo.com\/inicio\/wp-json\/wp\/v2\/types\/product"}],"wp:featuredmedia":[{"embeddable":true,"href":"https:\/\/www.securitydataandvideo.com\/inicio\/wp-json\/wp\/v2\/media\/16000"}],"wp:attachment":[{"href":"https:\/\/www.securitydataandvideo.com\/inicio\/wp-json\/wp\/v2\/media?parent=15969"}],"wp:term":[{"taxonomy":"product_cat","embeddable":true,"href":"https:\/\/www.securitydataandvideo.com\/inicio\/wp-json\/wp\/v2\/product_cat?post=15969"},{"taxonomy":"product_tag","embeddable":true,"href":"https:\/\/www.securitydataandvideo.com\/inicio\/wp-json\/wp\/v2\/product_tag?post=15969"}],"curies":[{"name":"wp","href":"https:\/\/api.w.org\/{rel}","templated":true}]}}