{"id":16036,"date":"2022-07-21T11:39:06","date_gmt":"2022-07-21T17:39:06","guid":{"rendered":"https:\/\/www.securitydataandvideo.com\/inicio\/?post_type=product&#038;p=16036"},"modified":"2023-10-02T23:15:07","modified_gmt":"2023-10-03T05:15:07","slug":"ds-2cd2041g1-idw1-camara-mini-bala-hikvision-ip-de-4-megapixeles-30-mts-ir-ip66-wifi-dwdr-lente-2-8-mm-soporta-micro-sd-h-265-microfono-interconstruido","status":"publish","type":"product","link":"https:\/\/www.securitydataandvideo.com\/inicio\/shop\/ds-2cd2041g1-idw1-camara-mini-bala-hikvision-ip-de-4-megapixeles-30-mts-ir-ip66-wifi-dwdr-lente-2-8-mm-soporta-micro-sd-h-265-microfono-interconstruido\/","title":{"rendered":"DS-2CD2041G1-IDW1 Camara Mini Bala Hikvision IP de 4 Megapixeles \/ 30 mts IR \/ IP66 \/ WIFI \/ dWDR \/ Lente 2.8 mm \/ Soporta Micro SD \/ H.265+ \/ Micr\u00f3fono Interconstruido"},"content":{"rendered":"<p><strong>DS-2CD2041G1-IDW1 Camara Mini Bala Hikvision IP de 4 Megapixeles \/ 30 mts IR \/ IP66 \/ WIFI \/ dWDR \/ Lente 2.8 mm \/ Soporta Micro SD \/ H.265+ \/ Micr\u00f3fono Interconstruido<\/strong><\/p>\n<div class=\"hidden-xs col-sm-4 col-md-4\">\n<h6><strong>Caracter\u00edsticas principales:<\/strong><\/h6>\n<ul>\n<li>Resoluci\u00f3n m\u00e1xima: 2560\u00a0x 1440\u00a0(4\u00a0Megapixel).<\/li>\n<li>Iluminaci\u00f3n m\u00ednima: color 0.01 lux @ (F1.2; AGC ON).<\/li>\n<li>Iluminaci\u00f3n m\u00ednima: B\/N 0.028 lux @ (F2.0; AGC ON).<\/li>\n<li>Dia \/ Noche Real (filtro ICR).<\/li>\n<li>Lente 2.8 mm (angulo de apertura 100\u00ba).<\/li>\n<li>Cuenta con antena WiFi \u00a0(50\u00a0mts de rango m\u00e1ximo, el rendimiento varia seg\u00fan el entorno).<\/li>\n<li>Distancia de infrarrojos: 30 mts IR EXIR.<\/li>\n<li>Funciones normales: dWDR \/ BLC.<\/li>\n<li>Compresi\u00f3n: H.265+ \/ H.265 \/ H.264+ \/ H.264.<\/li>\n<li>Compatible con la plataforma Hik-Connect P2P.<\/li>\n<\/ul>\n<h6><strong>Caracter\u00edsticas F\u00edsicas y El\u00e9ctricas:<\/strong><\/h6>\n<ul>\n<li style=\"list-style-type: none;\">\n<ul>\n<li>Alimentaci\u00f3n: 12 vcd \/ 6 W (No soporta PoE).<\/li>\n<li>Temperatura de operaci\u00f3n: -30\u00b0C a 60\u00b0C \/\u00a0Humedad al 95% m\u00e1ximo.<\/li>\n<li>Uso en exterior IP66.<\/li>\n<li>Dimensiones: 69.7\u00a0x 67.9 x 171.4\u00a0mm<\/li>\n<li>Peso: 372\u00a0grs.<\/li>\n<li><strong>Garant\u00eda: 2 a\u00f1os.<\/strong><\/li>\n<li>DS-2CD2041G1-IDW1 Camara Mini Bala Hikvision IP de 4 Megapixeles<\/li>\n<\/ul>\n<\/li>\n<\/ul>\n<\/div>\n","protected":false},"excerpt":{"rendered":"<div class=\"col-sm-8 col-md-8 well-sm\">\n<p id=\"product_title_166343\" class=\"no_margin_top titulo_vista_producto\">DS-2CD2041G1-IDW1 Camara Mini Bala Hikvision IP de 4 Megapixeles \/ 30 mts IR \/ IP66 \/ WIFI \/ dWDR \/ Lente 2.8 mm \/ Soporta Micro SD \/ H.265+ \/ Micr\u00f3fono Interconstruido<\/p>\n<\/div>\n<div class=\"hidden-xs col-sm-4 col-md-4\"><\/div>\n","protected":false},"featured_media":16087,"template":"","meta":{"site-sidebar-layout":"default","site-content-layout":"default","ast-site-content-layout":"","site-content-style":"default","site-sidebar-style":"default","ast-global-header-display":"","ast-banner-title-visibility":"","ast-main-header-display":"","ast-hfb-above-header-display":"","ast-hfb-below-header-display":"","ast-hfb-mobile-header-display":"","site-post-title":"","ast-breadcrumbs-content":"","ast-featured-img":"","footer-sml-layout":"","theme-transparent-header-meta":"default","adv-header-id-meta":"","stick-header-meta":"","header-above-stick-meta":"","header-main-stick-meta":"","header-below-stick-meta":"","astra-migrate-meta-layouts":""},"product_cat":[306],"product_tag":[88],"yoast_head":"<!-- This site is optimized with the Yoast SEO plugin v19.5.1 - https:\/\/yoast.com\/wordpress\/plugins\/seo\/ -->\n<title>DS-2CD2041G1-IDW1 Camara Mini Bala Hikvision IP de 4 Megapixeles<\/title>\n<meta name=\"description\" content=\"Security Data &amp; Video SA de CV. DS-2CD2041G1-IDW1 Camara Mini Bala Hikvision IP de 4 Megapixeles \/ 30 mts IR \/ IP66 \/ WIFI \/ dWDR \/ Lente 2.8 mm\" \/>\n<meta name=\"robots\" content=\"index, follow, max-snippet:-1, max-image-preview:large, max-video-preview:-1\" \/>\n<link rel=\"canonical\" href=\"https:\/\/www.securitydataandvideo.com\/inicio\/shop\/ds-2cd2041g1-idw1-camara-mini-bala-hikvision-ip-de-4-megapixeles-30-mts-ir-ip66-wifi-dwdr-lente-2-8-mm-soporta-micro-sd-h-265-microfono-interconstruido\/\" \/>\n<meta property=\"og:locale\" content=\"es_MX\" \/>\n<meta property=\"og:type\" content=\"article\" \/>\n<meta property=\"og:title\" content=\"DS-2CD2041G1-IDW1 Camara Mini Bala Hikvision IP de 4 Megapixeles\" \/>\n<meta property=\"og:description\" content=\"Security Data &amp; Video SA de CV. DS-2CD2041G1-IDW1 Camara Mini Bala Hikvision IP de 4 Megapixeles \/ 30 mts IR \/ IP66 \/ WIFI \/ dWDR \/ Lente 2.8 mm\" \/>\n<meta property=\"og:url\" content=\"https:\/\/www.securitydataandvideo.com\/inicio\/shop\/ds-2cd2041g1-idw1-camara-mini-bala-hikvision-ip-de-4-megapixeles-30-mts-ir-ip66-wifi-dwdr-lente-2-8-mm-soporta-micro-sd-h-265-microfono-interconstruido\/\" \/>\n<meta property=\"og:site_name\" content=\"Security Data &amp; Video SA de CV.\" \/>\n<meta property=\"article:modified_time\" content=\"2023-10-03T05:15:07+00:00\" \/>\n<meta property=\"og:image\" content=\"https:\/\/www.securitydataandvideo.com\/inicio\/wp-content\/uploads\/2022\/07\/DS2CD2041G1IDW1-p.png\" \/>\n\t<meta property=\"og:image:width\" content=\"400\" \/>\n\t<meta property=\"og:image:height\" content=\"400\" \/>\n\t<meta property=\"og:image:type\" content=\"image\/png\" \/>\n<meta name=\"twitter:card\" content=\"summary\" \/>\n<meta name=\"twitter:label1\" content=\"Tiempo de lectura\" \/>\n\t<meta name=\"twitter:data1\" content=\"1 minuto\" \/>\n<script type=\"application\/ld+json\" class=\"yoast-schema-graph\">{\"@context\":\"https:\/\/schema.org\",\"@graph\":[{\"@type\":\"WebPage\",\"@id\":\"https:\/\/www.securitydataandvideo.com\/inicio\/shop\/ds-2cd2041g1-idw1-camara-mini-bala-hikvision-ip-de-4-megapixeles-30-mts-ir-ip66-wifi-dwdr-lente-2-8-mm-soporta-micro-sd-h-265-microfono-interconstruido\/\",\"url\":\"https:\/\/www.securitydataandvideo.com\/inicio\/shop\/ds-2cd2041g1-idw1-camara-mini-bala-hikvision-ip-de-4-megapixeles-30-mts-ir-ip66-wifi-dwdr-lente-2-8-mm-soporta-micro-sd-h-265-microfono-interconstruido\/\",\"name\":\"DS-2CD2041G1-IDW1 Camara Mini Bala Hikvision IP de 4 Megapixeles\",\"isPartOf\":{\"@id\":\"https:\/\/www.securitydataandvideo.com\/inicio\/#website\"},\"datePublished\":\"2022-07-21T17:39:06+00:00\",\"dateModified\":\"2023-10-03T05:15:07+00:00\",\"description\":\"Security Data &amp; Video SA de CV. DS-2CD2041G1-IDW1 Camara Mini Bala Hikvision IP de 4 Megapixeles \/ 30 mts IR \/ IP66 \/ WIFI \/ dWDR \/ Lente 2.8 mm\",\"breadcrumb\":{\"@id\":\"https:\/\/www.securitydataandvideo.com\/inicio\/shop\/ds-2cd2041g1-idw1-camara-mini-bala-hikvision-ip-de-4-megapixeles-30-mts-ir-ip66-wifi-dwdr-lente-2-8-mm-soporta-micro-sd-h-265-microfono-interconstruido\/#breadcrumb\"},\"inLanguage\":\"es-MX\",\"potentialAction\":[{\"@type\":\"ReadAction\",\"target\":[\"https:\/\/www.securitydataandvideo.com\/inicio\/shop\/ds-2cd2041g1-idw1-camara-mini-bala-hikvision-ip-de-4-megapixeles-30-mts-ir-ip66-wifi-dwdr-lente-2-8-mm-soporta-micro-sd-h-265-microfono-interconstruido\/\"]}]},{\"@type\":\"BreadcrumbList\",\"@id\":\"https:\/\/www.securitydataandvideo.com\/inicio\/shop\/ds-2cd2041g1-idw1-camara-mini-bala-hikvision-ip-de-4-megapixeles-30-mts-ir-ip66-wifi-dwdr-lente-2-8-mm-soporta-micro-sd-h-265-microfono-interconstruido\/#breadcrumb\",\"itemListElement\":[{\"@type\":\"ListItem\",\"position\":1,\"name\":\"Inicio\",\"item\":\"https:\/\/www.securitydataandvideo.com\/inicio\/\"},{\"@type\":\"ListItem\",\"position\":2,\"name\":\"Shop\",\"item\":\"https:\/\/www.securitydataandvideo.com\/inicio\/shop\/\"},{\"@type\":\"ListItem\",\"position\":3,\"name\":\"DS-2CD2041G1-IDW1 Camara Mini Bala Hikvision IP de 4 Megapixeles \/ 30 mts IR \/ IP66 \/ WIFI \/ dWDR \/ Lente 2.8 mm \/ Soporta Micro SD \/ H.265+ \/ Micr\u00f3fono Interconstruido\"}]},{\"@type\":\"WebSite\",\"@id\":\"https:\/\/www.securitydataandvideo.com\/inicio\/#website\",\"url\":\"https:\/\/www.securitydataandvideo.com\/inicio\/\",\"name\":\"Security Data &amp; Video SA de CV.\",\"description\":\"Seguridad Electr\u00f3nica y Energ\u00eda\",\"publisher\":{\"@id\":\"https:\/\/www.securitydataandvideo.com\/inicio\/#organization\"},\"potentialAction\":[{\"@type\":\"SearchAction\",\"target\":{\"@type\":\"EntryPoint\",\"urlTemplate\":\"https:\/\/www.securitydataandvideo.com\/inicio\/?s={search_term_string}\"},\"query-input\":\"required name=search_term_string\"}],\"inLanguage\":\"es-MX\"},{\"@type\":\"Organization\",\"@id\":\"https:\/\/www.securitydataandvideo.com\/inicio\/#organization\",\"name\":\"Security Data & Video SA de CV\",\"url\":\"https:\/\/www.securitydataandvideo.com\/inicio\/\",\"sameAs\":[],\"logo\":{\"@type\":\"ImageObject\",\"inLanguage\":\"es-MX\",\"@id\":\"https:\/\/www.securitydataandvideo.com\/inicio\/#\/schema\/logo\/image\/\",\"url\":\"https:\/\/www.securitydataandvideo.com\/inicio\/wp-content\/uploads\/2021\/10\/Logo-Azul.png\",\"contentUrl\":\"https:\/\/www.securitydataandvideo.com\/inicio\/wp-content\/uploads\/2021\/10\/Logo-Azul.png\",\"width\":555,\"height\":375,\"caption\":\"Security Data & Video SA de CV\"},\"image\":{\"@id\":\"https:\/\/www.securitydataandvideo.com\/inicio\/#\/schema\/logo\/image\/\"}}]}<\/script>\n<!-- \/ Yoast SEO plugin. -->","yoast_head_json":{"title":"DS-2CD2041G1-IDW1 Camara Mini Bala Hikvision IP de 4 Megapixeles","description":"Security Data &amp; Video SA de CV. DS-2CD2041G1-IDW1 Camara Mini Bala Hikvision IP de 4 Megapixeles \/ 30 mts IR \/ IP66 \/ WIFI \/ dWDR \/ Lente 2.8 mm","robots":{"index":"index","follow":"follow","max-snippet":"max-snippet:-1","max-image-preview":"max-image-preview:large","max-video-preview":"max-video-preview:-1"},"canonical":"https:\/\/www.securitydataandvideo.com\/inicio\/shop\/ds-2cd2041g1-idw1-camara-mini-bala-hikvision-ip-de-4-megapixeles-30-mts-ir-ip66-wifi-dwdr-lente-2-8-mm-soporta-micro-sd-h-265-microfono-interconstruido\/","og_locale":"es_MX","og_type":"article","og_title":"DS-2CD2041G1-IDW1 Camara Mini Bala Hikvision IP de 4 Megapixeles","og_description":"Security Data &amp; Video SA de CV. DS-2CD2041G1-IDW1 Camara Mini Bala Hikvision IP de 4 Megapixeles \/ 30 mts IR \/ IP66 \/ WIFI \/ dWDR \/ Lente 2.8 mm","og_url":"https:\/\/www.securitydataandvideo.com\/inicio\/shop\/ds-2cd2041g1-idw1-camara-mini-bala-hikvision-ip-de-4-megapixeles-30-mts-ir-ip66-wifi-dwdr-lente-2-8-mm-soporta-micro-sd-h-265-microfono-interconstruido\/","og_site_name":"Security Data &amp; Video SA de CV.","article_modified_time":"2023-10-03T05:15:07+00:00","og_image":[{"width":400,"height":400,"url":"https:\/\/www.securitydataandvideo.com\/inicio\/wp-content\/uploads\/2022\/07\/DS2CD2041G1IDW1-p.png","type":"image\/png"}],"twitter_card":"summary","twitter_misc":{"Tiempo de lectura":"1 minuto"},"schema":{"@context":"https:\/\/schema.org","@graph":[{"@type":"WebPage","@id":"https:\/\/www.securitydataandvideo.com\/inicio\/shop\/ds-2cd2041g1-idw1-camara-mini-bala-hikvision-ip-de-4-megapixeles-30-mts-ir-ip66-wifi-dwdr-lente-2-8-mm-soporta-micro-sd-h-265-microfono-interconstruido\/","url":"https:\/\/www.securitydataandvideo.com\/inicio\/shop\/ds-2cd2041g1-idw1-camara-mini-bala-hikvision-ip-de-4-megapixeles-30-mts-ir-ip66-wifi-dwdr-lente-2-8-mm-soporta-micro-sd-h-265-microfono-interconstruido\/","name":"DS-2CD2041G1-IDW1 Camara Mini Bala Hikvision IP de 4 Megapixeles","isPartOf":{"@id":"https:\/\/www.securitydataandvideo.com\/inicio\/#website"},"datePublished":"2022-07-21T17:39:06+00:00","dateModified":"2023-10-03T05:15:07+00:00","description":"Security Data &amp; Video SA de CV. DS-2CD2041G1-IDW1 Camara Mini Bala Hikvision IP de 4 Megapixeles \/ 30 mts IR \/ IP66 \/ WIFI \/ dWDR \/ Lente 2.8 mm","breadcrumb":{"@id":"https:\/\/www.securitydataandvideo.com\/inicio\/shop\/ds-2cd2041g1-idw1-camara-mini-bala-hikvision-ip-de-4-megapixeles-30-mts-ir-ip66-wifi-dwdr-lente-2-8-mm-soporta-micro-sd-h-265-microfono-interconstruido\/#breadcrumb"},"inLanguage":"es-MX","potentialAction":[{"@type":"ReadAction","target":["https:\/\/www.securitydataandvideo.com\/inicio\/shop\/ds-2cd2041g1-idw1-camara-mini-bala-hikvision-ip-de-4-megapixeles-30-mts-ir-ip66-wifi-dwdr-lente-2-8-mm-soporta-micro-sd-h-265-microfono-interconstruido\/"]}]},{"@type":"BreadcrumbList","@id":"https:\/\/www.securitydataandvideo.com\/inicio\/shop\/ds-2cd2041g1-idw1-camara-mini-bala-hikvision-ip-de-4-megapixeles-30-mts-ir-ip66-wifi-dwdr-lente-2-8-mm-soporta-micro-sd-h-265-microfono-interconstruido\/#breadcrumb","itemListElement":[{"@type":"ListItem","position":1,"name":"Inicio","item":"https:\/\/www.securitydataandvideo.com\/inicio\/"},{"@type":"ListItem","position":2,"name":"Shop","item":"https:\/\/www.securitydataandvideo.com\/inicio\/shop\/"},{"@type":"ListItem","position":3,"name":"DS-2CD2041G1-IDW1 Camara Mini Bala Hikvision IP de 4 Megapixeles \/ 30 mts IR \/ IP66 \/ WIFI \/ dWDR \/ Lente 2.8 mm \/ Soporta Micro SD \/ H.265+ \/ Micr\u00f3fono Interconstruido"}]},{"@type":"WebSite","@id":"https:\/\/www.securitydataandvideo.com\/inicio\/#website","url":"https:\/\/www.securitydataandvideo.com\/inicio\/","name":"Security Data &amp; Video SA de CV.","description":"Seguridad Electr\u00f3nica y Energ\u00eda","publisher":{"@id":"https:\/\/www.securitydataandvideo.com\/inicio\/#organization"},"potentialAction":[{"@type":"SearchAction","target":{"@type":"EntryPoint","urlTemplate":"https:\/\/www.securitydataandvideo.com\/inicio\/?s={search_term_string}"},"query-input":"required name=search_term_string"}],"inLanguage":"es-MX"},{"@type":"Organization","@id":"https:\/\/www.securitydataandvideo.com\/inicio\/#organization","name":"Security Data & Video SA de CV","url":"https:\/\/www.securitydataandvideo.com\/inicio\/","sameAs":[],"logo":{"@type":"ImageObject","inLanguage":"es-MX","@id":"https:\/\/www.securitydataandvideo.com\/inicio\/#\/schema\/logo\/image\/","url":"https:\/\/www.securitydataandvideo.com\/inicio\/wp-content\/uploads\/2021\/10\/Logo-Azul.png","contentUrl":"https:\/\/www.securitydataandvideo.com\/inicio\/wp-content\/uploads\/2021\/10\/Logo-Azul.png","width":555,"height":375,"caption":"Security Data & Video SA de CV"},"image":{"@id":"https:\/\/www.securitydataandvideo.com\/inicio\/#\/schema\/logo\/image\/"}}]}},"_links":{"self":[{"href":"https:\/\/www.securitydataandvideo.com\/inicio\/wp-json\/wp\/v2\/product\/16036"}],"collection":[{"href":"https:\/\/www.securitydataandvideo.com\/inicio\/wp-json\/wp\/v2\/product"}],"about":[{"href":"https:\/\/www.securitydataandvideo.com\/inicio\/wp-json\/wp\/v2\/types\/product"}],"wp:featuredmedia":[{"embeddable":true,"href":"https:\/\/www.securitydataandvideo.com\/inicio\/wp-json\/wp\/v2\/media\/16087"}],"wp:attachment":[{"href":"https:\/\/www.securitydataandvideo.com\/inicio\/wp-json\/wp\/v2\/media?parent=16036"}],"wp:term":[{"taxonomy":"product_cat","embeddable":true,"href":"https:\/\/www.securitydataandvideo.com\/inicio\/wp-json\/wp\/v2\/product_cat?post=16036"},{"taxonomy":"product_tag","embeddable":true,"href":"https:\/\/www.securitydataandvideo.com\/inicio\/wp-json\/wp\/v2\/product_tag?post=16036"}],"curies":[{"name":"wp","href":"https:\/\/api.w.org\/{rel}","templated":true}]}}