{"id":16060,"date":"2022-07-21T11:39:51","date_gmt":"2022-07-21T17:39:51","guid":{"rendered":"https:\/\/www.securitydataandvideo.com\/inicio\/?post_type=product&#038;p=16060"},"modified":"2023-10-02T23:09:36","modified_gmt":"2023-10-03T05:09:36","slug":"ipc-d100","status":"publish","type":"product","link":"https:\/\/www.securitydataandvideo.com\/inicio\/shop\/ipc-d100\/","title":{"rendered":"IPC-D100"},"content":{"rendered":"<div class=\"col-sm-8 col-md-8 well-sm\">\n<h4 id=\"product_title_143300\" class=\"no_margin_top titulo_vista_producto\">HiLook Series \/ Domo IP 1 Megapixel \/ 30 mts IR \/ Exterior IP67 \/ Antivandalica IK10 \/ dWDR \/ PoE \/ Lente 2.8 mm<\/h4>\n<\/div>\n<div class=\"hidden-xs col-sm-4 col-md-4\">\n<p><span style=\"color: black;\"><strong>Caracter\u00edsticas principales:<\/strong><\/span><\/p>\n<ul>\n<li><span style=\"color: black;\">Resoluci\u00f3n maxima: 1280 x 720\u00a0( 1\u00a0Megapixel).<\/span><\/li>\n<li><span style=\"color: black;\">Iluminaci\u00f3n m\u00ednima: color 0.01\u00a0Lux @ (F1.2, AGC ON).<\/span><\/li>\n<li><span style=\"color: black;\">Iluminaci\u00f3n m\u00ednima: B\/N\u00a00\u00a0Lux con IR.<\/span><\/li>\n<li><span style=\"color: black;\">D\u00eda \/ Noche Real\u00a0(filtro ICR).<\/span><\/li>\n<li><span style=\"color: black;\">Distancia focal: 2.8 mm (gran angular).<\/span><\/li>\n<li><span style=\"color: black;\">Distancia de infrarrojo: 30\u00a0mts\u00a0Smart IR.<\/span><\/li>\n<li><span style=\"color: black;\">Funciones normales<strong>:<\/strong>\u00a0dWDR \/ BLC\u00a0\/ 3D-DNR.<\/span><\/li>\n<li>\u200bCompresi\u00f3n: H.264.<\/li>\n<li>\u200bCompatible con la plataforma de Hik-Connect.<\/li>\n<\/ul>\n<p><span style=\"color: black;\"><strong>Caracter\u00edsticas Generales:<\/strong>\u200b<\/span><\/p>\n<ul>\n<li><span style=\"color: black;\">Main Stream:\u00a0<\/span>\u00a030fps @(1280 \u00d7 720).<\/li>\n<li>\u200bSub Steam:\u00a030fps @( 640 \u00d7 480, 352 \u00d7 240, 320 \u00d7 240).<\/li>\n<li>Soporta hasta 6\u00a0usuarios simult\u00e1neos.<\/li>\n<li><span style=\"color: black;\"><strong>Caracter\u00edsticas F\u00edsicas y El\u00e9ctricas:<\/strong><\/span>\n<ul>\n<li>Alimentaci\u00f3n: 12 Vcd \/ 5\u00a0W \/ PoE (802.3 af).<\/li>\n<li><span style=\"color: black;\">Temperatura de operaci\u00f3n: -30\u00b0C a 60\u00b0C \/\u00a0Humedad al 95% m\u00e1ximo.<\/span><\/li>\n<li>Uso en Exterior \/ IP67.<\/li>\n<li><span style=\"color: black;\">Dimensiones: 69.1\u00a0x 66 x 172.7\u00a0mm<\/span><\/li>\n<li><span style=\"color: black;\">\u200bMaterial de plastico.\u00a0<\/span><\/li>\n<li><span style=\"color: black;\">Peso: 500 grs.<\/span><\/li>\n<li><strong><span style=\"color: black;\">\u200bGarant\u00eda: 1\u00a0a\u00f1o.<\/span><\/strong>\n<p><figure id=\"attachment_130\" aria-describedby=\"caption-attachment-130\" style=\"width: 150px\" class=\"wp-caption alignnone\"><img loading=\"lazy\" class=\"size-thumbnail wp-image-130 additional-class\" src=\"http:\/\/solucionesdeinfraestructura.com\/comercio\/wp-content\/uploads\/2019\/04\/IPC-D100-HiLook-150x150.png\" alt=\"IPC-D100 HiLook\" width=\"150\" height=\"150\" \/><figcaption id=\"caption-attachment-130\" class=\"wp-caption-text\">IPC-D100 HiLook<\/figcaption><\/figure><\/li>\n<\/ul>\n<\/li>\n<\/ul>\n<\/div>\n","protected":false},"excerpt":{"rendered":"<div class=\"col-sm-8 col-md-8 well-sm\">\n<h4 id=\"product_title_143300\" class=\"no_margin_top titulo_vista_producto\">HiLook Series \/ Domo IP 1 Megapixel \/ 30 mts IR \/ Exterior IP67 \/ Antivandalica IK10 \/ dWDR \/ PoE \/ Lente 2.8 mm<\/h4>\n<\/div>\n<div class=\"hidden-xs col-sm-4 col-md-4\">\n<figure id=\"attachment_130\" aria-describedby=\"caption-attachment-130\" style=\"width: 150px\" class=\"wp-caption alignnone\"><img loading=\"lazy\" class=\"size-thumbnail wp-image-130 additional-class\" src=\"http:\/\/solucionesdeinfraestructura.com\/comercio\/wp-content\/uploads\/2019\/04\/IPC-D100-HiLook-150x150.png\" alt=\"IPC-D100 HiLook\" width=\"150\" height=\"150\" \/><figcaption id=\"caption-attachment-130\" class=\"wp-caption-text\">IPC-D100 HiLook<\/figcaption><\/figure>\n<\/div>\n","protected":false},"featured_media":16090,"template":"","meta":{"site-sidebar-layout":"","site-content-layout":"","ast-site-content-layout":"","site-content-style":"default","site-sidebar-style":"default","ast-global-header-display":"","ast-banner-title-visibility":"","ast-main-header-display":"","ast-hfb-above-header-display":"","ast-hfb-below-header-display":"","ast-hfb-mobile-header-display":"","site-post-title":"","ast-breadcrumbs-content":"","ast-featured-img":"","footer-sml-layout":"","theme-transparent-header-meta":"","adv-header-id-meta":"","stick-header-meta":"","header-above-stick-meta":"","header-main-stick-meta":"","header-below-stick-meta":"","astra-migrate-meta-layouts":""},"product_cat":[306],"product_tag":[],"yoast_head":"<!-- This site is optimized with the Yoast SEO plugin v19.5.1 - https:\/\/yoast.com\/wordpress\/plugins\/seo\/ -->\n<title>IPC-D100<\/title>\n<meta name=\"description\" content=\"IPC-D100\" \/>\n<meta name=\"robots\" content=\"index, follow, max-snippet:-1, max-image-preview:large, max-video-preview:-1\" \/>\n<link rel=\"canonical\" href=\"https:\/\/www.securitydataandvideo.com\/inicio\/shop\/ipc-d100\/\" \/>\n<meta property=\"og:locale\" content=\"es_MX\" \/>\n<meta property=\"og:type\" content=\"article\" \/>\n<meta property=\"og:title\" content=\"IPC-D100\" \/>\n<meta property=\"og:description\" content=\"IPC-D100\" \/>\n<meta property=\"og:url\" content=\"https:\/\/www.securitydataandvideo.com\/inicio\/shop\/ipc-d100\/\" \/>\n<meta property=\"og:site_name\" content=\"Security Data &amp; Video SA de CV.\" \/>\n<meta property=\"article:modified_time\" content=\"2023-10-03T05:09:36+00:00\" \/>\n<meta property=\"og:image\" content=\"https:\/\/www.securitydataandvideo.com\/inicio\/wp-content\/uploads\/2022\/07\/IPC-D100-HiLook.png\" \/>\n\t<meta property=\"og:image:width\" content=\"252\" \/>\n\t<meta property=\"og:image:height\" content=\"240\" \/>\n\t<meta property=\"og:image:type\" content=\"image\/png\" \/>\n<meta name=\"twitter:card\" content=\"summary\" \/>\n<meta name=\"twitter:label1\" content=\"Tiempo de lectura\" \/>\n\t<meta name=\"twitter:data1\" content=\"1 minuto\" \/>\n<script type=\"application\/ld+json\" class=\"yoast-schema-graph\">{\"@context\":\"https:\/\/schema.org\",\"@graph\":[{\"@type\":\"WebPage\",\"@id\":\"https:\/\/www.securitydataandvideo.com\/inicio\/shop\/ipc-d100\/\",\"url\":\"https:\/\/www.securitydataandvideo.com\/inicio\/shop\/ipc-d100\/\",\"name\":\"IPC-D100\",\"isPartOf\":{\"@id\":\"https:\/\/www.securitydataandvideo.com\/inicio\/#website\"},\"datePublished\":\"2022-07-21T17:39:51+00:00\",\"dateModified\":\"2023-10-03T05:09:36+00:00\",\"description\":\"IPC-D100\",\"breadcrumb\":{\"@id\":\"https:\/\/www.securitydataandvideo.com\/inicio\/shop\/ipc-d100\/#breadcrumb\"},\"inLanguage\":\"es-MX\",\"potentialAction\":[{\"@type\":\"ReadAction\",\"target\":[\"https:\/\/www.securitydataandvideo.com\/inicio\/shop\/ipc-d100\/\"]}]},{\"@type\":\"BreadcrumbList\",\"@id\":\"https:\/\/www.securitydataandvideo.com\/inicio\/shop\/ipc-d100\/#breadcrumb\",\"itemListElement\":[{\"@type\":\"ListItem\",\"position\":1,\"name\":\"Inicio\",\"item\":\"https:\/\/www.securitydataandvideo.com\/inicio\/\"},{\"@type\":\"ListItem\",\"position\":2,\"name\":\"Shop\",\"item\":\"https:\/\/www.securitydataandvideo.com\/inicio\/shop\/\"},{\"@type\":\"ListItem\",\"position\":3,\"name\":\"IPC-D100\"}]},{\"@type\":\"WebSite\",\"@id\":\"https:\/\/www.securitydataandvideo.com\/inicio\/#website\",\"url\":\"https:\/\/www.securitydataandvideo.com\/inicio\/\",\"name\":\"Security Data &amp; Video SA de CV.\",\"description\":\"Seguridad Electr\u00f3nica y Energ\u00eda\",\"publisher\":{\"@id\":\"https:\/\/www.securitydataandvideo.com\/inicio\/#organization\"},\"potentialAction\":[{\"@type\":\"SearchAction\",\"target\":{\"@type\":\"EntryPoint\",\"urlTemplate\":\"https:\/\/www.securitydataandvideo.com\/inicio\/?s={search_term_string}\"},\"query-input\":\"required name=search_term_string\"}],\"inLanguage\":\"es-MX\"},{\"@type\":\"Organization\",\"@id\":\"https:\/\/www.securitydataandvideo.com\/inicio\/#organization\",\"name\":\"Security Data & Video SA de CV\",\"url\":\"https:\/\/www.securitydataandvideo.com\/inicio\/\",\"sameAs\":[],\"logo\":{\"@type\":\"ImageObject\",\"inLanguage\":\"es-MX\",\"@id\":\"https:\/\/www.securitydataandvideo.com\/inicio\/#\/schema\/logo\/image\/\",\"url\":\"https:\/\/www.securitydataandvideo.com\/inicio\/wp-content\/uploads\/2021\/10\/Logo-Azul.png\",\"contentUrl\":\"https:\/\/www.securitydataandvideo.com\/inicio\/wp-content\/uploads\/2021\/10\/Logo-Azul.png\",\"width\":555,\"height\":375,\"caption\":\"Security Data & Video SA de CV\"},\"image\":{\"@id\":\"https:\/\/www.securitydataandvideo.com\/inicio\/#\/schema\/logo\/image\/\"}}]}<\/script>\n<!-- \/ Yoast SEO plugin. -->","yoast_head_json":{"title":"IPC-D100","description":"IPC-D100","robots":{"index":"index","follow":"follow","max-snippet":"max-snippet:-1","max-image-preview":"max-image-preview:large","max-video-preview":"max-video-preview:-1"},"canonical":"https:\/\/www.securitydataandvideo.com\/inicio\/shop\/ipc-d100\/","og_locale":"es_MX","og_type":"article","og_title":"IPC-D100","og_description":"IPC-D100","og_url":"https:\/\/www.securitydataandvideo.com\/inicio\/shop\/ipc-d100\/","og_site_name":"Security Data &amp; Video SA de CV.","article_modified_time":"2023-10-03T05:09:36+00:00","og_image":[{"width":252,"height":240,"url":"https:\/\/www.securitydataandvideo.com\/inicio\/wp-content\/uploads\/2022\/07\/IPC-D100-HiLook.png","type":"image\/png"}],"twitter_card":"summary","twitter_misc":{"Tiempo de lectura":"1 minuto"},"schema":{"@context":"https:\/\/schema.org","@graph":[{"@type":"WebPage","@id":"https:\/\/www.securitydataandvideo.com\/inicio\/shop\/ipc-d100\/","url":"https:\/\/www.securitydataandvideo.com\/inicio\/shop\/ipc-d100\/","name":"IPC-D100","isPartOf":{"@id":"https:\/\/www.securitydataandvideo.com\/inicio\/#website"},"datePublished":"2022-07-21T17:39:51+00:00","dateModified":"2023-10-03T05:09:36+00:00","description":"IPC-D100","breadcrumb":{"@id":"https:\/\/www.securitydataandvideo.com\/inicio\/shop\/ipc-d100\/#breadcrumb"},"inLanguage":"es-MX","potentialAction":[{"@type":"ReadAction","target":["https:\/\/www.securitydataandvideo.com\/inicio\/shop\/ipc-d100\/"]}]},{"@type":"BreadcrumbList","@id":"https:\/\/www.securitydataandvideo.com\/inicio\/shop\/ipc-d100\/#breadcrumb","itemListElement":[{"@type":"ListItem","position":1,"name":"Inicio","item":"https:\/\/www.securitydataandvideo.com\/inicio\/"},{"@type":"ListItem","position":2,"name":"Shop","item":"https:\/\/www.securitydataandvideo.com\/inicio\/shop\/"},{"@type":"ListItem","position":3,"name":"IPC-D100"}]},{"@type":"WebSite","@id":"https:\/\/www.securitydataandvideo.com\/inicio\/#website","url":"https:\/\/www.securitydataandvideo.com\/inicio\/","name":"Security Data &amp; Video SA de CV.","description":"Seguridad Electr\u00f3nica y Energ\u00eda","publisher":{"@id":"https:\/\/www.securitydataandvideo.com\/inicio\/#organization"},"potentialAction":[{"@type":"SearchAction","target":{"@type":"EntryPoint","urlTemplate":"https:\/\/www.securitydataandvideo.com\/inicio\/?s={search_term_string}"},"query-input":"required name=search_term_string"}],"inLanguage":"es-MX"},{"@type":"Organization","@id":"https:\/\/www.securitydataandvideo.com\/inicio\/#organization","name":"Security Data & Video SA de CV","url":"https:\/\/www.securitydataandvideo.com\/inicio\/","sameAs":[],"logo":{"@type":"ImageObject","inLanguage":"es-MX","@id":"https:\/\/www.securitydataandvideo.com\/inicio\/#\/schema\/logo\/image\/","url":"https:\/\/www.securitydataandvideo.com\/inicio\/wp-content\/uploads\/2021\/10\/Logo-Azul.png","contentUrl":"https:\/\/www.securitydataandvideo.com\/inicio\/wp-content\/uploads\/2021\/10\/Logo-Azul.png","width":555,"height":375,"caption":"Security Data & Video SA de CV"},"image":{"@id":"https:\/\/www.securitydataandvideo.com\/inicio\/#\/schema\/logo\/image\/"}}]}},"_links":{"self":[{"href":"https:\/\/www.securitydataandvideo.com\/inicio\/wp-json\/wp\/v2\/product\/16060"}],"collection":[{"href":"https:\/\/www.securitydataandvideo.com\/inicio\/wp-json\/wp\/v2\/product"}],"about":[{"href":"https:\/\/www.securitydataandvideo.com\/inicio\/wp-json\/wp\/v2\/types\/product"}],"wp:featuredmedia":[{"embeddable":true,"href":"https:\/\/www.securitydataandvideo.com\/inicio\/wp-json\/wp\/v2\/media\/16090"}],"wp:attachment":[{"href":"https:\/\/www.securitydataandvideo.com\/inicio\/wp-json\/wp\/v2\/media?parent=16060"}],"wp:term":[{"taxonomy":"product_cat","embeddable":true,"href":"https:\/\/www.securitydataandvideo.com\/inicio\/wp-json\/wp\/v2\/product_cat?post=16060"},{"taxonomy":"product_tag","embeddable":true,"href":"https:\/\/www.securitydataandvideo.com\/inicio\/wp-json\/wp\/v2\/product_tag?post=16060"}],"curies":[{"name":"wp","href":"https:\/\/api.w.org\/{rel}","templated":true}]}}