{"id":16065,"date":"2022-07-21T11:39:54","date_gmt":"2022-07-21T17:39:54","guid":{"rendered":"https:\/\/www.securitydataandvideo.com\/inicio\/?post_type=product&#038;p=16065"},"modified":"2023-10-02T23:09:10","modified_gmt":"2023-10-03T05:09:10","slug":"ds-2cd1721fwd-izb","status":"publish","type":"product","link":"https:\/\/www.securitydataandvideo.com\/inicio\/shop\/ds-2cd1721fwd-izb\/","title":{"rendered":"DS-2CD1721FWD-IZB"},"content":{"rendered":"<div class=\"col-sm-8 col-md-8 well-sm\">\n<h4 id=\"product_title_94229\" class=\"no_margin_top titulo_vista_producto\">Domo IP 2 Megapixel \/ Lente Mot. 2.8 a 12 mm \/ 30 mts IR EXIR \/ WDR 120dB \/ IP67 \/ IK10 \/ PoE \/ Color negro \/ ONVIF<\/h4>\n<\/div>\n<p><strong>Caracteristicas de la camara:<\/strong><\/p>\n<ul>\n<li>Sensor de imagen: 1\/2.8 CMOS Scan Progresivo.<\/li>\n<li>Iluminacion minima: Color: 0.01Lux @(F1.2,AGC ON) ,0 Lux with IR, B\/W: 0.0073Lux @(F1.4 AGC ON), 0 Lux con\u00a0IR<\/li>\n<li>Velocidad del sutther: 1\/3 s &#8211; 1\/100,000 s.<\/li>\n<li>Dia \/ Noche real con filtro ICR.<\/li>\n<li>Lente Varifical Motorizado: 2.8 a 12 mm.<\/li>\n<li>Distancia de IR: 30m IR inteligente.<\/li>\n<li><strong>Funciones:<\/strong>\u00a0WDR real (120dB), 3D-DNR.<\/li>\n<\/ul>\n<p><strong>Compresi\u00f3n de v\u00eddeo y resoluci\u00f3n m\u00e1xima:<\/strong><\/p>\n<ul>\n<li>Main stream: H.264+ \/ H.264.<\/li>\n<li>Sub stream: H.264 \/ MJPEG.<\/li>\n<li>Video bit rate: 32 Kbps &#8211; 8\u00a0Mbps.<\/li>\n<li>Resolucion maxima:\u00a01920 \u00d7 1080 (2MP).<\/li>\n<li>Main stream:\u00a050Hz: 25fps @(1920 \u00d7 1080, 1280 \u00d7 960, 1280 \u00d7 720).<br \/>\n60Hz: 30fps @(1920 \u00d7 1080, 1280 \u00d7 960, 1280 \u00d7 720)<\/li>\n<li>Sub stream:\u00a050Hz: 25fps @(704 \u00d7 576, 640 \u00d7 360, 352 \u00d7 288, 320 \u00d7 240)<br \/>\n60Hz: 30fps @(704 \u00d7 480, 640 \u00d7 360, 352 \u00d7 240, 320 \u00d7 240).<\/li>\n<li><strong>Caracter\u00edsticas f\u00edsicas y el\u00e9ctricas:<\/strong>\n<ul>\n<li>Temperatura de operaci\u00f3n:\u00a0-30 a\u00a060 \u00b0C (-22 \u00b0F \u2013 140 \u00b0F), humedad 95%.<\/li>\n<li>Alimentacion: 12Vcd \/ PoE (802.3af) \/ 11\u00a0W.<\/li>\n<li>Protecci\u00f3n: IP67, IK10.<\/li>\n<li>Dimensiones: 141\u00a0\u00d7 99.9\u00a0mm<\/li>\n<li>Peso: 800\u00a0grs.<\/li>\n<\/ul>\n<p><strong>Garantia: 2\u00a0a\u00f1os.<\/strong><\/p>\n<p><figure id=\"attachment_140\" aria-describedby=\"caption-attachment-140\" style=\"width: 150px\" class=\"wp-caption alignnone\"><img loading=\"lazy\" class=\"size-thumbnail wp-image-140 additional-class\" src=\"http:\/\/solucionesdeinfraestructura.com\/comercio\/wp-content\/uploads\/2019\/04\/DS-2CD1721FWD-IZB-Hikvision-150x150.png\" alt=\"DS-2CD1721FWD-IZB Hikvision\" width=\"150\" height=\"150\" \/><figcaption id=\"caption-attachment-140\" class=\"wp-caption-text\">DS-2CD1721FWD-IZB Hikvision<\/figcaption><\/figure><\/li>\n<\/ul>\n","protected":false},"excerpt":{"rendered":"<div class=\"col-sm-8 col-md-8 well-sm\">\n<h4 id=\"product_title_94229\" class=\"no_margin_top titulo_vista_producto\">Domo IP 2 Megapixel \/ Lente Mot. 2.8 a 12 mm \/ 30 mts IR EXIR \/ WDR 120dB \/ IP67 \/ IK10 \/ PoE \/ Color negro \/ ONVIF<\/h4>\n<\/div>\n<div class=\"hidden-xs col-sm-4 col-md-4\">\n<figure id=\"attachment_140\" aria-describedby=\"caption-attachment-140\" style=\"width: 150px\" class=\"wp-caption alignnone\"><img loading=\"lazy\" class=\"size-thumbnail wp-image-140 additional-class\" src=\"http:\/\/solucionesdeinfraestructura.com\/comercio\/wp-content\/uploads\/2019\/04\/DS-2CD1721FWD-IZB-Hikvision-150x150.png\" alt=\"DS-2CD1721FWD-IZB Hikvision\" width=\"150\" height=\"150\" \/><figcaption id=\"caption-attachment-140\" class=\"wp-caption-text\">DS-2CD1721FWD-IZB Hikvision<\/figcaption><\/figure>\n<\/div>\n","protected":false},"featured_media":16095,"template":"","meta":{"site-sidebar-layout":"","site-content-layout":"","ast-site-content-layout":"","site-content-style":"default","site-sidebar-style":"default","ast-global-header-display":"","ast-banner-title-visibility":"","ast-main-header-display":"","ast-hfb-above-header-display":"","ast-hfb-below-header-display":"","ast-hfb-mobile-header-display":"","site-post-title":"","ast-breadcrumbs-content":"","ast-featured-img":"","footer-sml-layout":"","theme-transparent-header-meta":"","adv-header-id-meta":"","stick-header-meta":"","header-above-stick-meta":"","header-main-stick-meta":"","header-below-stick-meta":"","astra-migrate-meta-layouts":""},"product_cat":[306],"product_tag":[],"yoast_head":"<!-- This site is optimized with the Yoast SEO plugin v19.5.1 - https:\/\/yoast.com\/wordpress\/plugins\/seo\/ -->\n<title>DS-2CD1721FWD-IZB<\/title>\n<meta name=\"description\" content=\"DS-2CD1721FWD-IZB\" \/>\n<meta name=\"robots\" content=\"index, follow, max-snippet:-1, max-image-preview:large, max-video-preview:-1\" \/>\n<link rel=\"canonical\" href=\"https:\/\/www.securitydataandvideo.com\/inicio\/shop\/ds-2cd1721fwd-izb\/\" \/>\n<meta property=\"og:locale\" content=\"es_MX\" \/>\n<meta property=\"og:type\" content=\"article\" \/>\n<meta property=\"og:title\" content=\"DS-2CD1721FWD-IZB\" \/>\n<meta property=\"og:description\" content=\"DS-2CD1721FWD-IZB\" \/>\n<meta property=\"og:url\" content=\"https:\/\/www.securitydataandvideo.com\/inicio\/shop\/ds-2cd1721fwd-izb\/\" \/>\n<meta property=\"og:site_name\" content=\"Security Data &amp; Video SA de CV.\" \/>\n<meta property=\"article:modified_time\" content=\"2023-10-03T05:09:10+00:00\" \/>\n<meta property=\"og:image\" content=\"https:\/\/www.securitydataandvideo.com\/inicio\/wp-content\/uploads\/2022\/07\/DS-2CD1721FWD-IZB-Hikvision.png\" \/>\n\t<meta property=\"og:image:width\" content=\"264\" \/>\n\t<meta property=\"og:image:height\" content=\"209\" \/>\n\t<meta property=\"og:image:type\" content=\"image\/png\" \/>\n<meta name=\"twitter:card\" content=\"summary\" \/>\n<meta name=\"twitter:label1\" content=\"Tiempo de lectura\" \/>\n\t<meta name=\"twitter:data1\" content=\"1 minuto\" \/>\n<script type=\"application\/ld+json\" class=\"yoast-schema-graph\">{\"@context\":\"https:\/\/schema.org\",\"@graph\":[{\"@type\":\"WebPage\",\"@id\":\"https:\/\/www.securitydataandvideo.com\/inicio\/shop\/ds-2cd1721fwd-izb\/\",\"url\":\"https:\/\/www.securitydataandvideo.com\/inicio\/shop\/ds-2cd1721fwd-izb\/\",\"name\":\"DS-2CD1721FWD-IZB\",\"isPartOf\":{\"@id\":\"https:\/\/www.securitydataandvideo.com\/inicio\/#website\"},\"datePublished\":\"2022-07-21T17:39:54+00:00\",\"dateModified\":\"2023-10-03T05:09:10+00:00\",\"description\":\"DS-2CD1721FWD-IZB\",\"breadcrumb\":{\"@id\":\"https:\/\/www.securitydataandvideo.com\/inicio\/shop\/ds-2cd1721fwd-izb\/#breadcrumb\"},\"inLanguage\":\"es-MX\",\"potentialAction\":[{\"@type\":\"ReadAction\",\"target\":[\"https:\/\/www.securitydataandvideo.com\/inicio\/shop\/ds-2cd1721fwd-izb\/\"]}]},{\"@type\":\"BreadcrumbList\",\"@id\":\"https:\/\/www.securitydataandvideo.com\/inicio\/shop\/ds-2cd1721fwd-izb\/#breadcrumb\",\"itemListElement\":[{\"@type\":\"ListItem\",\"position\":1,\"name\":\"Inicio\",\"item\":\"https:\/\/www.securitydataandvideo.com\/inicio\/\"},{\"@type\":\"ListItem\",\"position\":2,\"name\":\"Shop\",\"item\":\"https:\/\/www.securitydataandvideo.com\/inicio\/shop\/\"},{\"@type\":\"ListItem\",\"position\":3,\"name\":\"DS-2CD1721FWD-IZB\"}]},{\"@type\":\"WebSite\",\"@id\":\"https:\/\/www.securitydataandvideo.com\/inicio\/#website\",\"url\":\"https:\/\/www.securitydataandvideo.com\/inicio\/\",\"name\":\"Security Data &amp; Video SA de CV.\",\"description\":\"Seguridad Electr\u00f3nica y Energ\u00eda\",\"publisher\":{\"@id\":\"https:\/\/www.securitydataandvideo.com\/inicio\/#organization\"},\"potentialAction\":[{\"@type\":\"SearchAction\",\"target\":{\"@type\":\"EntryPoint\",\"urlTemplate\":\"https:\/\/www.securitydataandvideo.com\/inicio\/?s={search_term_string}\"},\"query-input\":\"required name=search_term_string\"}],\"inLanguage\":\"es-MX\"},{\"@type\":\"Organization\",\"@id\":\"https:\/\/www.securitydataandvideo.com\/inicio\/#organization\",\"name\":\"Security Data & Video SA de CV\",\"url\":\"https:\/\/www.securitydataandvideo.com\/inicio\/\",\"sameAs\":[],\"logo\":{\"@type\":\"ImageObject\",\"inLanguage\":\"es-MX\",\"@id\":\"https:\/\/www.securitydataandvideo.com\/inicio\/#\/schema\/logo\/image\/\",\"url\":\"https:\/\/www.securitydataandvideo.com\/inicio\/wp-content\/uploads\/2021\/10\/Logo-Azul.png\",\"contentUrl\":\"https:\/\/www.securitydataandvideo.com\/inicio\/wp-content\/uploads\/2021\/10\/Logo-Azul.png\",\"width\":555,\"height\":375,\"caption\":\"Security Data & Video SA de CV\"},\"image\":{\"@id\":\"https:\/\/www.securitydataandvideo.com\/inicio\/#\/schema\/logo\/image\/\"}}]}<\/script>\n<!-- \/ Yoast SEO plugin. -->","yoast_head_json":{"title":"DS-2CD1721FWD-IZB","description":"DS-2CD1721FWD-IZB","robots":{"index":"index","follow":"follow","max-snippet":"max-snippet:-1","max-image-preview":"max-image-preview:large","max-video-preview":"max-video-preview:-1"},"canonical":"https:\/\/www.securitydataandvideo.com\/inicio\/shop\/ds-2cd1721fwd-izb\/","og_locale":"es_MX","og_type":"article","og_title":"DS-2CD1721FWD-IZB","og_description":"DS-2CD1721FWD-IZB","og_url":"https:\/\/www.securitydataandvideo.com\/inicio\/shop\/ds-2cd1721fwd-izb\/","og_site_name":"Security Data &amp; Video SA de CV.","article_modified_time":"2023-10-03T05:09:10+00:00","og_image":[{"width":264,"height":209,"url":"https:\/\/www.securitydataandvideo.com\/inicio\/wp-content\/uploads\/2022\/07\/DS-2CD1721FWD-IZB-Hikvision.png","type":"image\/png"}],"twitter_card":"summary","twitter_misc":{"Tiempo de lectura":"1 minuto"},"schema":{"@context":"https:\/\/schema.org","@graph":[{"@type":"WebPage","@id":"https:\/\/www.securitydataandvideo.com\/inicio\/shop\/ds-2cd1721fwd-izb\/","url":"https:\/\/www.securitydataandvideo.com\/inicio\/shop\/ds-2cd1721fwd-izb\/","name":"DS-2CD1721FWD-IZB","isPartOf":{"@id":"https:\/\/www.securitydataandvideo.com\/inicio\/#website"},"datePublished":"2022-07-21T17:39:54+00:00","dateModified":"2023-10-03T05:09:10+00:00","description":"DS-2CD1721FWD-IZB","breadcrumb":{"@id":"https:\/\/www.securitydataandvideo.com\/inicio\/shop\/ds-2cd1721fwd-izb\/#breadcrumb"},"inLanguage":"es-MX","potentialAction":[{"@type":"ReadAction","target":["https:\/\/www.securitydataandvideo.com\/inicio\/shop\/ds-2cd1721fwd-izb\/"]}]},{"@type":"BreadcrumbList","@id":"https:\/\/www.securitydataandvideo.com\/inicio\/shop\/ds-2cd1721fwd-izb\/#breadcrumb","itemListElement":[{"@type":"ListItem","position":1,"name":"Inicio","item":"https:\/\/www.securitydataandvideo.com\/inicio\/"},{"@type":"ListItem","position":2,"name":"Shop","item":"https:\/\/www.securitydataandvideo.com\/inicio\/shop\/"},{"@type":"ListItem","position":3,"name":"DS-2CD1721FWD-IZB"}]},{"@type":"WebSite","@id":"https:\/\/www.securitydataandvideo.com\/inicio\/#website","url":"https:\/\/www.securitydataandvideo.com\/inicio\/","name":"Security Data &amp; Video SA de CV.","description":"Seguridad Electr\u00f3nica y Energ\u00eda","publisher":{"@id":"https:\/\/www.securitydataandvideo.com\/inicio\/#organization"},"potentialAction":[{"@type":"SearchAction","target":{"@type":"EntryPoint","urlTemplate":"https:\/\/www.securitydataandvideo.com\/inicio\/?s={search_term_string}"},"query-input":"required name=search_term_string"}],"inLanguage":"es-MX"},{"@type":"Organization","@id":"https:\/\/www.securitydataandvideo.com\/inicio\/#organization","name":"Security Data & Video SA de CV","url":"https:\/\/www.securitydataandvideo.com\/inicio\/","sameAs":[],"logo":{"@type":"ImageObject","inLanguage":"es-MX","@id":"https:\/\/www.securitydataandvideo.com\/inicio\/#\/schema\/logo\/image\/","url":"https:\/\/www.securitydataandvideo.com\/inicio\/wp-content\/uploads\/2021\/10\/Logo-Azul.png","contentUrl":"https:\/\/www.securitydataandvideo.com\/inicio\/wp-content\/uploads\/2021\/10\/Logo-Azul.png","width":555,"height":375,"caption":"Security Data & Video SA de CV"},"image":{"@id":"https:\/\/www.securitydataandvideo.com\/inicio\/#\/schema\/logo\/image\/"}}]}},"_links":{"self":[{"href":"https:\/\/www.securitydataandvideo.com\/inicio\/wp-json\/wp\/v2\/product\/16065"}],"collection":[{"href":"https:\/\/www.securitydataandvideo.com\/inicio\/wp-json\/wp\/v2\/product"}],"about":[{"href":"https:\/\/www.securitydataandvideo.com\/inicio\/wp-json\/wp\/v2\/types\/product"}],"wp:featuredmedia":[{"embeddable":true,"href":"https:\/\/www.securitydataandvideo.com\/inicio\/wp-json\/wp\/v2\/media\/16095"}],"wp:attachment":[{"href":"https:\/\/www.securitydataandvideo.com\/inicio\/wp-json\/wp\/v2\/media?parent=16065"}],"wp:term":[{"taxonomy":"product_cat","embeddable":true,"href":"https:\/\/www.securitydataandvideo.com\/inicio\/wp-json\/wp\/v2\/product_cat?post=16065"},{"taxonomy":"product_tag","embeddable":true,"href":"https:\/\/www.securitydataandvideo.com\/inicio\/wp-json\/wp\/v2\/product_tag?post=16065"}],"curies":[{"name":"wp","href":"https:\/\/api.w.org\/{rel}","templated":true}]}}