{"id":16070,"date":"2022-07-21T11:39:56","date_gmt":"2022-07-21T17:39:56","guid":{"rendered":"https:\/\/www.securitydataandvideo.com\/inicio\/?post_type=product&#038;p=16070"},"modified":"2023-10-02T23:06:59","modified_gmt":"2023-10-03T05:06:59","slug":"ds-2cd6986f-h-panovu-series-vista-panoramica-180-4-lentes-2-megapixel-ik10-ip66-8-mp-en-total-defog-dwdr-darkfighter-poe","status":"publish","type":"product","link":"https:\/\/www.securitydataandvideo.com\/inicio\/shop\/ds-2cd6986f-h-panovu-series-vista-panoramica-180-4-lentes-2-megapixel-ik10-ip66-8-mp-en-total-defog-dwdr-darkfighter-poe\/","title":{"rendered":"DS-2CD6986F-H PanoVu series \/ Vista Panor\u00e1mica 180\u00b0 \/ 4 lentes 2 Megapixel \/ IK10 \/ IP66 \/ 8 MP en Total \/ Defog \/ dWDR \/ DARKFIGHTER \/ PoE+"},"content":{"rendered":"<div class=\"col-sm-8 col-md-8 well-sm\">\n<h4 id=\"product_title_135713\" class=\"no_margin_top titulo_vista_producto\">DS-2CD6986F-H PanoVu series \/ Vista Panor\u00e1mica 180\u00b0 \/ 4 lentes 2 Megapixel \/ IK10 \/ IP66 \/ 8 MP en Total \/ Defog \/ dWDR \/ DARKFIGHTER \/ PoE+<\/h4>\n<\/div>\n<div class=\"hidden-xs col-sm-4 col-md-4\">\n<div><strong>Caracter\u00edsticas c\u00e1mara panoramica:<\/strong><\/div>\n<p>Tecnolog\u00eda 8MP, PanoVu series.<\/p>\n<p>CMOS 1\/1.9&#8243; Scan Progresivo.<\/p>\n<p>Iluminaci\u00f3n M\u00ednima:<\/p>\n<p>Color: 0.005 Lux (F1.8, AGC encendido)<\/p>\n<p>B\/N: 0.0005 Lux ((F1.8, AGC encendido)D\u00eda \/ Noche real (Filtro ICR).Lente: 5mm.Angulo de vision: 180\u00baFunciones: 3D DNR, HLCFunciones smart: Detecci\u00f3n de intrusi\u00f3n, l\u00ednea de cruce, detecci\u00f3n de movimiento.<\/p>\n<p><strong>Compresi\u00f3n y Resoluci\u00f3n:<\/strong><\/p>\n<p>Compresi\u00f3n de video:\u00a0C\u00e1mara hemisf\u00e9rica: H.264, MJPEG.<\/p>\n<p>Resoluci\u00f3n m\u00e1xima:\u00a0C\u00e1mara hemisf\u00e9rica: 8MP (4 lentes de 2MP c\/u).<\/p>\n<p>Frame Rate:\u00a01920&#215;1080@30IPS<\/p>\n<p>Video Bit Rate: 32 Kbps &#8211; 16 Mbps.<\/p>\n<p>Compresi\u00f3n de audio: G.711ulaw\/ G.711alaw\/ G.722\/ MP2L2\/ PC<\/p>\n<p><strong>Caracter\u00edsticas f\u00edsicas y el\u00e9ctricas:<\/strong><\/p>\n<ul>\n<li>Aplicaci\u00f3n: Interior \/ Exterior.<\/li>\n<li>Nivel de protecci\u00f3n: IP66 \/\u00a0IK10<\/li>\n<li>Temperatura de Operaci\u00f3n: -40\u00b0C a\u00a060\u00baC<\/li>\n<li>Alimentaci\u00f3n: 12Vcd\u00a0\/ 24Vca\u00a0\/ PoE (802.3at)<\/li>\n<li>Consumo electrico: 22w<\/li>\n<li>Dimensiones: 195\u00a0x 159mm<\/li>\n<li>Peso: 2.8kg.<\/li>\n<\/ul>\n<p><strong>Garant\u00eda: 3 a\u00f1os.<\/strong><\/p>\n<\/div>\n","protected":false},"excerpt":{"rendered":"<div class=\"col-sm-8 col-md-8 well-sm\">\n<h4 id=\"product_title_135713\" class=\"no_margin_top titulo_vista_producto\">DS-2CD6986F-H PanoVu series \/ Vista Panor\u00e1mica 180\u00b0 \/ 4 lentes 2 Megapixel \/ IK10 \/ IP66 \/ 8 MP en Total \/ Defog \/ dWDR \/ DARKFIGHTER \/ PoE+<\/h4>\n<\/div>\n<div class=\"hidden-xs col-sm-4 col-md-4\">\n<figure id=\"attachment_151\" aria-describedby=\"caption-attachment-151\" style=\"width: 150px\" class=\"wp-caption alignnone\"><img loading=\"lazy\" class=\"size-thumbnail wp-image-151 additional-class\" src=\"http:\/\/solucionesdeinfraestructura.com\/comercio\/wp-content\/uploads\/2019\/04\/DS-2CD6986F-H-Hikvision-150x150.png\" alt=\"DS-2CD6986F-H Hikvision\" width=\"150\" height=\"150\" \/><figcaption id=\"caption-attachment-151\" class=\"wp-caption-text\">DS-2CD6986F-H Hikvision<\/figcaption><\/figure>\n<\/div>\n","protected":false},"featured_media":16100,"template":"","meta":{"site-sidebar-layout":"","site-content-layout":"","ast-site-content-layout":"","site-content-style":"default","site-sidebar-style":"default","ast-global-header-display":"","ast-banner-title-visibility":"","ast-main-header-display":"","ast-hfb-above-header-display":"","ast-hfb-below-header-display":"","ast-hfb-mobile-header-display":"","site-post-title":"","ast-breadcrumbs-content":"","ast-featured-img":"","footer-sml-layout":"","theme-transparent-header-meta":"","adv-header-id-meta":"","stick-header-meta":"","header-above-stick-meta":"","header-main-stick-meta":"","header-below-stick-meta":"","astra-migrate-meta-layouts":""},"product_cat":[306],"product_tag":[88],"yoast_head":"<!-- This site is optimized with the Yoast SEO plugin v19.5.1 - https:\/\/yoast.com\/wordpress\/plugins\/seo\/ -->\n<title>DS-2CD6986F-H PanoVu series \/ Vista Panor\u00e1mica<\/title>\n<meta name=\"description\" content=\"Security Data &amp; Video SA de CV. DS-2CD6986F-H PanoVu series \/ Vista Panor\u00e1mica 180\u00b0 \/ 4 lentes 2 Megapixel \/ IK10 \/ IP66 \/ 8 MP en Total \/ Defog \/ dWDR \/ DARKFIGHTER \/ PoE+\" \/>\n<meta name=\"robots\" content=\"index, follow, max-snippet:-1, max-image-preview:large, max-video-preview:-1\" \/>\n<link rel=\"canonical\" href=\"https:\/\/www.securitydataandvideo.com\/inicio\/shop\/ds-2cd6986f-h-panovu-series-vista-panoramica-180-4-lentes-2-megapixel-ik10-ip66-8-mp-en-total-defog-dwdr-darkfighter-poe\/\" \/>\n<meta property=\"og:locale\" content=\"es_MX\" \/>\n<meta property=\"og:type\" content=\"article\" \/>\n<meta property=\"og:title\" content=\"DS-2CD6986F-H PanoVu series \/ Vista Panor\u00e1mica\" \/>\n<meta property=\"og:description\" content=\"Security Data &amp; Video SA de CV. DS-2CD6986F-H PanoVu series \/ Vista Panor\u00e1mica 180\u00b0 \/ 4 lentes 2 Megapixel \/ IK10 \/ IP66 \/ 8 MP en Total \/ Defog \/ dWDR \/ DARKFIGHTER \/ PoE+\" \/>\n<meta property=\"og:url\" content=\"https:\/\/www.securitydataandvideo.com\/inicio\/shop\/ds-2cd6986f-h-panovu-series-vista-panoramica-180-4-lentes-2-megapixel-ik10-ip66-8-mp-en-total-defog-dwdr-darkfighter-poe\/\" \/>\n<meta property=\"og:site_name\" content=\"Security Data &amp; Video SA de CV.\" \/>\n<meta property=\"article:modified_time\" content=\"2023-10-03T05:06:59+00:00\" \/>\n<meta property=\"og:image\" content=\"https:\/\/www.securitydataandvideo.com\/inicio\/wp-content\/uploads\/2022\/07\/DS-2CD6986F-H-Hikvision.png\" \/>\n\t<meta property=\"og:image:width\" content=\"235\" \/>\n\t<meta property=\"og:image:height\" content=\"218\" \/>\n\t<meta property=\"og:image:type\" content=\"image\/png\" \/>\n<meta name=\"twitter:card\" content=\"summary\" \/>\n<meta name=\"twitter:label1\" content=\"Tiempo de lectura\" \/>\n\t<meta name=\"twitter:data1\" content=\"1 minuto\" \/>\n<script type=\"application\/ld+json\" class=\"yoast-schema-graph\">{\"@context\":\"https:\/\/schema.org\",\"@graph\":[{\"@type\":\"WebPage\",\"@id\":\"https:\/\/www.securitydataandvideo.com\/inicio\/shop\/ds-2cd6986f-h-panovu-series-vista-panoramica-180-4-lentes-2-megapixel-ik10-ip66-8-mp-en-total-defog-dwdr-darkfighter-poe\/\",\"url\":\"https:\/\/www.securitydataandvideo.com\/inicio\/shop\/ds-2cd6986f-h-panovu-series-vista-panoramica-180-4-lentes-2-megapixel-ik10-ip66-8-mp-en-total-defog-dwdr-darkfighter-poe\/\",\"name\":\"DS-2CD6986F-H PanoVu series \/ Vista Panor\u00e1mica\",\"isPartOf\":{\"@id\":\"https:\/\/www.securitydataandvideo.com\/inicio\/#website\"},\"datePublished\":\"2022-07-21T17:39:56+00:00\",\"dateModified\":\"2023-10-03T05:06:59+00:00\",\"description\":\"Security Data &amp; Video SA de CV. DS-2CD6986F-H PanoVu series \/ Vista Panor\u00e1mica 180\u00b0 \/ 4 lentes 2 Megapixel \/ IK10 \/ IP66 \/ 8 MP en Total \/ Defog \/ dWDR \/ DARKFIGHTER \/ PoE+\",\"breadcrumb\":{\"@id\":\"https:\/\/www.securitydataandvideo.com\/inicio\/shop\/ds-2cd6986f-h-panovu-series-vista-panoramica-180-4-lentes-2-megapixel-ik10-ip66-8-mp-en-total-defog-dwdr-darkfighter-poe\/#breadcrumb\"},\"inLanguage\":\"es-MX\",\"potentialAction\":[{\"@type\":\"ReadAction\",\"target\":[\"https:\/\/www.securitydataandvideo.com\/inicio\/shop\/ds-2cd6986f-h-panovu-series-vista-panoramica-180-4-lentes-2-megapixel-ik10-ip66-8-mp-en-total-defog-dwdr-darkfighter-poe\/\"]}]},{\"@type\":\"BreadcrumbList\",\"@id\":\"https:\/\/www.securitydataandvideo.com\/inicio\/shop\/ds-2cd6986f-h-panovu-series-vista-panoramica-180-4-lentes-2-megapixel-ik10-ip66-8-mp-en-total-defog-dwdr-darkfighter-poe\/#breadcrumb\",\"itemListElement\":[{\"@type\":\"ListItem\",\"position\":1,\"name\":\"Inicio\",\"item\":\"https:\/\/www.securitydataandvideo.com\/inicio\/\"},{\"@type\":\"ListItem\",\"position\":2,\"name\":\"Shop\",\"item\":\"https:\/\/www.securitydataandvideo.com\/inicio\/shop\/\"},{\"@type\":\"ListItem\",\"position\":3,\"name\":\"DS-2CD6986F-H PanoVu series \/ Vista Panor\u00e1mica 180\u00b0 \/ 4 lentes 2 Megapixel \/ IK10 \/ IP66 \/ 8 MP en Total \/ Defog \/ dWDR \/ DARKFIGHTER \/ PoE+\"}]},{\"@type\":\"WebSite\",\"@id\":\"https:\/\/www.securitydataandvideo.com\/inicio\/#website\",\"url\":\"https:\/\/www.securitydataandvideo.com\/inicio\/\",\"name\":\"Security Data &amp; Video SA de CV.\",\"description\":\"Seguridad Electr\u00f3nica y Energ\u00eda\",\"publisher\":{\"@id\":\"https:\/\/www.securitydataandvideo.com\/inicio\/#organization\"},\"potentialAction\":[{\"@type\":\"SearchAction\",\"target\":{\"@type\":\"EntryPoint\",\"urlTemplate\":\"https:\/\/www.securitydataandvideo.com\/inicio\/?s={search_term_string}\"},\"query-input\":\"required name=search_term_string\"}],\"inLanguage\":\"es-MX\"},{\"@type\":\"Organization\",\"@id\":\"https:\/\/www.securitydataandvideo.com\/inicio\/#organization\",\"name\":\"Security Data & Video SA de CV\",\"url\":\"https:\/\/www.securitydataandvideo.com\/inicio\/\",\"sameAs\":[],\"logo\":{\"@type\":\"ImageObject\",\"inLanguage\":\"es-MX\",\"@id\":\"https:\/\/www.securitydataandvideo.com\/inicio\/#\/schema\/logo\/image\/\",\"url\":\"https:\/\/www.securitydataandvideo.com\/inicio\/wp-content\/uploads\/2021\/10\/Logo-Azul.png\",\"contentUrl\":\"https:\/\/www.securitydataandvideo.com\/inicio\/wp-content\/uploads\/2021\/10\/Logo-Azul.png\",\"width\":555,\"height\":375,\"caption\":\"Security Data & Video SA de CV\"},\"image\":{\"@id\":\"https:\/\/www.securitydataandvideo.com\/inicio\/#\/schema\/logo\/image\/\"}}]}<\/script>\n<!-- \/ Yoast SEO plugin. -->","yoast_head_json":{"title":"DS-2CD6986F-H PanoVu series \/ Vista Panor\u00e1mica","description":"Security Data &amp; Video SA de CV. DS-2CD6986F-H PanoVu series \/ Vista Panor\u00e1mica 180\u00b0 \/ 4 lentes 2 Megapixel \/ IK10 \/ IP66 \/ 8 MP en Total \/ Defog \/ dWDR \/ DARKFIGHTER \/ PoE+","robots":{"index":"index","follow":"follow","max-snippet":"max-snippet:-1","max-image-preview":"max-image-preview:large","max-video-preview":"max-video-preview:-1"},"canonical":"https:\/\/www.securitydataandvideo.com\/inicio\/shop\/ds-2cd6986f-h-panovu-series-vista-panoramica-180-4-lentes-2-megapixel-ik10-ip66-8-mp-en-total-defog-dwdr-darkfighter-poe\/","og_locale":"es_MX","og_type":"article","og_title":"DS-2CD6986F-H PanoVu series \/ Vista Panor\u00e1mica","og_description":"Security Data &amp; Video SA de CV. DS-2CD6986F-H PanoVu series \/ Vista Panor\u00e1mica 180\u00b0 \/ 4 lentes 2 Megapixel \/ IK10 \/ IP66 \/ 8 MP en Total \/ Defog \/ dWDR \/ DARKFIGHTER \/ PoE+","og_url":"https:\/\/www.securitydataandvideo.com\/inicio\/shop\/ds-2cd6986f-h-panovu-series-vista-panoramica-180-4-lentes-2-megapixel-ik10-ip66-8-mp-en-total-defog-dwdr-darkfighter-poe\/","og_site_name":"Security Data &amp; Video SA de CV.","article_modified_time":"2023-10-03T05:06:59+00:00","og_image":[{"width":235,"height":218,"url":"https:\/\/www.securitydataandvideo.com\/inicio\/wp-content\/uploads\/2022\/07\/DS-2CD6986F-H-Hikvision.png","type":"image\/png"}],"twitter_card":"summary","twitter_misc":{"Tiempo de lectura":"1 minuto"},"schema":{"@context":"https:\/\/schema.org","@graph":[{"@type":"WebPage","@id":"https:\/\/www.securitydataandvideo.com\/inicio\/shop\/ds-2cd6986f-h-panovu-series-vista-panoramica-180-4-lentes-2-megapixel-ik10-ip66-8-mp-en-total-defog-dwdr-darkfighter-poe\/","url":"https:\/\/www.securitydataandvideo.com\/inicio\/shop\/ds-2cd6986f-h-panovu-series-vista-panoramica-180-4-lentes-2-megapixel-ik10-ip66-8-mp-en-total-defog-dwdr-darkfighter-poe\/","name":"DS-2CD6986F-H PanoVu series \/ Vista Panor\u00e1mica","isPartOf":{"@id":"https:\/\/www.securitydataandvideo.com\/inicio\/#website"},"datePublished":"2022-07-21T17:39:56+00:00","dateModified":"2023-10-03T05:06:59+00:00","description":"Security Data &amp; Video SA de CV. DS-2CD6986F-H PanoVu series \/ Vista Panor\u00e1mica 180\u00b0 \/ 4 lentes 2 Megapixel \/ IK10 \/ IP66 \/ 8 MP en Total \/ Defog \/ dWDR \/ DARKFIGHTER \/ PoE+","breadcrumb":{"@id":"https:\/\/www.securitydataandvideo.com\/inicio\/shop\/ds-2cd6986f-h-panovu-series-vista-panoramica-180-4-lentes-2-megapixel-ik10-ip66-8-mp-en-total-defog-dwdr-darkfighter-poe\/#breadcrumb"},"inLanguage":"es-MX","potentialAction":[{"@type":"ReadAction","target":["https:\/\/www.securitydataandvideo.com\/inicio\/shop\/ds-2cd6986f-h-panovu-series-vista-panoramica-180-4-lentes-2-megapixel-ik10-ip66-8-mp-en-total-defog-dwdr-darkfighter-poe\/"]}]},{"@type":"BreadcrumbList","@id":"https:\/\/www.securitydataandvideo.com\/inicio\/shop\/ds-2cd6986f-h-panovu-series-vista-panoramica-180-4-lentes-2-megapixel-ik10-ip66-8-mp-en-total-defog-dwdr-darkfighter-poe\/#breadcrumb","itemListElement":[{"@type":"ListItem","position":1,"name":"Inicio","item":"https:\/\/www.securitydataandvideo.com\/inicio\/"},{"@type":"ListItem","position":2,"name":"Shop","item":"https:\/\/www.securitydataandvideo.com\/inicio\/shop\/"},{"@type":"ListItem","position":3,"name":"DS-2CD6986F-H PanoVu series \/ Vista Panor\u00e1mica 180\u00b0 \/ 4 lentes 2 Megapixel \/ IK10 \/ IP66 \/ 8 MP en Total \/ Defog \/ dWDR \/ DARKFIGHTER \/ PoE+"}]},{"@type":"WebSite","@id":"https:\/\/www.securitydataandvideo.com\/inicio\/#website","url":"https:\/\/www.securitydataandvideo.com\/inicio\/","name":"Security Data &amp; Video SA de CV.","description":"Seguridad Electr\u00f3nica y Energ\u00eda","publisher":{"@id":"https:\/\/www.securitydataandvideo.com\/inicio\/#organization"},"potentialAction":[{"@type":"SearchAction","target":{"@type":"EntryPoint","urlTemplate":"https:\/\/www.securitydataandvideo.com\/inicio\/?s={search_term_string}"},"query-input":"required name=search_term_string"}],"inLanguage":"es-MX"},{"@type":"Organization","@id":"https:\/\/www.securitydataandvideo.com\/inicio\/#organization","name":"Security Data & Video SA de CV","url":"https:\/\/www.securitydataandvideo.com\/inicio\/","sameAs":[],"logo":{"@type":"ImageObject","inLanguage":"es-MX","@id":"https:\/\/www.securitydataandvideo.com\/inicio\/#\/schema\/logo\/image\/","url":"https:\/\/www.securitydataandvideo.com\/inicio\/wp-content\/uploads\/2021\/10\/Logo-Azul.png","contentUrl":"https:\/\/www.securitydataandvideo.com\/inicio\/wp-content\/uploads\/2021\/10\/Logo-Azul.png","width":555,"height":375,"caption":"Security Data & Video SA de CV"},"image":{"@id":"https:\/\/www.securitydataandvideo.com\/inicio\/#\/schema\/logo\/image\/"}}]}},"_links":{"self":[{"href":"https:\/\/www.securitydataandvideo.com\/inicio\/wp-json\/wp\/v2\/product\/16070"}],"collection":[{"href":"https:\/\/www.securitydataandvideo.com\/inicio\/wp-json\/wp\/v2\/product"}],"about":[{"href":"https:\/\/www.securitydataandvideo.com\/inicio\/wp-json\/wp\/v2\/types\/product"}],"wp:featuredmedia":[{"embeddable":true,"href":"https:\/\/www.securitydataandvideo.com\/inicio\/wp-json\/wp\/v2\/media\/16100"}],"wp:attachment":[{"href":"https:\/\/www.securitydataandvideo.com\/inicio\/wp-json\/wp\/v2\/media?parent=16070"}],"wp:term":[{"taxonomy":"product_cat","embeddable":true,"href":"https:\/\/www.securitydataandvideo.com\/inicio\/wp-json\/wp\/v2\/product_cat?post=16070"},{"taxonomy":"product_tag","embeddable":true,"href":"https:\/\/www.securitydataandvideo.com\/inicio\/wp-json\/wp\/v2\/product_tag?post=16070"}],"curies":[{"name":"wp","href":"https:\/\/api.w.org\/{rel}","templated":true}]}}