{"id":16074,"date":"2022-07-21T11:39:57","date_gmt":"2022-07-21T17:39:57","guid":{"rendered":"https:\/\/www.securitydataandvideo.com\/inicio\/?post_type=product&#038;p=16074"},"modified":"2022-07-21T11:40:28","modified_gmt":"2022-07-21T17:40:28","slug":"reloj-checador-de-asistencia-biometrico-de-huella-proximidad-silkid-3000-usuarios-adms-gratis-wifi-teclado-tactil-estetico-soporta-ddns-con-biotime-7","status":"publish","type":"product","link":"https:\/\/www.securitydataandvideo.com\/inicio\/shop\/reloj-checador-de-asistencia-biometrico-de-huella-proximidad-silkid-3000-usuarios-adms-gratis-wifi-teclado-tactil-estetico-soporta-ddns-con-biotime-7\/","title":{"rendered":"Reloj Checador de asistencia Biom\u00e9trico de Huella \/ PROXIMIDAD \/ SILKID \/ 3000 Usuarios \/ ADMS Gratis \/ WiFi \/ Teclado t\u00e1ctil \/ Est\u00e9tico \/ Soporta DDNS con BIOTIME 7"},"content":{"rendered":"<div class=\"col-sm-8 col-md-8 well-sm\">\n<p id=\"product_title_159628\" class=\"no_margin_top titulo_vista_producto\">Reloj Checador de asistencia Biom\u00e9trico de Huella \/ PROXIMIDAD \/ SILKID \/ 3000 Usuarios \/ ADMS Gratis \/ WiFi \/ Teclado t\u00e1ctil \/ Est\u00e9tico \/ Soporta DDNS con BIOTIME 7<\/p>\n<\/div>\n<div class=\"hidden-xs col-sm-4 col-md-4\">\n<p>F22 es una terminal biom\u00e9trica ultradelgada para control de acceso y gesti\u00f3n de asistencia de empleados, integrado con sensor BioID y comunicaci\u00f3n Wi-Fi, lo que en conjunto con su avanzado y veloz algoritmo, ofrece un gran, confiable y preciso rendimiento.<\/p>\n<p>El F22 brinda una mejor experiencia con su teclado t\u00e1ctil y ofrece una gran flexibilidad para su instalaci\u00f3n como dispositivo independiente o conectado a cualquier panel de control de acceso que soporte se\u00f1al Wiegand est\u00e1ndar.<\/p>\n<p>Cuenta con comunicaciones TCP\/IP, RS485 y Wi-Fi para que el dispositivo pueda ser utilizado de acuerdo a diferentes necesidades.<\/p>\n<h3><strong>Caracter\u00edsticas de Reloj Checador de asistencia Biom\u00e9trico de Huella:<\/strong><\/h3>\n<ol>\n<li>Pantalla TFT a color de 2.4 pulgadas y teclado t\u00e1ctil.<\/li>\n<li>Dise\u00f1o ultradelgado y elegante<\/li>\n<li>Funciones avanzadas de control de acceso: Anti-passback, cerradura el\u00e9ctrica, sensor de puerta, bot\u00f3n de salida,alarma.<\/li>\n<li>WiFi<\/li>\n<li>Interfaz de red por TCP\/IP o RS485.<\/li>\n<li>Entrada auxiliar con mayor flexibilidad para conectar con alg\u00fan detector o interruptor de emergencia.<\/li>\n<li>Multi-verificaci\u00f3n: m\u00faltiples m\u00e9todos de verificaci\u00f3n (tarjeta es opcional), para proporcionar varias opciones al usuario.<\/li>\n<li>Soporta lector esclavo: FR1500, FR1500WP y F12<\/li>\n<li>Pantalla<\/li>\n<li>Pantalla a Color TFT-LCD de 2.4 pulgadas<\/li>\n<li>Capacidad de Huellas Digitales<br \/>\n3,000<\/li>\n<li>Capacidad de Eventos<br \/>\n30,000<\/li>\n<li>Lector de tarjetas EM de 125 KHz<\/li>\n<li>Sensor<br \/>\nSILKID<\/li>\n<li>Versi\u00f3n de Algoritmo<br \/>\nZKFinger VX10.0<\/li>\n<li>Comunicaci\u00f3n<br \/>\nTCP\/IP, RS232\/RS485, USB-Host, WiFi<\/li>\n<li>Interfaz de Control de Acceso<br \/>\nCerradura el\u00e9ctrica, Sensor de puerta, Bot\u00f3n de Salida,\u00a0Alarma.<\/li>\n<li>Wiegand<br \/>\nEntrada y Salida<\/li>\n<li>Entrada Auxiliar<br \/>\n1 entrada auxiliar para vinculaciones<\/li>\n<li>Funciones Est\u00e1ndar<br \/>\nHorario de Verano, Cambio Autom\u00e1tico de Estado, Consulta de Registros, Teclado T9, Anti-Passback, ID de usuario de 14 d\u00edgitos, Timbre Programado, ADMS (incluido).<\/li>\n<li>Alimentaci\u00f3n 12v 3amp<\/li>\n<li>F22-ID ZKTECO Reloj Checador de asistencia Biom\u00e9trico de Huella<\/li>\n<\/ol>\n<\/div>\n","protected":false},"excerpt":{"rendered":"<div class=\"col-sm-8 col-md-8 well-sm\">\n<p id=\"product_title_159628\" class=\"no_margin_top titulo_vista_producto\">F22-ID ZKTECO Reloj Checador de asistencia Biom\u00e9trico de Huella\/ PROXIMIDAD \/ SILKID \/ 3000 Usuarios \/ ADMS Gratis \/ WiFi \/ Teclado t\u00e1ctil \/ Est\u00e9tico \/ Soporta DDNS con BIOTIME 7<\/p>\n<\/div>\n<div class=\"hidden-xs col-sm-4 col-md-4\"><\/div>\n","protected":false},"featured_media":16121,"template":"","meta":{"site-sidebar-layout":"default","site-content-layout":"default","ast-site-content-layout":"","site-content-style":"default","site-sidebar-style":"default","ast-global-header-display":"","ast-banner-title-visibility":"","ast-main-header-display":"","ast-hfb-above-header-display":"","ast-hfb-below-header-display":"","ast-hfb-mobile-header-display":"","site-post-title":"","ast-breadcrumbs-content":"","ast-featured-img":"","footer-sml-layout":"","theme-transparent-header-meta":"default","adv-header-id-meta":"","stick-header-meta":"","header-above-stick-meta":"","header-main-stick-meta":"","header-below-stick-meta":"","astra-migrate-meta-layouts":""},"product_cat":[313],"product_tag":[131],"yoast_head":"<!-- This site is optimized with the Yoast SEO plugin v19.5.1 - https:\/\/yoast.com\/wordpress\/plugins\/seo\/ -->\n<title>Reloj Checador de asistencia Biom\u00e9trico de Huella<\/title>\n<meta name=\"description\" content=\"Reloj Checador de asistencia Biom\u00e9trico de Huella \/ PROXIMIDAD \/ SILKID \/ 3000 Usuarios \/ ADMS Gratis \/ WiFi \/ Teclado t\u00e1ctil \/ Est\u00e9tico \/ Soporta DDNS con BIOTIME 7\" \/>\n<meta name=\"robots\" content=\"index, follow, max-snippet:-1, max-image-preview:large, max-video-preview:-1\" \/>\n<link rel=\"canonical\" href=\"https:\/\/www.securitydataandvideo.com\/inicio\/shop\/reloj-checador-de-asistencia-biometrico-de-huella-proximidad-silkid-3000-usuarios-adms-gratis-wifi-teclado-tactil-estetico-soporta-ddns-con-biotime-7\/\" \/>\n<meta property=\"og:locale\" content=\"es_MX\" \/>\n<meta property=\"og:type\" content=\"article\" \/>\n<meta property=\"og:title\" content=\"Reloj Checador de asistencia Biom\u00e9trico de Huella\" \/>\n<meta property=\"og:description\" content=\"Reloj Checador de asistencia Biom\u00e9trico de Huella \/ PROXIMIDAD \/ SILKID \/ 3000 Usuarios \/ ADMS Gratis \/ WiFi \/ Teclado t\u00e1ctil \/ Est\u00e9tico \/ Soporta DDNS con BIOTIME 7\" \/>\n<meta property=\"og:url\" content=\"https:\/\/www.securitydataandvideo.com\/inicio\/shop\/reloj-checador-de-asistencia-biometrico-de-huella-proximidad-silkid-3000-usuarios-adms-gratis-wifi-teclado-tactil-estetico-soporta-ddns-con-biotime-7\/\" \/>\n<meta property=\"og:site_name\" content=\"Security Data &amp; Video SA de CV.\" \/>\n<meta property=\"article:modified_time\" content=\"2022-07-21T17:40:28+00:00\" \/>\n<meta property=\"og:image\" content=\"https:\/\/www.securitydataandvideo.com\/inicio\/wp-content\/uploads\/2022\/07\/F22-ID-ZKTECO.png\" \/>\n\t<meta property=\"og:image:width\" content=\"124\" \/>\n\t<meta property=\"og:image:height\" content=\"240\" \/>\n\t<meta property=\"og:image:type\" content=\"image\/png\" \/>\n<meta name=\"twitter:card\" content=\"summary\" \/>\n<meta name=\"twitter:label1\" content=\"Tiempo de lectura\" \/>\n\t<meta name=\"twitter:data1\" content=\"2 minutos\" \/>\n<script type=\"application\/ld+json\" class=\"yoast-schema-graph\">{\"@context\":\"https:\/\/schema.org\",\"@graph\":[{\"@type\":\"WebPage\",\"@id\":\"https:\/\/www.securitydataandvideo.com\/inicio\/shop\/reloj-checador-de-asistencia-biometrico-de-huella-proximidad-silkid-3000-usuarios-adms-gratis-wifi-teclado-tactil-estetico-soporta-ddns-con-biotime-7\/\",\"url\":\"https:\/\/www.securitydataandvideo.com\/inicio\/shop\/reloj-checador-de-asistencia-biometrico-de-huella-proximidad-silkid-3000-usuarios-adms-gratis-wifi-teclado-tactil-estetico-soporta-ddns-con-biotime-7\/\",\"name\":\"Reloj Checador de asistencia Biom\u00e9trico de Huella\",\"isPartOf\":{\"@id\":\"https:\/\/www.securitydataandvideo.com\/inicio\/#website\"},\"datePublished\":\"2022-07-21T17:39:57+00:00\",\"dateModified\":\"2022-07-21T17:40:28+00:00\",\"description\":\"Reloj Checador de asistencia Biom\u00e9trico de Huella \/ PROXIMIDAD \/ SILKID \/ 3000 Usuarios \/ ADMS Gratis \/ WiFi \/ Teclado t\u00e1ctil \/ Est\u00e9tico \/ Soporta DDNS con BIOTIME 7\",\"breadcrumb\":{\"@id\":\"https:\/\/www.securitydataandvideo.com\/inicio\/shop\/reloj-checador-de-asistencia-biometrico-de-huella-proximidad-silkid-3000-usuarios-adms-gratis-wifi-teclado-tactil-estetico-soporta-ddns-con-biotime-7\/#breadcrumb\"},\"inLanguage\":\"es-MX\",\"potentialAction\":[{\"@type\":\"ReadAction\",\"target\":[\"https:\/\/www.securitydataandvideo.com\/inicio\/shop\/reloj-checador-de-asistencia-biometrico-de-huella-proximidad-silkid-3000-usuarios-adms-gratis-wifi-teclado-tactil-estetico-soporta-ddns-con-biotime-7\/\"]}]},{\"@type\":\"BreadcrumbList\",\"@id\":\"https:\/\/www.securitydataandvideo.com\/inicio\/shop\/reloj-checador-de-asistencia-biometrico-de-huella-proximidad-silkid-3000-usuarios-adms-gratis-wifi-teclado-tactil-estetico-soporta-ddns-con-biotime-7\/#breadcrumb\",\"itemListElement\":[{\"@type\":\"ListItem\",\"position\":1,\"name\":\"Inicio\",\"item\":\"https:\/\/www.securitydataandvideo.com\/inicio\/\"},{\"@type\":\"ListItem\",\"position\":2,\"name\":\"Shop\",\"item\":\"https:\/\/www.securitydataandvideo.com\/inicio\/shop\/\"},{\"@type\":\"ListItem\",\"position\":3,\"name\":\"Reloj Checador de asistencia Biom\u00e9trico de Huella \/ PROXIMIDAD \/ SILKID \/ 3000 Usuarios \/ ADMS Gratis \/ WiFi \/ Teclado t\u00e1ctil \/ Est\u00e9tico \/ Soporta DDNS con BIOTIME 7\"}]},{\"@type\":\"WebSite\",\"@id\":\"https:\/\/www.securitydataandvideo.com\/inicio\/#website\",\"url\":\"https:\/\/www.securitydataandvideo.com\/inicio\/\",\"name\":\"Security Data &amp; Video SA de CV.\",\"description\":\"Seguridad Electr\u00f3nica y Energ\u00eda\",\"publisher\":{\"@id\":\"https:\/\/www.securitydataandvideo.com\/inicio\/#organization\"},\"potentialAction\":[{\"@type\":\"SearchAction\",\"target\":{\"@type\":\"EntryPoint\",\"urlTemplate\":\"https:\/\/www.securitydataandvideo.com\/inicio\/?s={search_term_string}\"},\"query-input\":\"required name=search_term_string\"}],\"inLanguage\":\"es-MX\"},{\"@type\":\"Organization\",\"@id\":\"https:\/\/www.securitydataandvideo.com\/inicio\/#organization\",\"name\":\"Security Data & Video SA de CV\",\"url\":\"https:\/\/www.securitydataandvideo.com\/inicio\/\",\"sameAs\":[],\"logo\":{\"@type\":\"ImageObject\",\"inLanguage\":\"es-MX\",\"@id\":\"https:\/\/www.securitydataandvideo.com\/inicio\/#\/schema\/logo\/image\/\",\"url\":\"https:\/\/www.securitydataandvideo.com\/inicio\/wp-content\/uploads\/2021\/10\/Logo-Azul.png\",\"contentUrl\":\"https:\/\/www.securitydataandvideo.com\/inicio\/wp-content\/uploads\/2021\/10\/Logo-Azul.png\",\"width\":555,\"height\":375,\"caption\":\"Security Data & Video SA de CV\"},\"image\":{\"@id\":\"https:\/\/www.securitydataandvideo.com\/inicio\/#\/schema\/logo\/image\/\"}}]}<\/script>\n<!-- \/ Yoast SEO plugin. -->","yoast_head_json":{"title":"Reloj Checador de asistencia Biom\u00e9trico de Huella","description":"Reloj Checador de asistencia Biom\u00e9trico de Huella \/ PROXIMIDAD \/ SILKID \/ 3000 Usuarios \/ ADMS Gratis \/ WiFi \/ Teclado t\u00e1ctil \/ Est\u00e9tico \/ Soporta DDNS con BIOTIME 7","robots":{"index":"index","follow":"follow","max-snippet":"max-snippet:-1","max-image-preview":"max-image-preview:large","max-video-preview":"max-video-preview:-1"},"canonical":"https:\/\/www.securitydataandvideo.com\/inicio\/shop\/reloj-checador-de-asistencia-biometrico-de-huella-proximidad-silkid-3000-usuarios-adms-gratis-wifi-teclado-tactil-estetico-soporta-ddns-con-biotime-7\/","og_locale":"es_MX","og_type":"article","og_title":"Reloj Checador de asistencia Biom\u00e9trico de Huella","og_description":"Reloj Checador de asistencia Biom\u00e9trico de Huella \/ PROXIMIDAD \/ SILKID \/ 3000 Usuarios \/ ADMS Gratis \/ WiFi \/ Teclado t\u00e1ctil \/ Est\u00e9tico \/ Soporta DDNS con BIOTIME 7","og_url":"https:\/\/www.securitydataandvideo.com\/inicio\/shop\/reloj-checador-de-asistencia-biometrico-de-huella-proximidad-silkid-3000-usuarios-adms-gratis-wifi-teclado-tactil-estetico-soporta-ddns-con-biotime-7\/","og_site_name":"Security Data &amp; Video SA de CV.","article_modified_time":"2022-07-21T17:40:28+00:00","og_image":[{"width":124,"height":240,"url":"https:\/\/www.securitydataandvideo.com\/inicio\/wp-content\/uploads\/2022\/07\/F22-ID-ZKTECO.png","type":"image\/png"}],"twitter_card":"summary","twitter_misc":{"Tiempo de lectura":"2 minutos"},"schema":{"@context":"https:\/\/schema.org","@graph":[{"@type":"WebPage","@id":"https:\/\/www.securitydataandvideo.com\/inicio\/shop\/reloj-checador-de-asistencia-biometrico-de-huella-proximidad-silkid-3000-usuarios-adms-gratis-wifi-teclado-tactil-estetico-soporta-ddns-con-biotime-7\/","url":"https:\/\/www.securitydataandvideo.com\/inicio\/shop\/reloj-checador-de-asistencia-biometrico-de-huella-proximidad-silkid-3000-usuarios-adms-gratis-wifi-teclado-tactil-estetico-soporta-ddns-con-biotime-7\/","name":"Reloj Checador de asistencia Biom\u00e9trico de Huella","isPartOf":{"@id":"https:\/\/www.securitydataandvideo.com\/inicio\/#website"},"datePublished":"2022-07-21T17:39:57+00:00","dateModified":"2022-07-21T17:40:28+00:00","description":"Reloj Checador de asistencia Biom\u00e9trico de Huella \/ PROXIMIDAD \/ SILKID \/ 3000 Usuarios \/ ADMS Gratis \/ WiFi \/ Teclado t\u00e1ctil \/ Est\u00e9tico \/ Soporta DDNS con BIOTIME 7","breadcrumb":{"@id":"https:\/\/www.securitydataandvideo.com\/inicio\/shop\/reloj-checador-de-asistencia-biometrico-de-huella-proximidad-silkid-3000-usuarios-adms-gratis-wifi-teclado-tactil-estetico-soporta-ddns-con-biotime-7\/#breadcrumb"},"inLanguage":"es-MX","potentialAction":[{"@type":"ReadAction","target":["https:\/\/www.securitydataandvideo.com\/inicio\/shop\/reloj-checador-de-asistencia-biometrico-de-huella-proximidad-silkid-3000-usuarios-adms-gratis-wifi-teclado-tactil-estetico-soporta-ddns-con-biotime-7\/"]}]},{"@type":"BreadcrumbList","@id":"https:\/\/www.securitydataandvideo.com\/inicio\/shop\/reloj-checador-de-asistencia-biometrico-de-huella-proximidad-silkid-3000-usuarios-adms-gratis-wifi-teclado-tactil-estetico-soporta-ddns-con-biotime-7\/#breadcrumb","itemListElement":[{"@type":"ListItem","position":1,"name":"Inicio","item":"https:\/\/www.securitydataandvideo.com\/inicio\/"},{"@type":"ListItem","position":2,"name":"Shop","item":"https:\/\/www.securitydataandvideo.com\/inicio\/shop\/"},{"@type":"ListItem","position":3,"name":"Reloj Checador de asistencia Biom\u00e9trico de Huella \/ PROXIMIDAD \/ SILKID \/ 3000 Usuarios \/ ADMS Gratis \/ WiFi \/ Teclado t\u00e1ctil \/ Est\u00e9tico \/ Soporta DDNS con BIOTIME 7"}]},{"@type":"WebSite","@id":"https:\/\/www.securitydataandvideo.com\/inicio\/#website","url":"https:\/\/www.securitydataandvideo.com\/inicio\/","name":"Security Data &amp; Video SA de CV.","description":"Seguridad Electr\u00f3nica y Energ\u00eda","publisher":{"@id":"https:\/\/www.securitydataandvideo.com\/inicio\/#organization"},"potentialAction":[{"@type":"SearchAction","target":{"@type":"EntryPoint","urlTemplate":"https:\/\/www.securitydataandvideo.com\/inicio\/?s={search_term_string}"},"query-input":"required name=search_term_string"}],"inLanguage":"es-MX"},{"@type":"Organization","@id":"https:\/\/www.securitydataandvideo.com\/inicio\/#organization","name":"Security Data & Video SA de CV","url":"https:\/\/www.securitydataandvideo.com\/inicio\/","sameAs":[],"logo":{"@type":"ImageObject","inLanguage":"es-MX","@id":"https:\/\/www.securitydataandvideo.com\/inicio\/#\/schema\/logo\/image\/","url":"https:\/\/www.securitydataandvideo.com\/inicio\/wp-content\/uploads\/2021\/10\/Logo-Azul.png","contentUrl":"https:\/\/www.securitydataandvideo.com\/inicio\/wp-content\/uploads\/2021\/10\/Logo-Azul.png","width":555,"height":375,"caption":"Security Data & Video SA de CV"},"image":{"@id":"https:\/\/www.securitydataandvideo.com\/inicio\/#\/schema\/logo\/image\/"}}]}},"_links":{"self":[{"href":"https:\/\/www.securitydataandvideo.com\/inicio\/wp-json\/wp\/v2\/product\/16074"}],"collection":[{"href":"https:\/\/www.securitydataandvideo.com\/inicio\/wp-json\/wp\/v2\/product"}],"about":[{"href":"https:\/\/www.securitydataandvideo.com\/inicio\/wp-json\/wp\/v2\/types\/product"}],"wp:featuredmedia":[{"embeddable":true,"href":"https:\/\/www.securitydataandvideo.com\/inicio\/wp-json\/wp\/v2\/media\/16121"}],"wp:attachment":[{"href":"https:\/\/www.securitydataandvideo.com\/inicio\/wp-json\/wp\/v2\/media?parent=16074"}],"wp:term":[{"taxonomy":"product_cat","embeddable":true,"href":"https:\/\/www.securitydataandvideo.com\/inicio\/wp-json\/wp\/v2\/product_cat?post=16074"},{"taxonomy":"product_tag","embeddable":true,"href":"https:\/\/www.securitydataandvideo.com\/inicio\/wp-json\/wp\/v2\/product_tag?post=16074"}],"curies":[{"name":"wp","href":"https:\/\/api.w.org\/{rel}","templated":true}]}}