{"id":16162,"date":"2022-07-21T11:41:17","date_gmt":"2022-07-21T17:41:17","guid":{"rendered":"https:\/\/www.securitydataandvideo.com\/inicio\/?post_type=product&#038;p=16162"},"modified":"2023-10-02T22:21:48","modified_gmt":"2023-10-03T04:21:48","slug":"torniquete-medio-cuerpo-en-acero-inoxidable-con-doble-carril-25-personas-por-minuto-por-carril-acero-inoxidable-abatimiento-por-emergencia","status":"publish","type":"product","link":"https:\/\/www.securitydataandvideo.com\/inicio\/shop\/torniquete-medio-cuerpo-en-acero-inoxidable-con-doble-carril-25-personas-por-minuto-por-carril-acero-inoxidable-abatimiento-por-emergencia\/","title":{"rendered":"Torniquete medio cuerpo en acero inoxidable con doble carril, 25 personas por minuto por carril, Acero inoxidable \/ Abatimiento por emergencia"},"content":{"rendered":"<p id=\"product_title_71332\" class=\"no_margin_top titulo_vista_producto\"><strong>Torniquete medio cuerpo en acero inoxidable con doble carril, 25 personas por minuto por carril, Acero inoxidable \/ Abatimiento por emergencia<\/strong><\/p>\n<p>Su mecanismo bidireccional de precisi\u00f3n reduce el desgaste y el consumo de energ\u00eda siendo ideal para \u00e1reas con alto flujo de personas. Fabricado en acero inoxidable, opera al recibir la se\u00f1al desde el controlador de acceso o un bot\u00f3n permitiendo el acceso de una persona o accionando la ca\u00edda de brazos en una situaci\u00f3n de emergencia.<\/p>\n<h6 class=\"no_margin_top titulo_vista_producto\"><strong>Capacidad del Torniquete medio cuerpo en acero inoxidable con doble carril:<\/strong><\/h6>\n<p class=\"no_margin_top titulo_vista_producto\">\n25 usuarios por minuto.<\/p>\n<h6>Confiabilidad<strong>:<\/strong><\/h6>\n<p>Mecanismo de aleaci\u00f3n de acero que previene el desgaste mec\u00e1nico.<br \/>\nCarcasa y brazos fabricados en acero inoxidable SUS304.<br \/>\nLos electroimanes de bloqueo solo operan cuando son activados y se encuentran<br \/>\nen modo de espera cuando el dispositivo est\u00e1 inactivo.<br \/>\nEl mecanismo compacto asegura larga vida del aceite lubricante en el interior.<br \/>\nComponentes electr\u00f3nicos de alta calidad.<\/p>\n<p>Los torniquetes INDUSTRIAL by AccessPRO incorporan la m\u00e1s alta tecnolog\u00eda dentro de un dise\u00f1o compacto y elegante ofreciendo un funcionamiento estable y silencioso. Su mecanismo bidireccional de precisi\u00f3n reduce el desgaste y el consumo de energ\u00eda siendo ideal para \u00e1reas con alto flujo de personas. Fabricado en acero inoxidable, opera al recibir la se\u00f1al desde el controlador de acceso o un bot\u00f3n permitiendo el acceso de una persona o accionando la ca\u00edda de brazos en una situaci\u00f3n de emergencia<\/p>\n<p>&nbsp;<\/p>\n<h6>Descripci\u00f3n <strong>del Torniquete medio cuerpo en acero inoxidable con doble carril:<\/strong><\/h6>\n<p>Seguridad:<br \/>\nCa\u00edda de brazos en caso de emergencia.<br \/>\nSin tornillos expuestos, siendo m\u00e1s seguro para los usuarios.<br \/>\nOperaci\u00f3n altamente confiable dise\u00f1ado para aplicaciones de alto flujo<br \/>\nde personas.<br \/>\nCuenta con se\u00f1alizaci\u00f3n para indicar acceso autorizado y la direcci\u00f3n<br \/>\ndel movimiento.<br \/>\nDise\u00f1o amigable para leer la tarjeta o huella digital.<br \/>\nF\u00e1cil Integraci\u00f3n:<br \/>\nF\u00e1cil Integraci\u00f3n<br \/>\nPlaca de instalaci\u00f3n de lector flexible.<br \/>\nInterfaz el\u00e9ctrica est\u00e1ndar para dispositivos de terceros.<br \/>\nMecanismo compacto para integraci\u00f3n de otros dispositivos.<\/p>\n","protected":false},"excerpt":{"rendered":"<p id=\"product_title_71332\" class=\"no_margin_top titulo_vista_producto\"><strong>Torniquete medio cuerpo en acero inoxidable con doble carril, 25 personas por minuto por carril, Acero inoxidable \/ Abatimiento por emergencia<\/strong><\/p>\n","protected":false},"featured_media":16174,"template":"","meta":{"site-sidebar-layout":"default","site-content-layout":"default","ast-site-content-layout":"","site-content-style":"default","site-sidebar-style":"default","ast-global-header-display":"","ast-banner-title-visibility":"","ast-main-header-display":"","ast-hfb-above-header-display":"","ast-hfb-below-header-display":"","ast-hfb-mobile-header-display":"","site-post-title":"","ast-breadcrumbs-content":"","ast-featured-img":"","footer-sml-layout":"","theme-transparent-header-meta":"default","adv-header-id-meta":"","stick-header-meta":"","header-above-stick-meta":"","header-main-stick-meta":"","header-below-stick-meta":"","astra-migrate-meta-layouts":""},"product_cat":[314],"product_tag":[126,131],"yoast_head":"<!-- This site is optimized with the Yoast SEO plugin v19.5.1 - https:\/\/yoast.com\/wordpress\/plugins\/seo\/ -->\n<title>Torniquete medio cuerpo en acero inoxidable con doble carril -<\/title>\n<meta name=\"description\" content=\"Torniquete medio cuerpo en acero inoxidable con doble carril, 25 personas por minuto por carril, Acero inoxidable \/ Abatimiento por emergenci\" \/>\n<meta name=\"robots\" content=\"index, follow, max-snippet:-1, max-image-preview:large, max-video-preview:-1\" \/>\n<link rel=\"canonical\" href=\"https:\/\/www.securitydataandvideo.com\/inicio\/shop\/torniquete-medio-cuerpo-en-acero-inoxidable-con-doble-carril-25-personas-por-minuto-por-carril-acero-inoxidable-abatimiento-por-emergencia\/\" \/>\n<meta property=\"og:locale\" content=\"es_MX\" \/>\n<meta property=\"og:type\" content=\"article\" \/>\n<meta property=\"og:title\" content=\"Torniquete medio cuerpo en acero inoxidable con doble carril -\" \/>\n<meta property=\"og:description\" content=\"Torniquete medio cuerpo en acero inoxidable con doble carril, 25 personas por minuto por carril, Acero inoxidable \/ Abatimiento por emergenci\" \/>\n<meta property=\"og:url\" content=\"https:\/\/www.securitydataandvideo.com\/inicio\/shop\/torniquete-medio-cuerpo-en-acero-inoxidable-con-doble-carril-25-personas-por-minuto-por-carril-acero-inoxidable-abatimiento-por-emergencia\/\" \/>\n<meta property=\"og:site_name\" content=\"Security Data &amp; Video SA de CV.\" \/>\n<meta property=\"article:modified_time\" content=\"2023-10-03T04:21:48+00:00\" \/>\n<meta property=\"og:image\" content=\"https:\/\/www.securitydataandvideo.com\/inicio\/wp-content\/uploads\/2022\/07\/XT7000-p.png\" \/>\n\t<meta property=\"og:image:width\" content=\"400\" \/>\n\t<meta property=\"og:image:height\" content=\"400\" \/>\n\t<meta property=\"og:image:type\" content=\"image\/png\" \/>\n<meta name=\"twitter:card\" content=\"summary\" \/>\n<meta name=\"twitter:label1\" content=\"Tiempo de lectura\" \/>\n\t<meta name=\"twitter:data1\" content=\"2 minutos\" \/>\n<script type=\"application\/ld+json\" class=\"yoast-schema-graph\">{\"@context\":\"https:\/\/schema.org\",\"@graph\":[{\"@type\":\"WebPage\",\"@id\":\"https:\/\/www.securitydataandvideo.com\/inicio\/shop\/torniquete-medio-cuerpo-en-acero-inoxidable-con-doble-carril-25-personas-por-minuto-por-carril-acero-inoxidable-abatimiento-por-emergencia\/\",\"url\":\"https:\/\/www.securitydataandvideo.com\/inicio\/shop\/torniquete-medio-cuerpo-en-acero-inoxidable-con-doble-carril-25-personas-por-minuto-por-carril-acero-inoxidable-abatimiento-por-emergencia\/\",\"name\":\"Torniquete medio cuerpo en acero inoxidable con doble carril -\",\"isPartOf\":{\"@id\":\"https:\/\/www.securitydataandvideo.com\/inicio\/#website\"},\"datePublished\":\"2022-07-21T17:41:17+00:00\",\"dateModified\":\"2023-10-03T04:21:48+00:00\",\"description\":\"Torniquete medio cuerpo en acero inoxidable con doble carril, 25 personas por minuto por carril, Acero inoxidable \/ Abatimiento por emergenci\",\"breadcrumb\":{\"@id\":\"https:\/\/www.securitydataandvideo.com\/inicio\/shop\/torniquete-medio-cuerpo-en-acero-inoxidable-con-doble-carril-25-personas-por-minuto-por-carril-acero-inoxidable-abatimiento-por-emergencia\/#breadcrumb\"},\"inLanguage\":\"es-MX\",\"potentialAction\":[{\"@type\":\"ReadAction\",\"target\":[\"https:\/\/www.securitydataandvideo.com\/inicio\/shop\/torniquete-medio-cuerpo-en-acero-inoxidable-con-doble-carril-25-personas-por-minuto-por-carril-acero-inoxidable-abatimiento-por-emergencia\/\"]}]},{\"@type\":\"BreadcrumbList\",\"@id\":\"https:\/\/www.securitydataandvideo.com\/inicio\/shop\/torniquete-medio-cuerpo-en-acero-inoxidable-con-doble-carril-25-personas-por-minuto-por-carril-acero-inoxidable-abatimiento-por-emergencia\/#breadcrumb\",\"itemListElement\":[{\"@type\":\"ListItem\",\"position\":1,\"name\":\"Inicio\",\"item\":\"https:\/\/www.securitydataandvideo.com\/inicio\/\"},{\"@type\":\"ListItem\",\"position\":2,\"name\":\"Shop\",\"item\":\"https:\/\/www.securitydataandvideo.com\/inicio\/shop\/\"},{\"@type\":\"ListItem\",\"position\":3,\"name\":\"Torniquete medio cuerpo en acero inoxidable con doble carril, 25 personas por minuto por carril, Acero inoxidable \/ Abatimiento por emergencia\"}]},{\"@type\":\"WebSite\",\"@id\":\"https:\/\/www.securitydataandvideo.com\/inicio\/#website\",\"url\":\"https:\/\/www.securitydataandvideo.com\/inicio\/\",\"name\":\"Security Data &amp; Video SA de CV.\",\"description\":\"Seguridad Electr\u00f3nica y Energ\u00eda\",\"publisher\":{\"@id\":\"https:\/\/www.securitydataandvideo.com\/inicio\/#organization\"},\"potentialAction\":[{\"@type\":\"SearchAction\",\"target\":{\"@type\":\"EntryPoint\",\"urlTemplate\":\"https:\/\/www.securitydataandvideo.com\/inicio\/?s={search_term_string}\"},\"query-input\":\"required name=search_term_string\"}],\"inLanguage\":\"es-MX\"},{\"@type\":\"Organization\",\"@id\":\"https:\/\/www.securitydataandvideo.com\/inicio\/#organization\",\"name\":\"Security Data & Video SA de CV\",\"url\":\"https:\/\/www.securitydataandvideo.com\/inicio\/\",\"sameAs\":[],\"logo\":{\"@type\":\"ImageObject\",\"inLanguage\":\"es-MX\",\"@id\":\"https:\/\/www.securitydataandvideo.com\/inicio\/#\/schema\/logo\/image\/\",\"url\":\"https:\/\/www.securitydataandvideo.com\/inicio\/wp-content\/uploads\/2021\/10\/Logo-Azul.png\",\"contentUrl\":\"https:\/\/www.securitydataandvideo.com\/inicio\/wp-content\/uploads\/2021\/10\/Logo-Azul.png\",\"width\":555,\"height\":375,\"caption\":\"Security Data & Video SA de CV\"},\"image\":{\"@id\":\"https:\/\/www.securitydataandvideo.com\/inicio\/#\/schema\/logo\/image\/\"}}]}<\/script>\n<!-- \/ Yoast SEO plugin. -->","yoast_head_json":{"title":"Torniquete medio cuerpo en acero inoxidable con doble carril -","description":"Torniquete medio cuerpo en acero inoxidable con doble carril, 25 personas por minuto por carril, Acero inoxidable \/ Abatimiento por emergenci","robots":{"index":"index","follow":"follow","max-snippet":"max-snippet:-1","max-image-preview":"max-image-preview:large","max-video-preview":"max-video-preview:-1"},"canonical":"https:\/\/www.securitydataandvideo.com\/inicio\/shop\/torniquete-medio-cuerpo-en-acero-inoxidable-con-doble-carril-25-personas-por-minuto-por-carril-acero-inoxidable-abatimiento-por-emergencia\/","og_locale":"es_MX","og_type":"article","og_title":"Torniquete medio cuerpo en acero inoxidable con doble carril -","og_description":"Torniquete medio cuerpo en acero inoxidable con doble carril, 25 personas por minuto por carril, Acero inoxidable \/ Abatimiento por emergenci","og_url":"https:\/\/www.securitydataandvideo.com\/inicio\/shop\/torniquete-medio-cuerpo-en-acero-inoxidable-con-doble-carril-25-personas-por-minuto-por-carril-acero-inoxidable-abatimiento-por-emergencia\/","og_site_name":"Security Data &amp; Video SA de CV.","article_modified_time":"2023-10-03T04:21:48+00:00","og_image":[{"width":400,"height":400,"url":"https:\/\/www.securitydataandvideo.com\/inicio\/wp-content\/uploads\/2022\/07\/XT7000-p.png","type":"image\/png"}],"twitter_card":"summary","twitter_misc":{"Tiempo de lectura":"2 minutos"},"schema":{"@context":"https:\/\/schema.org","@graph":[{"@type":"WebPage","@id":"https:\/\/www.securitydataandvideo.com\/inicio\/shop\/torniquete-medio-cuerpo-en-acero-inoxidable-con-doble-carril-25-personas-por-minuto-por-carril-acero-inoxidable-abatimiento-por-emergencia\/","url":"https:\/\/www.securitydataandvideo.com\/inicio\/shop\/torniquete-medio-cuerpo-en-acero-inoxidable-con-doble-carril-25-personas-por-minuto-por-carril-acero-inoxidable-abatimiento-por-emergencia\/","name":"Torniquete medio cuerpo en acero inoxidable con doble carril -","isPartOf":{"@id":"https:\/\/www.securitydataandvideo.com\/inicio\/#website"},"datePublished":"2022-07-21T17:41:17+00:00","dateModified":"2023-10-03T04:21:48+00:00","description":"Torniquete medio cuerpo en acero inoxidable con doble carril, 25 personas por minuto por carril, Acero inoxidable \/ Abatimiento por emergenci","breadcrumb":{"@id":"https:\/\/www.securitydataandvideo.com\/inicio\/shop\/torniquete-medio-cuerpo-en-acero-inoxidable-con-doble-carril-25-personas-por-minuto-por-carril-acero-inoxidable-abatimiento-por-emergencia\/#breadcrumb"},"inLanguage":"es-MX","potentialAction":[{"@type":"ReadAction","target":["https:\/\/www.securitydataandvideo.com\/inicio\/shop\/torniquete-medio-cuerpo-en-acero-inoxidable-con-doble-carril-25-personas-por-minuto-por-carril-acero-inoxidable-abatimiento-por-emergencia\/"]}]},{"@type":"BreadcrumbList","@id":"https:\/\/www.securitydataandvideo.com\/inicio\/shop\/torniquete-medio-cuerpo-en-acero-inoxidable-con-doble-carril-25-personas-por-minuto-por-carril-acero-inoxidable-abatimiento-por-emergencia\/#breadcrumb","itemListElement":[{"@type":"ListItem","position":1,"name":"Inicio","item":"https:\/\/www.securitydataandvideo.com\/inicio\/"},{"@type":"ListItem","position":2,"name":"Shop","item":"https:\/\/www.securitydataandvideo.com\/inicio\/shop\/"},{"@type":"ListItem","position":3,"name":"Torniquete medio cuerpo en acero inoxidable con doble carril, 25 personas por minuto por carril, Acero inoxidable \/ Abatimiento por emergencia"}]},{"@type":"WebSite","@id":"https:\/\/www.securitydataandvideo.com\/inicio\/#website","url":"https:\/\/www.securitydataandvideo.com\/inicio\/","name":"Security Data &amp; Video SA de CV.","description":"Seguridad Electr\u00f3nica y Energ\u00eda","publisher":{"@id":"https:\/\/www.securitydataandvideo.com\/inicio\/#organization"},"potentialAction":[{"@type":"SearchAction","target":{"@type":"EntryPoint","urlTemplate":"https:\/\/www.securitydataandvideo.com\/inicio\/?s={search_term_string}"},"query-input":"required name=search_term_string"}],"inLanguage":"es-MX"},{"@type":"Organization","@id":"https:\/\/www.securitydataandvideo.com\/inicio\/#organization","name":"Security Data & Video SA de CV","url":"https:\/\/www.securitydataandvideo.com\/inicio\/","sameAs":[],"logo":{"@type":"ImageObject","inLanguage":"es-MX","@id":"https:\/\/www.securitydataandvideo.com\/inicio\/#\/schema\/logo\/image\/","url":"https:\/\/www.securitydataandvideo.com\/inicio\/wp-content\/uploads\/2021\/10\/Logo-Azul.png","contentUrl":"https:\/\/www.securitydataandvideo.com\/inicio\/wp-content\/uploads\/2021\/10\/Logo-Azul.png","width":555,"height":375,"caption":"Security Data & Video SA de CV"},"image":{"@id":"https:\/\/www.securitydataandvideo.com\/inicio\/#\/schema\/logo\/image\/"}}]}},"_links":{"self":[{"href":"https:\/\/www.securitydataandvideo.com\/inicio\/wp-json\/wp\/v2\/product\/16162"}],"collection":[{"href":"https:\/\/www.securitydataandvideo.com\/inicio\/wp-json\/wp\/v2\/product"}],"about":[{"href":"https:\/\/www.securitydataandvideo.com\/inicio\/wp-json\/wp\/v2\/types\/product"}],"wp:featuredmedia":[{"embeddable":true,"href":"https:\/\/www.securitydataandvideo.com\/inicio\/wp-json\/wp\/v2\/media\/16174"}],"wp:attachment":[{"href":"https:\/\/www.securitydataandvideo.com\/inicio\/wp-json\/wp\/v2\/media?parent=16162"}],"wp:term":[{"taxonomy":"product_cat","embeddable":true,"href":"https:\/\/www.securitydataandvideo.com\/inicio\/wp-json\/wp\/v2\/product_cat?post=16162"},{"taxonomy":"product_tag","embeddable":true,"href":"https:\/\/www.securitydataandvideo.com\/inicio\/wp-json\/wp\/v2\/product_tag?post=16162"}],"curies":[{"name":"wp","href":"https:\/\/api.w.org\/{rel}","templated":true}]}}