{"id":16182,"date":"2022-07-21T11:41:45","date_gmt":"2022-07-21T17:41:45","guid":{"rendered":"https:\/\/www.securitydataandvideo.com\/inicio\/?post_type=product&#038;p=16182"},"modified":"2023-10-02T22:17:11","modified_gmt":"2023-10-03T04:17:11","slug":"ds-k1t671tm-3xf-hikvision-biometrico-facial-para-acceso-monitoreo-y-reportes-en-excel-por-software-50-mil-usuarios-termografia-industrial","status":"publish","type":"product","link":"https:\/\/www.securitydataandvideo.com\/inicio\/shop\/ds-k1t671tm-3xf-hikvision-biometrico-facial-para-acceso-monitoreo-y-reportes-en-excel-por-software-50-mil-usuarios-termografia-industrial\/","title":{"rendered":"DS-K1T671TM-3XF HIKVISION Biom\u00e9trico Facial para Acceso \/ Monitoreo y reportes en Excel por software \/ 50 mil usuarios \/ Termografia Industrial"},"content":{"rendered":"<p><strong>DS-K1T671TM-3XF HIKVISION Biom\u00e9trico Facial para Acceso \/ Monitoreo y reportes en Excel por software \/ 50 mil usuarios \/ Termografia Industrial<\/strong><\/p>\n<div class=\"col-sm-4\">\n<div>\n<p><strong>Caracter\u00edsticas principales:<\/strong><\/p>\n<ul>\n<li>Pantalla LCD touch 7&#8243; (1024&#215;600)<\/li>\n<li>Doble Camara de 2 mp,con luz complementaria (IR,WDR).<\/li>\n<li>Detecci\u00f3n de temperatura corporal.<\/li>\n<li>Rango de detecci\u00f3n de 30\u00b0C a 45\u00b0C<\/li>\n<li>Rango de precision 0.5\u00b0C.<\/li>\n<li>Comunicaci\u00f3n IP (10\/100\/1000 Mbps)<\/li>\n<li>Distancia para reconocer rostro: 0.3 a 2 metros.<\/li>\n<li>Reconocimiento en 0.2 segundos<\/li>\n<li>Multiple autentificacion .<\/li>\n<li>Soporta hasta 50,000 rostros.<\/li>\n<li>Hasta 50,000 tarjetas<\/li>\n<li>Hasta 100,000 eventos<\/li>\n<li><strong>Garant\u00eda: 2 A\u00f1os.<\/strong><\/li>\n<\/ul>\n<p>&nbsp;<\/p>\n<\/div>\n<\/div>\n<div class=\"col-sm-4\">\n<div>\n<p><strong>Caracter\u00edsticas F\u00edsicas y El\u00e9ctricas DS-K1T671TM-3XF HIKVISION Biom\u00e9trico Facial<\/strong><\/p>\n<ul>\n<li>Alimentaci\u00f3n: 12 VCD \/ 2A (Fuente no incluida).<\/li>\n<li>Temperatura de operaci\u00f3n: 0\u00b0C a 50\u00b0C(32\u00b0F a 122\u00b0 F) 0 a 90% sin condensacion.<\/li>\n<li>Dimensiones: 282.78 mm x 116.5 mm\u00a0 \u00a0\/32.7mm<\/li>\n<li><strong>Interfaces:<\/strong>\n<ul>\n<li>Wiegand:\u00a01<\/li>\n<li>Network :1<\/li>\n<li>USB 2.0: 1<\/li>\n<li>RS-485: 1<\/li>\n<li>Alarma IN\/OUT: 2\/1<\/li>\n<li>Timbre de puerta:1<\/li>\n<li>Bot\u00f3n de salida: 1<\/li>\n<li>Tamper:1<\/li>\n<li>Salida de relevador para chapa<\/li>\n<\/ul>\n<\/li>\n<\/ul>\n<\/div>\n<\/div>\n<div class=\"col-sm-4\">\n<div>\n<p><strong>Caracter\u00edsticas Destacadas:<\/strong><\/p>\n<ul>\n<li>Reconocimiento facial al instante, con taza de precisi\u00f3n del 99%.<\/li>\n<li>Administrado mediante IVMS4200:<\/li>\n<li>Toma la temperatura corpotal al instante y envia notificacion de temperatura anormal a iVMS4200<\/li>\n<li><strong>NO abre puerta si no trae cubrebocas o temperatura normal (configurable).<\/strong><\/li>\n<li><strong>C\u00f3digos QR para Visitantes (Desp\u00faes de presentar el c\u00f3digo QR debe validar su temperatura y Cubrebocas (opcional) para que se aperture la puerta).<\/strong><\/li>\n<li>SDK Gratuito para integraciones propias<\/li>\n<li><strong>Reportes de temperatura en Excel por software<\/strong><\/li>\n<li><\/li>\n<\/ul>\n<\/div>\n<\/div>\n","protected":false},"excerpt":{"rendered":"<p><strong>DS-K1T671TM-3XF HIKVISION Biom\u00e9trico para Acceso con Reconocimiento Facial \/ Monitoreo y reportes en Excel por software \/ 50 mil usuarios \/ Termografia Industrial<\/strong><\/p>\n","protected":false},"featured_media":16194,"template":"","meta":{"site-sidebar-layout":"default","site-content-layout":"default","ast-site-content-layout":"","site-content-style":"default","site-sidebar-style":"default","ast-global-header-display":"","ast-banner-title-visibility":"","ast-main-header-display":"","ast-hfb-above-header-display":"","ast-hfb-below-header-display":"","ast-hfb-mobile-header-display":"","site-post-title":"","ast-breadcrumbs-content":"","ast-featured-img":"","footer-sml-layout":"","theme-transparent-header-meta":"default","adv-header-id-meta":"","stick-header-meta":"","header-above-stick-meta":"","header-main-stick-meta":"","header-below-stick-meta":"","astra-migrate-meta-layouts":""},"product_cat":[313],"product_tag":[88],"yoast_head":"<!-- This site is optimized with the Yoast SEO plugin v19.5.1 - https:\/\/yoast.com\/wordpress\/plugins\/seo\/ -->\n<title>DS-K1T671TM-3XF HIKVISION Biom\u00e9trico Facial para Acceso<\/title>\n<meta name=\"description\" content=\"DS-K1T671TM-3XF HIKVISION Biom\u00e9trico Facial para Acceso \/ Monitoreo y reportes en Excel por software \/ 50 mil usuarios \/ Termografia Indust\" \/>\n<meta name=\"robots\" content=\"index, follow, max-snippet:-1, max-image-preview:large, max-video-preview:-1\" \/>\n<link rel=\"canonical\" href=\"https:\/\/www.securitydataandvideo.com\/inicio\/shop\/ds-k1t671tm-3xf-hikvision-biometrico-facial-para-acceso-monitoreo-y-reportes-en-excel-por-software-50-mil-usuarios-termografia-industrial\/\" \/>\n<meta property=\"og:locale\" content=\"es_MX\" \/>\n<meta property=\"og:type\" content=\"article\" \/>\n<meta property=\"og:title\" content=\"DS-K1T671TM-3XF HIKVISION Biom\u00e9trico Facial para Acceso\" \/>\n<meta property=\"og:description\" content=\"DS-K1T671TM-3XF HIKVISION Biom\u00e9trico Facial para Acceso \/ Monitoreo y reportes en Excel por software \/ 50 mil usuarios \/ Termografia Indust\" \/>\n<meta property=\"og:url\" content=\"https:\/\/www.securitydataandvideo.com\/inicio\/shop\/ds-k1t671tm-3xf-hikvision-biometrico-facial-para-acceso-monitoreo-y-reportes-en-excel-por-software-50-mil-usuarios-termografia-industrial\/\" \/>\n<meta property=\"og:site_name\" content=\"Security Data &amp; Video SA de CV.\" \/>\n<meta property=\"article:modified_time\" content=\"2023-10-03T04:17:11+00:00\" \/>\n<meta property=\"og:image\" content=\"https:\/\/www.securitydataandvideo.com\/inicio\/wp-content\/uploads\/2022\/07\/DSK1T671TM3XF.png\" \/>\n\t<meta property=\"og:image:width\" content=\"400\" \/>\n\t<meta property=\"og:image:height\" content=\"400\" \/>\n\t<meta property=\"og:image:type\" content=\"image\/png\" \/>\n<meta name=\"twitter:card\" content=\"summary\" \/>\n<meta name=\"twitter:label1\" content=\"Tiempo de lectura\" \/>\n\t<meta name=\"twitter:data1\" content=\"1 minuto\" \/>\n<script type=\"application\/ld+json\" class=\"yoast-schema-graph\">{\"@context\":\"https:\/\/schema.org\",\"@graph\":[{\"@type\":\"WebPage\",\"@id\":\"https:\/\/www.securitydataandvideo.com\/inicio\/shop\/ds-k1t671tm-3xf-hikvision-biometrico-facial-para-acceso-monitoreo-y-reportes-en-excel-por-software-50-mil-usuarios-termografia-industrial\/\",\"url\":\"https:\/\/www.securitydataandvideo.com\/inicio\/shop\/ds-k1t671tm-3xf-hikvision-biometrico-facial-para-acceso-monitoreo-y-reportes-en-excel-por-software-50-mil-usuarios-termografia-industrial\/\",\"name\":\"DS-K1T671TM-3XF HIKVISION Biom\u00e9trico Facial para Acceso\",\"isPartOf\":{\"@id\":\"https:\/\/www.securitydataandvideo.com\/inicio\/#website\"},\"datePublished\":\"2022-07-21T17:41:45+00:00\",\"dateModified\":\"2023-10-03T04:17:11+00:00\",\"description\":\"DS-K1T671TM-3XF HIKVISION Biom\u00e9trico Facial para Acceso \/ Monitoreo y reportes en Excel por software \/ 50 mil usuarios \/ Termografia Indust\",\"breadcrumb\":{\"@id\":\"https:\/\/www.securitydataandvideo.com\/inicio\/shop\/ds-k1t671tm-3xf-hikvision-biometrico-facial-para-acceso-monitoreo-y-reportes-en-excel-por-software-50-mil-usuarios-termografia-industrial\/#breadcrumb\"},\"inLanguage\":\"es-MX\",\"potentialAction\":[{\"@type\":\"ReadAction\",\"target\":[\"https:\/\/www.securitydataandvideo.com\/inicio\/shop\/ds-k1t671tm-3xf-hikvision-biometrico-facial-para-acceso-monitoreo-y-reportes-en-excel-por-software-50-mil-usuarios-termografia-industrial\/\"]}]},{\"@type\":\"BreadcrumbList\",\"@id\":\"https:\/\/www.securitydataandvideo.com\/inicio\/shop\/ds-k1t671tm-3xf-hikvision-biometrico-facial-para-acceso-monitoreo-y-reportes-en-excel-por-software-50-mil-usuarios-termografia-industrial\/#breadcrumb\",\"itemListElement\":[{\"@type\":\"ListItem\",\"position\":1,\"name\":\"Inicio\",\"item\":\"https:\/\/www.securitydataandvideo.com\/inicio\/\"},{\"@type\":\"ListItem\",\"position\":2,\"name\":\"Shop\",\"item\":\"https:\/\/www.securitydataandvideo.com\/inicio\/shop\/\"},{\"@type\":\"ListItem\",\"position\":3,\"name\":\"DS-K1T671TM-3XF HIKVISION Biom\u00e9trico Facial para Acceso \/ Monitoreo y reportes en Excel por software \/ 50 mil usuarios \/ Termografia Industrial\"}]},{\"@type\":\"WebSite\",\"@id\":\"https:\/\/www.securitydataandvideo.com\/inicio\/#website\",\"url\":\"https:\/\/www.securitydataandvideo.com\/inicio\/\",\"name\":\"Security Data &amp; Video SA de CV.\",\"description\":\"Seguridad Electr\u00f3nica y Energ\u00eda\",\"publisher\":{\"@id\":\"https:\/\/www.securitydataandvideo.com\/inicio\/#organization\"},\"potentialAction\":[{\"@type\":\"SearchAction\",\"target\":{\"@type\":\"EntryPoint\",\"urlTemplate\":\"https:\/\/www.securitydataandvideo.com\/inicio\/?s={search_term_string}\"},\"query-input\":\"required name=search_term_string\"}],\"inLanguage\":\"es-MX\"},{\"@type\":\"Organization\",\"@id\":\"https:\/\/www.securitydataandvideo.com\/inicio\/#organization\",\"name\":\"Security Data & Video SA de CV\",\"url\":\"https:\/\/www.securitydataandvideo.com\/inicio\/\",\"sameAs\":[],\"logo\":{\"@type\":\"ImageObject\",\"inLanguage\":\"es-MX\",\"@id\":\"https:\/\/www.securitydataandvideo.com\/inicio\/#\/schema\/logo\/image\/\",\"url\":\"https:\/\/www.securitydataandvideo.com\/inicio\/wp-content\/uploads\/2021\/10\/Logo-Azul.png\",\"contentUrl\":\"https:\/\/www.securitydataandvideo.com\/inicio\/wp-content\/uploads\/2021\/10\/Logo-Azul.png\",\"width\":555,\"height\":375,\"caption\":\"Security Data & Video SA de CV\"},\"image\":{\"@id\":\"https:\/\/www.securitydataandvideo.com\/inicio\/#\/schema\/logo\/image\/\"}}]}<\/script>\n<!-- \/ Yoast SEO plugin. -->","yoast_head_json":{"title":"DS-K1T671TM-3XF HIKVISION Biom\u00e9trico Facial para Acceso","description":"DS-K1T671TM-3XF HIKVISION Biom\u00e9trico Facial para Acceso \/ Monitoreo y reportes en Excel por software \/ 50 mil usuarios \/ Termografia Indust","robots":{"index":"index","follow":"follow","max-snippet":"max-snippet:-1","max-image-preview":"max-image-preview:large","max-video-preview":"max-video-preview:-1"},"canonical":"https:\/\/www.securitydataandvideo.com\/inicio\/shop\/ds-k1t671tm-3xf-hikvision-biometrico-facial-para-acceso-monitoreo-y-reportes-en-excel-por-software-50-mil-usuarios-termografia-industrial\/","og_locale":"es_MX","og_type":"article","og_title":"DS-K1T671TM-3XF HIKVISION Biom\u00e9trico Facial para Acceso","og_description":"DS-K1T671TM-3XF HIKVISION Biom\u00e9trico Facial para Acceso \/ Monitoreo y reportes en Excel por software \/ 50 mil usuarios \/ Termografia Indust","og_url":"https:\/\/www.securitydataandvideo.com\/inicio\/shop\/ds-k1t671tm-3xf-hikvision-biometrico-facial-para-acceso-monitoreo-y-reportes-en-excel-por-software-50-mil-usuarios-termografia-industrial\/","og_site_name":"Security Data &amp; Video SA de CV.","article_modified_time":"2023-10-03T04:17:11+00:00","og_image":[{"width":400,"height":400,"url":"https:\/\/www.securitydataandvideo.com\/inicio\/wp-content\/uploads\/2022\/07\/DSK1T671TM3XF.png","type":"image\/png"}],"twitter_card":"summary","twitter_misc":{"Tiempo de lectura":"1 minuto"},"schema":{"@context":"https:\/\/schema.org","@graph":[{"@type":"WebPage","@id":"https:\/\/www.securitydataandvideo.com\/inicio\/shop\/ds-k1t671tm-3xf-hikvision-biometrico-facial-para-acceso-monitoreo-y-reportes-en-excel-por-software-50-mil-usuarios-termografia-industrial\/","url":"https:\/\/www.securitydataandvideo.com\/inicio\/shop\/ds-k1t671tm-3xf-hikvision-biometrico-facial-para-acceso-monitoreo-y-reportes-en-excel-por-software-50-mil-usuarios-termografia-industrial\/","name":"DS-K1T671TM-3XF HIKVISION Biom\u00e9trico Facial para Acceso","isPartOf":{"@id":"https:\/\/www.securitydataandvideo.com\/inicio\/#website"},"datePublished":"2022-07-21T17:41:45+00:00","dateModified":"2023-10-03T04:17:11+00:00","description":"DS-K1T671TM-3XF HIKVISION Biom\u00e9trico Facial para Acceso \/ Monitoreo y reportes en Excel por software \/ 50 mil usuarios \/ Termografia Indust","breadcrumb":{"@id":"https:\/\/www.securitydataandvideo.com\/inicio\/shop\/ds-k1t671tm-3xf-hikvision-biometrico-facial-para-acceso-monitoreo-y-reportes-en-excel-por-software-50-mil-usuarios-termografia-industrial\/#breadcrumb"},"inLanguage":"es-MX","potentialAction":[{"@type":"ReadAction","target":["https:\/\/www.securitydataandvideo.com\/inicio\/shop\/ds-k1t671tm-3xf-hikvision-biometrico-facial-para-acceso-monitoreo-y-reportes-en-excel-por-software-50-mil-usuarios-termografia-industrial\/"]}]},{"@type":"BreadcrumbList","@id":"https:\/\/www.securitydataandvideo.com\/inicio\/shop\/ds-k1t671tm-3xf-hikvision-biometrico-facial-para-acceso-monitoreo-y-reportes-en-excel-por-software-50-mil-usuarios-termografia-industrial\/#breadcrumb","itemListElement":[{"@type":"ListItem","position":1,"name":"Inicio","item":"https:\/\/www.securitydataandvideo.com\/inicio\/"},{"@type":"ListItem","position":2,"name":"Shop","item":"https:\/\/www.securitydataandvideo.com\/inicio\/shop\/"},{"@type":"ListItem","position":3,"name":"DS-K1T671TM-3XF HIKVISION Biom\u00e9trico Facial para Acceso \/ Monitoreo y reportes en Excel por software \/ 50 mil usuarios \/ Termografia Industrial"}]},{"@type":"WebSite","@id":"https:\/\/www.securitydataandvideo.com\/inicio\/#website","url":"https:\/\/www.securitydataandvideo.com\/inicio\/","name":"Security Data &amp; Video SA de CV.","description":"Seguridad Electr\u00f3nica y Energ\u00eda","publisher":{"@id":"https:\/\/www.securitydataandvideo.com\/inicio\/#organization"},"potentialAction":[{"@type":"SearchAction","target":{"@type":"EntryPoint","urlTemplate":"https:\/\/www.securitydataandvideo.com\/inicio\/?s={search_term_string}"},"query-input":"required name=search_term_string"}],"inLanguage":"es-MX"},{"@type":"Organization","@id":"https:\/\/www.securitydataandvideo.com\/inicio\/#organization","name":"Security Data & Video SA de CV","url":"https:\/\/www.securitydataandvideo.com\/inicio\/","sameAs":[],"logo":{"@type":"ImageObject","inLanguage":"es-MX","@id":"https:\/\/www.securitydataandvideo.com\/inicio\/#\/schema\/logo\/image\/","url":"https:\/\/www.securitydataandvideo.com\/inicio\/wp-content\/uploads\/2021\/10\/Logo-Azul.png","contentUrl":"https:\/\/www.securitydataandvideo.com\/inicio\/wp-content\/uploads\/2021\/10\/Logo-Azul.png","width":555,"height":375,"caption":"Security Data & Video SA de CV"},"image":{"@id":"https:\/\/www.securitydataandvideo.com\/inicio\/#\/schema\/logo\/image\/"}}]}},"_links":{"self":[{"href":"https:\/\/www.securitydataandvideo.com\/inicio\/wp-json\/wp\/v2\/product\/16182"}],"collection":[{"href":"https:\/\/www.securitydataandvideo.com\/inicio\/wp-json\/wp\/v2\/product"}],"about":[{"href":"https:\/\/www.securitydataandvideo.com\/inicio\/wp-json\/wp\/v2\/types\/product"}],"wp:featuredmedia":[{"embeddable":true,"href":"https:\/\/www.securitydataandvideo.com\/inicio\/wp-json\/wp\/v2\/media\/16194"}],"wp:attachment":[{"href":"https:\/\/www.securitydataandvideo.com\/inicio\/wp-json\/wp\/v2\/media?parent=16182"}],"wp:term":[{"taxonomy":"product_cat","embeddable":true,"href":"https:\/\/www.securitydataandvideo.com\/inicio\/wp-json\/wp\/v2\/product_cat?post=16182"},{"taxonomy":"product_tag","embeddable":true,"href":"https:\/\/www.securitydataandvideo.com\/inicio\/wp-json\/wp\/v2\/product_tag?post=16182"}],"curies":[{"name":"wp","href":"https:\/\/api.w.org\/{rel}","templated":true}]}}