{"id":16183,"date":"2022-07-21T11:41:45","date_gmt":"2022-07-21T17:41:45","guid":{"rendered":"https:\/\/www.securitydataandvideo.com\/inicio\/?post_type=product&#038;p=16183"},"modified":"2023-10-02T22:17:31","modified_gmt":"2023-10-03T04:17:31","slug":"ds-k1t341amf-hikvision-terminal-de-reconocimiento-facial-ultra-rapido-ip65-hasta-1-5-mts-en-lectura-soporta-p2p-hik-connect-nube-qr-y-videoportero","status":"publish","type":"product","link":"https:\/\/www.securitydataandvideo.com\/inicio\/shop\/ds-k1t341amf-hikvision-terminal-de-reconocimiento-facial-ultra-rapido-ip65-hasta-1-5-mts-en-lectura-soporta-p2p-hik-connect-nube-qr-y-videoportero\/","title":{"rendered":"DS-K1T341AMF HIKVISION Terminal de Reconocimiento Facial ULTRA R\u00c1PIDO (IP65) \/ Hasta 1.5 mts en lectura \/ Soporta P2P Hik-Connect (NUBE) \/ QR y Videoportero."},"content":{"rendered":"<p><strong>DS-K1T341AMF HIKVISION Terminal de Reconocimiento Facial ULTRA R\u00c1PIDO (IP65) \/ Hasta 1.5 mts en lectura \/ Soporta P2P Hik-Connect (NUBE) \/ QR y Videoportero.<\/strong><\/p>\n<div class=\"col-sm-4\">\n<div><strong>Caracter\u00edsticas principales:<\/strong><\/p>\n<ul>\n<li>Pantalla t\u00e1ctil de 4.3 pulgadas<\/li>\n<li>C\u00e1mara 2 MP con lente doble, de gran angular.<\/li>\n<li>Distancia de detecci\u00f3n de los rostros: 0.3 mts hasta 3 mts.<\/li>\n<li>Distancia de Reconocimiento 0.3 a 1.5 m<\/li>\n<li>Soporta hasta 1500 rostros.<\/li>\n<li>Capacidad para 150,000 eventos.<\/li>\n<li>Soporta hasta 1500 huellas.<\/li>\n<li>Soporta hasta 1500 tarjetas (Mifare)<\/li>\n<li>Funcionamiento Aut\u00f3nomo o con IVMS4200.<\/li>\n<li><strong>Garant\u00eda: 1 A\u00f1o.<\/strong><\/li>\n<\/ul>\n<p>&nbsp;<\/p>\n<\/div>\n<\/div>\n<div class=\"col-sm-4\">\n<div><strong>Caracter\u00edsticas F\u00edsicas y El\u00e9ctricas:<\/strong><\/p>\n<ul>\n<li>Alimentaci\u00f3n: 12 VCD \/ 2 Amp \/ 24 W.<\/li>\n<li>Aplicaci\u00f3n: Interior.<\/li>\n<li>Temperatura: -30 \u00b0C to 60 \u00b0C (-22 \u00b0F to 140 \u00b0F)<\/li>\n<li>Dimensiones: 172.5 mm \u00d7 83.2 mm \u00d7 22.7 mm<\/li>\n<li><strong>Interfaces:<\/strong>\n<ul>\n<li>Cerradura El\u00e9ctrica: 1<\/li>\n<li>USB 2.0: 1<\/li>\n<li>RS-485: 1<\/li>\n<li>Bot\u00f3n de salida: 1<\/li>\n<\/ul>\n<\/li>\n<\/ul>\n<\/div>\n<\/div>\n<div class=\"col-sm-4\">\n<div><strong>Caracter\u00edsticas Destacadas:<\/strong>El terminal frontal de la serie DS-K1T341 adopta un algoritmo DEEP LEARNING que\u00a0ayuda a reconocer el rostro de las personas m\u00e1s r\u00e1pido y con mayor precisi\u00f3n. Aplicable en escenarios, como edificios, empresas, industrias y otras \u00e1reas importantes.<\/p>\n<p>Versi\u00f3n de IVMS recomendada:\u00a0<a href=\"https:\/\/ftp3.syscom.mx\/usuarios\/jsosa\/HIKVISION\/programas\/iVMS-4200%28V3.1.1.13%29.zip\">IVMS4200\u00a0 3.1.1.13<\/a><\/p>\n<\/div>\n<\/div>\n","protected":false},"excerpt":{"rendered":"<p>DS-K1T341AMF HIKVISION Terminal de Reconocimiento Facial ULTRA R\u00c1PIDO (IP65) \/ Hasta 1.5 mts en lectura \/ Soporta P2P Hik-Connect (NUBE) \/ QR y Videoportero.<\/p>\n","protected":false},"featured_media":16195,"template":"","meta":{"site-sidebar-layout":"","site-content-layout":"","ast-site-content-layout":"","site-content-style":"default","site-sidebar-style":"default","ast-global-header-display":"","ast-banner-title-visibility":"","ast-main-header-display":"","ast-hfb-above-header-display":"","ast-hfb-below-header-display":"","ast-hfb-mobile-header-display":"","site-post-title":"","ast-breadcrumbs-content":"","ast-featured-img":"","footer-sml-layout":"","theme-transparent-header-meta":"","adv-header-id-meta":"","stick-header-meta":"","header-above-stick-meta":"","header-main-stick-meta":"","header-below-stick-meta":"","astra-migrate-meta-layouts":""},"product_cat":[313],"product_tag":[88],"yoast_head":"<!-- This site is optimized with the Yoast SEO plugin v19.5.1 - https:\/\/yoast.com\/wordpress\/plugins\/seo\/ -->\n<title>DS-K1T341AMF HIKVISION Terminal de Reconocimiento Facial ULTRA R\u00c1PIDO<\/title>\n<meta name=\"description\" content=\"Security Data &amp; Video SA de CV. DS-K1T341AMF HIKVISION Terminal de Reconocimiento Facial ULTRA R\u00c1PIDO (IP65) \/ Hasta 1.5 mts en lectura \/ Soporta P2P Hik-Connect (NUBE) \/ QR y Videoportero.\" \/>\n<meta name=\"robots\" content=\"index, follow, max-snippet:-1, max-image-preview:large, max-video-preview:-1\" \/>\n<link rel=\"canonical\" href=\"https:\/\/www.securitydataandvideo.com\/inicio\/shop\/ds-k1t341amf-hikvision-terminal-de-reconocimiento-facial-ultra-rapido-ip65-hasta-1-5-mts-en-lectura-soporta-p2p-hik-connect-nube-qr-y-videoportero\/\" \/>\n<meta property=\"og:locale\" content=\"es_MX\" \/>\n<meta property=\"og:type\" content=\"article\" \/>\n<meta property=\"og:title\" content=\"DS-K1T341AMF HIKVISION Terminal de Reconocimiento Facial ULTRA R\u00c1PIDO\" \/>\n<meta property=\"og:description\" content=\"Security Data &amp; Video SA de CV. DS-K1T341AMF HIKVISION Terminal de Reconocimiento Facial ULTRA R\u00c1PIDO (IP65) \/ Hasta 1.5 mts en lectura \/ Soporta P2P Hik-Connect (NUBE) \/ QR y Videoportero.\" \/>\n<meta property=\"og:url\" content=\"https:\/\/www.securitydataandvideo.com\/inicio\/shop\/ds-k1t341amf-hikvision-terminal-de-reconocimiento-facial-ultra-rapido-ip65-hasta-1-5-mts-en-lectura-soporta-p2p-hik-connect-nube-qr-y-videoportero\/\" \/>\n<meta property=\"og:site_name\" content=\"Security Data &amp; Video SA de CV.\" \/>\n<meta property=\"article:modified_time\" content=\"2023-10-03T04:17:31+00:00\" \/>\n<meta property=\"og:image\" content=\"https:\/\/www.securitydataandvideo.com\/inicio\/wp-content\/uploads\/2022\/07\/DSK1T341AMF.png\" \/>\n\t<meta property=\"og:image:width\" content=\"400\" \/>\n\t<meta property=\"og:image:height\" content=\"400\" \/>\n\t<meta property=\"og:image:type\" content=\"image\/png\" \/>\n<meta name=\"twitter:card\" content=\"summary\" \/>\n<meta name=\"twitter:label1\" content=\"Tiempo de lectura\" \/>\n\t<meta name=\"twitter:data1\" content=\"1 minuto\" \/>\n<script type=\"application\/ld+json\" class=\"yoast-schema-graph\">{\"@context\":\"https:\/\/schema.org\",\"@graph\":[{\"@type\":\"WebPage\",\"@id\":\"https:\/\/www.securitydataandvideo.com\/inicio\/shop\/ds-k1t341amf-hikvision-terminal-de-reconocimiento-facial-ultra-rapido-ip65-hasta-1-5-mts-en-lectura-soporta-p2p-hik-connect-nube-qr-y-videoportero\/\",\"url\":\"https:\/\/www.securitydataandvideo.com\/inicio\/shop\/ds-k1t341amf-hikvision-terminal-de-reconocimiento-facial-ultra-rapido-ip65-hasta-1-5-mts-en-lectura-soporta-p2p-hik-connect-nube-qr-y-videoportero\/\",\"name\":\"DS-K1T341AMF HIKVISION Terminal de Reconocimiento Facial ULTRA R\u00c1PIDO\",\"isPartOf\":{\"@id\":\"https:\/\/www.securitydataandvideo.com\/inicio\/#website\"},\"datePublished\":\"2022-07-21T17:41:45+00:00\",\"dateModified\":\"2023-10-03T04:17:31+00:00\",\"description\":\"Security Data &amp; Video SA de CV. DS-K1T341AMF HIKVISION Terminal de Reconocimiento Facial ULTRA R\u00c1PIDO (IP65) \/ Hasta 1.5 mts en lectura \/ Soporta P2P Hik-Connect (NUBE) \/ QR y Videoportero.\",\"breadcrumb\":{\"@id\":\"https:\/\/www.securitydataandvideo.com\/inicio\/shop\/ds-k1t341amf-hikvision-terminal-de-reconocimiento-facial-ultra-rapido-ip65-hasta-1-5-mts-en-lectura-soporta-p2p-hik-connect-nube-qr-y-videoportero\/#breadcrumb\"},\"inLanguage\":\"es-MX\",\"potentialAction\":[{\"@type\":\"ReadAction\",\"target\":[\"https:\/\/www.securitydataandvideo.com\/inicio\/shop\/ds-k1t341amf-hikvision-terminal-de-reconocimiento-facial-ultra-rapido-ip65-hasta-1-5-mts-en-lectura-soporta-p2p-hik-connect-nube-qr-y-videoportero\/\"]}]},{\"@type\":\"BreadcrumbList\",\"@id\":\"https:\/\/www.securitydataandvideo.com\/inicio\/shop\/ds-k1t341amf-hikvision-terminal-de-reconocimiento-facial-ultra-rapido-ip65-hasta-1-5-mts-en-lectura-soporta-p2p-hik-connect-nube-qr-y-videoportero\/#breadcrumb\",\"itemListElement\":[{\"@type\":\"ListItem\",\"position\":1,\"name\":\"Inicio\",\"item\":\"https:\/\/www.securitydataandvideo.com\/inicio\/\"},{\"@type\":\"ListItem\",\"position\":2,\"name\":\"Shop\",\"item\":\"https:\/\/www.securitydataandvideo.com\/inicio\/shop\/\"},{\"@type\":\"ListItem\",\"position\":3,\"name\":\"DS-K1T341AMF HIKVISION Terminal de Reconocimiento Facial ULTRA R\u00c1PIDO (IP65) \/ Hasta 1.5 mts en lectura \/ Soporta P2P Hik-Connect (NUBE) \/ QR y Videoportero.\"}]},{\"@type\":\"WebSite\",\"@id\":\"https:\/\/www.securitydataandvideo.com\/inicio\/#website\",\"url\":\"https:\/\/www.securitydataandvideo.com\/inicio\/\",\"name\":\"Security Data &amp; Video SA de CV.\",\"description\":\"Seguridad Electr\u00f3nica y Energ\u00eda\",\"publisher\":{\"@id\":\"https:\/\/www.securitydataandvideo.com\/inicio\/#organization\"},\"potentialAction\":[{\"@type\":\"SearchAction\",\"target\":{\"@type\":\"EntryPoint\",\"urlTemplate\":\"https:\/\/www.securitydataandvideo.com\/inicio\/?s={search_term_string}\"},\"query-input\":\"required name=search_term_string\"}],\"inLanguage\":\"es-MX\"},{\"@type\":\"Organization\",\"@id\":\"https:\/\/www.securitydataandvideo.com\/inicio\/#organization\",\"name\":\"Security Data & Video SA de CV\",\"url\":\"https:\/\/www.securitydataandvideo.com\/inicio\/\",\"sameAs\":[],\"logo\":{\"@type\":\"ImageObject\",\"inLanguage\":\"es-MX\",\"@id\":\"https:\/\/www.securitydataandvideo.com\/inicio\/#\/schema\/logo\/image\/\",\"url\":\"https:\/\/www.securitydataandvideo.com\/inicio\/wp-content\/uploads\/2021\/10\/Logo-Azul.png\",\"contentUrl\":\"https:\/\/www.securitydataandvideo.com\/inicio\/wp-content\/uploads\/2021\/10\/Logo-Azul.png\",\"width\":555,\"height\":375,\"caption\":\"Security Data & Video SA de CV\"},\"image\":{\"@id\":\"https:\/\/www.securitydataandvideo.com\/inicio\/#\/schema\/logo\/image\/\"}}]}<\/script>\n<!-- \/ Yoast SEO plugin. -->","yoast_head_json":{"title":"DS-K1T341AMF HIKVISION Terminal de Reconocimiento Facial ULTRA R\u00c1PIDO","description":"Security Data &amp; Video SA de CV. DS-K1T341AMF HIKVISION Terminal de Reconocimiento Facial ULTRA R\u00c1PIDO (IP65) \/ Hasta 1.5 mts en lectura \/ Soporta P2P Hik-Connect (NUBE) \/ QR y Videoportero.","robots":{"index":"index","follow":"follow","max-snippet":"max-snippet:-1","max-image-preview":"max-image-preview:large","max-video-preview":"max-video-preview:-1"},"canonical":"https:\/\/www.securitydataandvideo.com\/inicio\/shop\/ds-k1t341amf-hikvision-terminal-de-reconocimiento-facial-ultra-rapido-ip65-hasta-1-5-mts-en-lectura-soporta-p2p-hik-connect-nube-qr-y-videoportero\/","og_locale":"es_MX","og_type":"article","og_title":"DS-K1T341AMF HIKVISION Terminal de Reconocimiento Facial ULTRA R\u00c1PIDO","og_description":"Security Data &amp; Video SA de CV. DS-K1T341AMF HIKVISION Terminal de Reconocimiento Facial ULTRA R\u00c1PIDO (IP65) \/ Hasta 1.5 mts en lectura \/ Soporta P2P Hik-Connect (NUBE) \/ QR y Videoportero.","og_url":"https:\/\/www.securitydataandvideo.com\/inicio\/shop\/ds-k1t341amf-hikvision-terminal-de-reconocimiento-facial-ultra-rapido-ip65-hasta-1-5-mts-en-lectura-soporta-p2p-hik-connect-nube-qr-y-videoportero\/","og_site_name":"Security Data &amp; Video SA de CV.","article_modified_time":"2023-10-03T04:17:31+00:00","og_image":[{"width":400,"height":400,"url":"https:\/\/www.securitydataandvideo.com\/inicio\/wp-content\/uploads\/2022\/07\/DSK1T341AMF.png","type":"image\/png"}],"twitter_card":"summary","twitter_misc":{"Tiempo de lectura":"1 minuto"},"schema":{"@context":"https:\/\/schema.org","@graph":[{"@type":"WebPage","@id":"https:\/\/www.securitydataandvideo.com\/inicio\/shop\/ds-k1t341amf-hikvision-terminal-de-reconocimiento-facial-ultra-rapido-ip65-hasta-1-5-mts-en-lectura-soporta-p2p-hik-connect-nube-qr-y-videoportero\/","url":"https:\/\/www.securitydataandvideo.com\/inicio\/shop\/ds-k1t341amf-hikvision-terminal-de-reconocimiento-facial-ultra-rapido-ip65-hasta-1-5-mts-en-lectura-soporta-p2p-hik-connect-nube-qr-y-videoportero\/","name":"DS-K1T341AMF HIKVISION Terminal de Reconocimiento Facial ULTRA R\u00c1PIDO","isPartOf":{"@id":"https:\/\/www.securitydataandvideo.com\/inicio\/#website"},"datePublished":"2022-07-21T17:41:45+00:00","dateModified":"2023-10-03T04:17:31+00:00","description":"Security Data &amp; Video SA de CV. DS-K1T341AMF HIKVISION Terminal de Reconocimiento Facial ULTRA R\u00c1PIDO (IP65) \/ Hasta 1.5 mts en lectura \/ Soporta P2P Hik-Connect (NUBE) \/ QR y Videoportero.","breadcrumb":{"@id":"https:\/\/www.securitydataandvideo.com\/inicio\/shop\/ds-k1t341amf-hikvision-terminal-de-reconocimiento-facial-ultra-rapido-ip65-hasta-1-5-mts-en-lectura-soporta-p2p-hik-connect-nube-qr-y-videoportero\/#breadcrumb"},"inLanguage":"es-MX","potentialAction":[{"@type":"ReadAction","target":["https:\/\/www.securitydataandvideo.com\/inicio\/shop\/ds-k1t341amf-hikvision-terminal-de-reconocimiento-facial-ultra-rapido-ip65-hasta-1-5-mts-en-lectura-soporta-p2p-hik-connect-nube-qr-y-videoportero\/"]}]},{"@type":"BreadcrumbList","@id":"https:\/\/www.securitydataandvideo.com\/inicio\/shop\/ds-k1t341amf-hikvision-terminal-de-reconocimiento-facial-ultra-rapido-ip65-hasta-1-5-mts-en-lectura-soporta-p2p-hik-connect-nube-qr-y-videoportero\/#breadcrumb","itemListElement":[{"@type":"ListItem","position":1,"name":"Inicio","item":"https:\/\/www.securitydataandvideo.com\/inicio\/"},{"@type":"ListItem","position":2,"name":"Shop","item":"https:\/\/www.securitydataandvideo.com\/inicio\/shop\/"},{"@type":"ListItem","position":3,"name":"DS-K1T341AMF HIKVISION Terminal de Reconocimiento Facial ULTRA R\u00c1PIDO (IP65) \/ Hasta 1.5 mts en lectura \/ Soporta P2P Hik-Connect (NUBE) \/ QR y Videoportero."}]},{"@type":"WebSite","@id":"https:\/\/www.securitydataandvideo.com\/inicio\/#website","url":"https:\/\/www.securitydataandvideo.com\/inicio\/","name":"Security Data &amp; Video SA de CV.","description":"Seguridad Electr\u00f3nica y Energ\u00eda","publisher":{"@id":"https:\/\/www.securitydataandvideo.com\/inicio\/#organization"},"potentialAction":[{"@type":"SearchAction","target":{"@type":"EntryPoint","urlTemplate":"https:\/\/www.securitydataandvideo.com\/inicio\/?s={search_term_string}"},"query-input":"required name=search_term_string"}],"inLanguage":"es-MX"},{"@type":"Organization","@id":"https:\/\/www.securitydataandvideo.com\/inicio\/#organization","name":"Security Data & Video SA de CV","url":"https:\/\/www.securitydataandvideo.com\/inicio\/","sameAs":[],"logo":{"@type":"ImageObject","inLanguage":"es-MX","@id":"https:\/\/www.securitydataandvideo.com\/inicio\/#\/schema\/logo\/image\/","url":"https:\/\/www.securitydataandvideo.com\/inicio\/wp-content\/uploads\/2021\/10\/Logo-Azul.png","contentUrl":"https:\/\/www.securitydataandvideo.com\/inicio\/wp-content\/uploads\/2021\/10\/Logo-Azul.png","width":555,"height":375,"caption":"Security Data & Video SA de CV"},"image":{"@id":"https:\/\/www.securitydataandvideo.com\/inicio\/#\/schema\/logo\/image\/"}}]}},"_links":{"self":[{"href":"https:\/\/www.securitydataandvideo.com\/inicio\/wp-json\/wp\/v2\/product\/16183"}],"collection":[{"href":"https:\/\/www.securitydataandvideo.com\/inicio\/wp-json\/wp\/v2\/product"}],"about":[{"href":"https:\/\/www.securitydataandvideo.com\/inicio\/wp-json\/wp\/v2\/types\/product"}],"wp:featuredmedia":[{"embeddable":true,"href":"https:\/\/www.securitydataandvideo.com\/inicio\/wp-json\/wp\/v2\/media\/16195"}],"wp:attachment":[{"href":"https:\/\/www.securitydataandvideo.com\/inicio\/wp-json\/wp\/v2\/media?parent=16183"}],"wp:term":[{"taxonomy":"product_cat","embeddable":true,"href":"https:\/\/www.securitydataandvideo.com\/inicio\/wp-json\/wp\/v2\/product_cat?post=16183"},{"taxonomy":"product_tag","embeddable":true,"href":"https:\/\/www.securitydataandvideo.com\/inicio\/wp-json\/wp\/v2\/product_tag?post=16183"}],"curies":[{"name":"wp","href":"https:\/\/api.w.org\/{rel}","templated":true}]}}