{"id":16210,"date":"2022-07-21T11:42:16","date_gmt":"2022-07-21T17:42:16","guid":{"rendered":"https:\/\/www.securitydataandvideo.com\/inicio\/?post_type=product&#038;p=16210"},"modified":"2022-07-21T11:42:34","modified_gmt":"2022-07-21T17:42:34","slug":"ad365-fire-lite-detector-multi-criterio-direccionable-de-hummo-para-uso-con-panele-direccionables-fire-lite-color-blanco-en-guadalajara-jalisco-y-todo-mexico","status":"publish","type":"product","link":"https:\/\/www.securitydataandvideo.com\/inicio\/shop\/ad365-fire-lite-detector-multi-criterio-direccionable-de-hummo-para-uso-con-panele-direccionables-fire-lite-color-blanco-en-guadalajara-jalisco-y-todo-mexico\/","title":{"rendered":"AD365 FIRE-LITE Detector Multi-Criterio Direccionable de Hummo para uso con Panele Direccionables Fire-Lite, Color Blanco, en Guadalajara Jalisco y todo M\u00e9xico."},"content":{"rendered":"<p><strong>AD365 FIRE-LITE Detector Multi-Criterio Direccionable de Hummo para uso con Panele Direccionables Fire-Lite, Color Blanco, en Guadalajara Jalisco y todo M\u00e9xico.<\/strong><\/p>\n<p>El AD365 es un detector de criterios m\u00faltiples direccionable que incorpora principios de detecci\u00f3n fotoel\u00e9ctricos, t\u00e9rmicos e infrarrojos (PTIR). Los algoritmos avanzados maximizan las ventajas de cada tipo de sensor al crear una estrategia de detecci\u00f3n m\u00e1s robusta que rechaza las fuentes molestas pero que a\u00fan responde r\u00e1pidamente a incendios reales. Disponible en blanco (solo protocolo LiteSpeed) y marfil (protocolos CLIP y LiteSpeed). Compatible con los paneles de control de alarma contra incendios direccionables ES-50X y ES-200X.<\/p>\n<h6>Caracterisitcas y beneficios de AD365 FIRE-LITE Detector Multi-Criterio<\/h6>\n<p>Detecci\u00f3n multicriterio<\/p>\n<p>Nuevo dise\u00f1o moderno en acabado blanco o marfil<\/p>\n<p>Comunicaci\u00f3n analogica<\/p>\n<p>Baja corriente en modo de espera<\/p>\n<p>Interruptures de direcci\u00f3n rotativos<\/p>\n<p>Leds duales para visibilidad de 360\u00b0<\/p>\n<p>Opciones de color expandido<\/p>\n<p>Listado UL268 y UL521<\/p>\n<p>Compatible con ES-50X y ES-200X<\/p>\n<p>Incluye base<\/p>\n","protected":false},"excerpt":{"rendered":"<p><strong>AD365 FIRE-LITE ALARMS BY HONEYWELL Detector Multi-Criterio Direccionable de Hummo para uso con Panele Direccionables Fire-Lite, Color Blanco, en Guadalajara Jalisco y todo M\u00e9xico.<\/strong><\/p>\n","protected":false},"featured_media":16240,"template":"","meta":{"site-sidebar-layout":"default","site-content-layout":"default","ast-site-content-layout":"","site-content-style":"default","site-sidebar-style":"default","ast-global-header-display":"","ast-banner-title-visibility":"","ast-main-header-display":"","ast-hfb-above-header-display":"","ast-hfb-below-header-display":"","ast-hfb-mobile-header-display":"","site-post-title":"","ast-breadcrumbs-content":"","ast-featured-img":"","footer-sml-layout":"","theme-transparent-header-meta":"default","adv-header-id-meta":"","stick-header-meta":"","header-above-stick-meta":"","header-main-stick-meta":"","header-below-stick-meta":"","astra-migrate-meta-layouts":""},"product_cat":[329],"product_tag":[328],"yoast_head":"<!-- This site is optimized with the Yoast SEO plugin v19.5.1 - https:\/\/yoast.com\/wordpress\/plugins\/seo\/ -->\n<title>AD365 FIRE-LITE Detector Multi-Criterio Direccionable de Hummo<\/title>\n<meta name=\"description\" content=\"Security Data &amp; Video SA de CV. AD365 FIRE-LITE Detector Multi-Criterio Direccionable de Humo compatible Panel Direccionables Firelite\" \/>\n<meta name=\"robots\" content=\"index, follow, max-snippet:-1, max-image-preview:large, max-video-preview:-1\" \/>\n<link rel=\"canonical\" href=\"https:\/\/www.securitydataandvideo.com\/inicio\/shop\/ad365-fire-lite-detector-multi-criterio-direccionable-de-hummo-para-uso-con-panele-direccionables-fire-lite-color-blanco-en-guadalajara-jalisco-y-todo-mexico\/\" \/>\n<meta property=\"og:locale\" content=\"es_MX\" \/>\n<meta property=\"og:type\" content=\"article\" \/>\n<meta property=\"og:title\" content=\"AD365 FIRE-LITE Detector Multi-Criterio Direccionable de Hummo\" \/>\n<meta property=\"og:description\" content=\"Security Data &amp; Video SA de CV. AD365 FIRE-LITE Detector Multi-Criterio Direccionable de Humo compatible Panel Direccionables Firelite\" \/>\n<meta property=\"og:url\" content=\"https:\/\/www.securitydataandvideo.com\/inicio\/shop\/ad365-fire-lite-detector-multi-criterio-direccionable-de-hummo-para-uso-con-panele-direccionables-fire-lite-color-blanco-en-guadalajara-jalisco-y-todo-mexico\/\" \/>\n<meta property=\"og:site_name\" content=\"Security Data &amp; Video SA de CV.\" \/>\n<meta property=\"article:modified_time\" content=\"2022-07-21T17:42:34+00:00\" \/>\n<meta property=\"og:image\" content=\"https:\/\/www.securitydataandvideo.com\/inicio\/wp-content\/uploads\/2022\/07\/AD365-FIRE-LITE-ALARMS-BY-HONEYWELL-Detector-Multi-Criterio-Direccionable-de-Hummo-para-uso-con-Panele-Direccionables-Fire-Lite-Color-Blanco-en-Guadalajara-Jalisco-y-todo-Mexico..png\" \/>\n\t<meta property=\"og:image:width\" content=\"400\" \/>\n\t<meta property=\"og:image:height\" content=\"400\" \/>\n\t<meta property=\"og:image:type\" content=\"image\/png\" \/>\n<meta name=\"twitter:card\" content=\"summary\" \/>\n<meta name=\"twitter:label1\" content=\"Tiempo de lectura\" \/>\n\t<meta name=\"twitter:data1\" content=\"1 minuto\" \/>\n<script type=\"application\/ld+json\" class=\"yoast-schema-graph\">{\"@context\":\"https:\/\/schema.org\",\"@graph\":[{\"@type\":\"WebPage\",\"@id\":\"https:\/\/www.securitydataandvideo.com\/inicio\/shop\/ad365-fire-lite-detector-multi-criterio-direccionable-de-hummo-para-uso-con-panele-direccionables-fire-lite-color-blanco-en-guadalajara-jalisco-y-todo-mexico\/\",\"url\":\"https:\/\/www.securitydataandvideo.com\/inicio\/shop\/ad365-fire-lite-detector-multi-criterio-direccionable-de-hummo-para-uso-con-panele-direccionables-fire-lite-color-blanco-en-guadalajara-jalisco-y-todo-mexico\/\",\"name\":\"AD365 FIRE-LITE Detector Multi-Criterio Direccionable de Hummo\",\"isPartOf\":{\"@id\":\"https:\/\/www.securitydataandvideo.com\/inicio\/#website\"},\"datePublished\":\"2022-07-21T17:42:16+00:00\",\"dateModified\":\"2022-07-21T17:42:34+00:00\",\"description\":\"Security Data &amp; Video SA de CV. AD365 FIRE-LITE Detector Multi-Criterio Direccionable de Humo compatible Panel Direccionables Firelite\",\"breadcrumb\":{\"@id\":\"https:\/\/www.securitydataandvideo.com\/inicio\/shop\/ad365-fire-lite-detector-multi-criterio-direccionable-de-hummo-para-uso-con-panele-direccionables-fire-lite-color-blanco-en-guadalajara-jalisco-y-todo-mexico\/#breadcrumb\"},\"inLanguage\":\"es-MX\",\"potentialAction\":[{\"@type\":\"ReadAction\",\"target\":[\"https:\/\/www.securitydataandvideo.com\/inicio\/shop\/ad365-fire-lite-detector-multi-criterio-direccionable-de-hummo-para-uso-con-panele-direccionables-fire-lite-color-blanco-en-guadalajara-jalisco-y-todo-mexico\/\"]}]},{\"@type\":\"BreadcrumbList\",\"@id\":\"https:\/\/www.securitydataandvideo.com\/inicio\/shop\/ad365-fire-lite-detector-multi-criterio-direccionable-de-hummo-para-uso-con-panele-direccionables-fire-lite-color-blanco-en-guadalajara-jalisco-y-todo-mexico\/#breadcrumb\",\"itemListElement\":[{\"@type\":\"ListItem\",\"position\":1,\"name\":\"Inicio\",\"item\":\"https:\/\/www.securitydataandvideo.com\/inicio\/\"},{\"@type\":\"ListItem\",\"position\":2,\"name\":\"Shop\",\"item\":\"https:\/\/www.securitydataandvideo.com\/inicio\/shop\/\"},{\"@type\":\"ListItem\",\"position\":3,\"name\":\"AD365 FIRE-LITE Detector Multi-Criterio Direccionable de Hummo para uso con Panele Direccionables Fire-Lite, Color Blanco, en Guadalajara Jalisco y todo M\u00e9xico.\"}]},{\"@type\":\"WebSite\",\"@id\":\"https:\/\/www.securitydataandvideo.com\/inicio\/#website\",\"url\":\"https:\/\/www.securitydataandvideo.com\/inicio\/\",\"name\":\"Security Data &amp; Video SA de CV.\",\"description\":\"Seguridad Electr\u00f3nica y Energ\u00eda\",\"publisher\":{\"@id\":\"https:\/\/www.securitydataandvideo.com\/inicio\/#organization\"},\"potentialAction\":[{\"@type\":\"SearchAction\",\"target\":{\"@type\":\"EntryPoint\",\"urlTemplate\":\"https:\/\/www.securitydataandvideo.com\/inicio\/?s={search_term_string}\"},\"query-input\":\"required name=search_term_string\"}],\"inLanguage\":\"es-MX\"},{\"@type\":\"Organization\",\"@id\":\"https:\/\/www.securitydataandvideo.com\/inicio\/#organization\",\"name\":\"Security Data & Video SA de CV\",\"url\":\"https:\/\/www.securitydataandvideo.com\/inicio\/\",\"sameAs\":[],\"logo\":{\"@type\":\"ImageObject\",\"inLanguage\":\"es-MX\",\"@id\":\"https:\/\/www.securitydataandvideo.com\/inicio\/#\/schema\/logo\/image\/\",\"url\":\"https:\/\/www.securitydataandvideo.com\/inicio\/wp-content\/uploads\/2021\/10\/Logo-Azul.png\",\"contentUrl\":\"https:\/\/www.securitydataandvideo.com\/inicio\/wp-content\/uploads\/2021\/10\/Logo-Azul.png\",\"width\":555,\"height\":375,\"caption\":\"Security Data & Video SA de CV\"},\"image\":{\"@id\":\"https:\/\/www.securitydataandvideo.com\/inicio\/#\/schema\/logo\/image\/\"}}]}<\/script>\n<!-- \/ Yoast SEO plugin. -->","yoast_head_json":{"title":"AD365 FIRE-LITE Detector Multi-Criterio Direccionable de Hummo","description":"Security Data &amp; Video SA de CV. AD365 FIRE-LITE Detector Multi-Criterio Direccionable de Humo compatible Panel Direccionables Firelite","robots":{"index":"index","follow":"follow","max-snippet":"max-snippet:-1","max-image-preview":"max-image-preview:large","max-video-preview":"max-video-preview:-1"},"canonical":"https:\/\/www.securitydataandvideo.com\/inicio\/shop\/ad365-fire-lite-detector-multi-criterio-direccionable-de-hummo-para-uso-con-panele-direccionables-fire-lite-color-blanco-en-guadalajara-jalisco-y-todo-mexico\/","og_locale":"es_MX","og_type":"article","og_title":"AD365 FIRE-LITE Detector Multi-Criterio Direccionable de Hummo","og_description":"Security Data &amp; Video SA de CV. AD365 FIRE-LITE Detector Multi-Criterio Direccionable de Humo compatible Panel Direccionables Firelite","og_url":"https:\/\/www.securitydataandvideo.com\/inicio\/shop\/ad365-fire-lite-detector-multi-criterio-direccionable-de-hummo-para-uso-con-panele-direccionables-fire-lite-color-blanco-en-guadalajara-jalisco-y-todo-mexico\/","og_site_name":"Security Data &amp; Video SA de CV.","article_modified_time":"2022-07-21T17:42:34+00:00","og_image":[{"width":400,"height":400,"url":"https:\/\/www.securitydataandvideo.com\/inicio\/wp-content\/uploads\/2022\/07\/AD365-FIRE-LITE-ALARMS-BY-HONEYWELL-Detector-Multi-Criterio-Direccionable-de-Hummo-para-uso-con-Panele-Direccionables-Fire-Lite-Color-Blanco-en-Guadalajara-Jalisco-y-todo-Mexico..png","type":"image\/png"}],"twitter_card":"summary","twitter_misc":{"Tiempo de lectura":"1 minuto"},"schema":{"@context":"https:\/\/schema.org","@graph":[{"@type":"WebPage","@id":"https:\/\/www.securitydataandvideo.com\/inicio\/shop\/ad365-fire-lite-detector-multi-criterio-direccionable-de-hummo-para-uso-con-panele-direccionables-fire-lite-color-blanco-en-guadalajara-jalisco-y-todo-mexico\/","url":"https:\/\/www.securitydataandvideo.com\/inicio\/shop\/ad365-fire-lite-detector-multi-criterio-direccionable-de-hummo-para-uso-con-panele-direccionables-fire-lite-color-blanco-en-guadalajara-jalisco-y-todo-mexico\/","name":"AD365 FIRE-LITE Detector Multi-Criterio Direccionable de Hummo","isPartOf":{"@id":"https:\/\/www.securitydataandvideo.com\/inicio\/#website"},"datePublished":"2022-07-21T17:42:16+00:00","dateModified":"2022-07-21T17:42:34+00:00","description":"Security Data &amp; Video SA de CV. AD365 FIRE-LITE Detector Multi-Criterio Direccionable de Humo compatible Panel Direccionables Firelite","breadcrumb":{"@id":"https:\/\/www.securitydataandvideo.com\/inicio\/shop\/ad365-fire-lite-detector-multi-criterio-direccionable-de-hummo-para-uso-con-panele-direccionables-fire-lite-color-blanco-en-guadalajara-jalisco-y-todo-mexico\/#breadcrumb"},"inLanguage":"es-MX","potentialAction":[{"@type":"ReadAction","target":["https:\/\/www.securitydataandvideo.com\/inicio\/shop\/ad365-fire-lite-detector-multi-criterio-direccionable-de-hummo-para-uso-con-panele-direccionables-fire-lite-color-blanco-en-guadalajara-jalisco-y-todo-mexico\/"]}]},{"@type":"BreadcrumbList","@id":"https:\/\/www.securitydataandvideo.com\/inicio\/shop\/ad365-fire-lite-detector-multi-criterio-direccionable-de-hummo-para-uso-con-panele-direccionables-fire-lite-color-blanco-en-guadalajara-jalisco-y-todo-mexico\/#breadcrumb","itemListElement":[{"@type":"ListItem","position":1,"name":"Inicio","item":"https:\/\/www.securitydataandvideo.com\/inicio\/"},{"@type":"ListItem","position":2,"name":"Shop","item":"https:\/\/www.securitydataandvideo.com\/inicio\/shop\/"},{"@type":"ListItem","position":3,"name":"AD365 FIRE-LITE Detector Multi-Criterio Direccionable de Hummo para uso con Panele Direccionables Fire-Lite, Color Blanco, en Guadalajara Jalisco y todo M\u00e9xico."}]},{"@type":"WebSite","@id":"https:\/\/www.securitydataandvideo.com\/inicio\/#website","url":"https:\/\/www.securitydataandvideo.com\/inicio\/","name":"Security Data &amp; Video SA de CV.","description":"Seguridad Electr\u00f3nica y Energ\u00eda","publisher":{"@id":"https:\/\/www.securitydataandvideo.com\/inicio\/#organization"},"potentialAction":[{"@type":"SearchAction","target":{"@type":"EntryPoint","urlTemplate":"https:\/\/www.securitydataandvideo.com\/inicio\/?s={search_term_string}"},"query-input":"required name=search_term_string"}],"inLanguage":"es-MX"},{"@type":"Organization","@id":"https:\/\/www.securitydataandvideo.com\/inicio\/#organization","name":"Security Data & Video SA de CV","url":"https:\/\/www.securitydataandvideo.com\/inicio\/","sameAs":[],"logo":{"@type":"ImageObject","inLanguage":"es-MX","@id":"https:\/\/www.securitydataandvideo.com\/inicio\/#\/schema\/logo\/image\/","url":"https:\/\/www.securitydataandvideo.com\/inicio\/wp-content\/uploads\/2021\/10\/Logo-Azul.png","contentUrl":"https:\/\/www.securitydataandvideo.com\/inicio\/wp-content\/uploads\/2021\/10\/Logo-Azul.png","width":555,"height":375,"caption":"Security Data & Video SA de CV"},"image":{"@id":"https:\/\/www.securitydataandvideo.com\/inicio\/#\/schema\/logo\/image\/"}}]}},"_links":{"self":[{"href":"https:\/\/www.securitydataandvideo.com\/inicio\/wp-json\/wp\/v2\/product\/16210"}],"collection":[{"href":"https:\/\/www.securitydataandvideo.com\/inicio\/wp-json\/wp\/v2\/product"}],"about":[{"href":"https:\/\/www.securitydataandvideo.com\/inicio\/wp-json\/wp\/v2\/types\/product"}],"wp:featuredmedia":[{"embeddable":true,"href":"https:\/\/www.securitydataandvideo.com\/inicio\/wp-json\/wp\/v2\/media\/16240"}],"wp:attachment":[{"href":"https:\/\/www.securitydataandvideo.com\/inicio\/wp-json\/wp\/v2\/media?parent=16210"}],"wp:term":[{"taxonomy":"product_cat","embeddable":true,"href":"https:\/\/www.securitydataandvideo.com\/inicio\/wp-json\/wp\/v2\/product_cat?post=16210"},{"taxonomy":"product_tag","embeddable":true,"href":"https:\/\/www.securitydataandvideo.com\/inicio\/wp-json\/wp\/v2\/product_tag?post=16210"}],"curies":[{"name":"wp","href":"https:\/\/api.w.org\/{rel}","templated":true}]}}