{"id":16999,"date":"2023-10-26T09:46:56","date_gmt":"2023-10-26T15:46:56","guid":{"rendered":"https:\/\/www.securitydataandvideo.com\/inicio\/?post_type=product&#038;p=16999"},"modified":"2023-10-26T09:50:45","modified_gmt":"2023-10-26T15:50:45","slug":"torniquete-sencillo-de-cuerpo-completo-100-acero-inoxidable-diseno-elegante","status":"publish","type":"product","link":"https:\/\/www.securitydataandvideo.com\/inicio\/shop\/torniquete-sencillo-de-cuerpo-completo-100-acero-inoxidable-diseno-elegante\/","title":{"rendered":"Torniquete Sencillo de Cuerpo Completo 100% Acero Inoxidable Dise\u00f1o Elegante"},"content":{"rendered":"<p><a href=\"https:\/\/www.securitydataandvideo.com\/inicio\/?post_type=product&amp;p=16999&amp;preview=true\">Torniquete XT-100-L Sencillo de Cuerpo Completo<\/a> 100% Acero Inoxidable Dise\u00f1o Elegante. Entradas de baja seguridad para aplicaciones en interiores y exteriores. Marca:\u00a0<a class=\"fw-bold text-azulmarino\" href=\"https:\/\/www.syscom.mx\/principal\/marca\/ACCESSPRO\">ACCESSPRO<\/a><\/p>\n<p>Los torniquetes de altura completa son una soluci\u00f3n robusta y de bajo mantenimiento para las condiciones exteriores m\u00e1s adversas, que act\u00faa como un elemento disuasorio contra el seguimiento de cerca entre personas y la entrada no autorizada en su l\u00ednea de valla. Utilizados inicialmente para el control de acceso al exterior, hemos desarrollado continuamente nuestros torniquetes de altura completa para adaptarse a las necesidades del entorno, ya sea para la supervisi\u00f3n interna o externa sin supervisi\u00f3n.<\/p>\n<h3 class=\"pb-2 pt-2 m-0 text-white\"><a class=\"text-white\" href=\"https:\/\/www.syscom.mx\/producto\/XT-100-L-ACCESSPRO-170562.html#especificaciones\">Especificaciones<\/a><\/h3>\n<p><strong>Caracteristicas principales:<\/strong><\/p>\n<ul>\n<li>Robusto dise\u00f1o exclusivo.<\/li>\n<li><strong>Interior\/Exterior<\/strong><\/li>\n<li>4 ejes para seguridad.<\/li>\n<li>Angulo de rotaci\u00f3n: 90\u00b0.<\/li>\n<li><strong>Fabricado totalmente en Acero Inoxidable.<\/strong><\/li>\n<li>Control por contacto seco o pulso mayor a 100mS.<\/li>\n<li><strong>Dos direcciones<\/strong>\u00a0(configurable).<\/li>\n<li>Velocidad de paso de\u00a0<strong>25 personas por minuto.<\/strong><\/li>\n<li>Funci\u00f3n de apertura autom\u00e1tica en caso de emergencia.<\/li>\n<li>Velocidad de paso en caso de emergencia de\u00a0<strong>40 personas por minuto.<\/strong><\/li>\n<li>Temperatura de operaci\u00f3n: -20\u00b0 a 50\u00b0C.<\/li>\n<li>Alimentaci\u00f3n: 110 Vca, consume 6.5 A<\/li>\n<li>Dimensiones: 1.5 x 1.27 x 2.2 m.<\/li>\n<li>Peso: 290 Kg.<\/li>\n<\/ul>\n<p>*3 A\u00f1os de Garant\u00eda<\/p>\n<ul>\n<li><strong>Producto NO esta dentro de las pol\u00edticas de flete gratis, se debe de cotizar por separado.\u00a0<\/strong><\/li>\n<li>Equipo de gran volumen y peso, requiere montacargas para carga\/descarga y\/o maniobra de desplazamiento.<\/li>\n<li>No aplica entrega de mercanc\u00eda zona extendida.<\/li>\n<\/ul>\n<hr \/>\n<h3><strong>Para\u00a0 mantener en buen estado la apariencia del torniquete, es necesario su limpieza y\/o mantenimiento semanal<\/strong>.<\/h3>\n<p>&nbsp;<\/p>\n<p>Nos centramos en reducir nuestra huella y ser lo m\u00e1s econ\u00f3micos posible en todas las \u00e1reas de negocio. Nuestros torniquetes de altura completa se env\u00edan e instalan como una unidad independiente o como parte de un sistema integrado, lo que permite un proceso de instalaci\u00f3n m\u00e1s r\u00e1pido y una gran reducci\u00f3n del trabajo necesario. Creados para \u00e1reas de alto tr\u00e1fico en condiciones dif\u00edciles, nuestros torniquetes de altura completa pueden resistir entornos extremos con un funcionamiento constante y confiable.<\/p>\n<p>&nbsp;<\/p>\n<p>&nbsp;<\/p>\n<p>&nbsp;<\/p>\n<p>&nbsp;<\/p>\n","protected":false},"excerpt":{"rendered":"<p>Torniquete XT-100-L Sencillo de Cuerpo Completo 100% Acero Inoxidable Dise\u00f1o Elegante. Entradas de baja seguridad para aplicaciones en interiores y exteriores. Marca:\u00a0ACCESSPRO Los torniquetes de altura completa son una soluci\u00f3n robusta y de bajo mantenimiento para las condiciones exteriores m\u00e1s adversas, que act\u00faa como un elemento disuasorio contra el seguimiento de cerca entre personas y &hellip;<\/p>\n<p class=\"read-more\"> <a class=\"\" href=\"https:\/\/www.securitydataandvideo.com\/inicio\/shop\/torniquete-sencillo-de-cuerpo-completo-100-acero-inoxidable-diseno-elegante\/\"> <span class=\"screen-reader-text\">Torniquete Sencillo de Cuerpo Completo 100% Acero Inoxidable Dise\u00f1o Elegante<\/span> Leer m\u00e1s &raquo;<\/a><\/p>\n","protected":false},"featured_media":17001,"template":"","meta":{"site-sidebar-layout":"default","site-content-layout":"","ast-site-content-layout":"default","site-content-style":"default","site-sidebar-style":"default","ast-global-header-display":"","ast-banner-title-visibility":"","ast-main-header-display":"","ast-hfb-above-header-display":"","ast-hfb-below-header-display":"","ast-hfb-mobile-header-display":"","site-post-title":"","ast-breadcrumbs-content":"","ast-featured-img":"","footer-sml-layout":"","theme-transparent-header-meta":"default","adv-header-id-meta":"","stick-header-meta":"","header-above-stick-meta":"","header-main-stick-meta":"","header-below-stick-meta":"","astra-migrate-meta-layouts":"set"},"product_cat":[314],"product_tag":[126],"yoast_head":"<!-- This site is optimized with the Yoast SEO plugin v19.5.1 - https:\/\/yoast.com\/wordpress\/plugins\/seo\/ -->\n<title>Torniquete de cuerpo completo Security Data &amp; Video SA de CV.<\/title>\n<meta name=\"description\" content=\"Torniquete XT-100-L Sencillo de Cuerpo Completo 100% Acero Inoxidable Dise\u00f1o Elegante. Entradas de baja seguridad para aplicaciones en interiores y exteriores.\" \/>\n<meta name=\"robots\" content=\"index, follow, max-snippet:-1, max-image-preview:large, max-video-preview:-1\" \/>\n<link rel=\"canonical\" href=\"https:\/\/www.securitydataandvideo.com\/inicio\/shop\/torniquete-sencillo-de-cuerpo-completo-100-acero-inoxidable-diseno-elegante\/\" \/>\n<meta property=\"og:locale\" content=\"es_MX\" \/>\n<meta property=\"og:type\" content=\"article\" \/>\n<meta property=\"og:title\" content=\"Torniquete de cuerpo completo Security Data &amp; Video SA de CV.\" \/>\n<meta property=\"og:description\" content=\"Torniquete XT-100-L Sencillo de Cuerpo Completo 100% Acero Inoxidable Dise\u00f1o Elegante. Entradas de baja seguridad para aplicaciones en interiores y exteriores.\" \/>\n<meta property=\"og:url\" content=\"https:\/\/www.securitydataandvideo.com\/inicio\/shop\/torniquete-sencillo-de-cuerpo-completo-100-acero-inoxidable-diseno-elegante\/\" \/>\n<meta property=\"og:site_name\" content=\"Security Data &amp; Video SA de CV.\" \/>\n<meta property=\"article:modified_time\" content=\"2023-10-26T15:50:45+00:00\" \/>\n<meta property=\"og:image\" content=\"https:\/\/www.securitydataandvideo.com\/inicio\/wp-content\/uploads\/2023\/10\/XT100L-AD-2-h.png\" \/>\n\t<meta property=\"og:image:width\" content=\"2000\" \/>\n\t<meta property=\"og:image:height\" content=\"2000\" \/>\n\t<meta property=\"og:image:type\" content=\"image\/png\" \/>\n<meta name=\"twitter:card\" content=\"summary\" \/>\n<meta name=\"twitter:label1\" content=\"Tiempo de lectura\" \/>\n\t<meta name=\"twitter:data1\" content=\"2 minutos\" \/>\n<script type=\"application\/ld+json\" class=\"yoast-schema-graph\">{\"@context\":\"https:\/\/schema.org\",\"@graph\":[{\"@type\":\"WebPage\",\"@id\":\"https:\/\/www.securitydataandvideo.com\/inicio\/shop\/torniquete-sencillo-de-cuerpo-completo-100-acero-inoxidable-diseno-elegante\/\",\"url\":\"https:\/\/www.securitydataandvideo.com\/inicio\/shop\/torniquete-sencillo-de-cuerpo-completo-100-acero-inoxidable-diseno-elegante\/\",\"name\":\"Torniquete de cuerpo completo Security Data &amp; Video SA de CV.\",\"isPartOf\":{\"@id\":\"https:\/\/www.securitydataandvideo.com\/inicio\/#website\"},\"datePublished\":\"2023-10-26T15:46:56+00:00\",\"dateModified\":\"2023-10-26T15:50:45+00:00\",\"description\":\"Torniquete XT-100-L Sencillo de Cuerpo Completo 100% Acero Inoxidable Dise\u00f1o Elegante. Entradas de baja seguridad para aplicaciones en interiores y exteriores.\",\"breadcrumb\":{\"@id\":\"https:\/\/www.securitydataandvideo.com\/inicio\/shop\/torniquete-sencillo-de-cuerpo-completo-100-acero-inoxidable-diseno-elegante\/#breadcrumb\"},\"inLanguage\":\"es-MX\",\"potentialAction\":[{\"@type\":\"ReadAction\",\"target\":[\"https:\/\/www.securitydataandvideo.com\/inicio\/shop\/torniquete-sencillo-de-cuerpo-completo-100-acero-inoxidable-diseno-elegante\/\"]}]},{\"@type\":\"BreadcrumbList\",\"@id\":\"https:\/\/www.securitydataandvideo.com\/inicio\/shop\/torniquete-sencillo-de-cuerpo-completo-100-acero-inoxidable-diseno-elegante\/#breadcrumb\",\"itemListElement\":[{\"@type\":\"ListItem\",\"position\":1,\"name\":\"Inicio\",\"item\":\"https:\/\/www.securitydataandvideo.com\/inicio\/\"},{\"@type\":\"ListItem\",\"position\":2,\"name\":\"Shop\",\"item\":\"https:\/\/www.securitydataandvideo.com\/inicio\/shop\/\"},{\"@type\":\"ListItem\",\"position\":3,\"name\":\"Torniquete Sencillo de Cuerpo Completo 100% Acero Inoxidable Dise\u00f1o Elegante\"}]},{\"@type\":\"WebSite\",\"@id\":\"https:\/\/www.securitydataandvideo.com\/inicio\/#website\",\"url\":\"https:\/\/www.securitydataandvideo.com\/inicio\/\",\"name\":\"Security Data &amp; Video SA de CV.\",\"description\":\"Seguridad Electr\u00f3nica y Energ\u00eda\",\"publisher\":{\"@id\":\"https:\/\/www.securitydataandvideo.com\/inicio\/#organization\"},\"potentialAction\":[{\"@type\":\"SearchAction\",\"target\":{\"@type\":\"EntryPoint\",\"urlTemplate\":\"https:\/\/www.securitydataandvideo.com\/inicio\/?s={search_term_string}\"},\"query-input\":\"required name=search_term_string\"}],\"inLanguage\":\"es-MX\"},{\"@type\":\"Organization\",\"@id\":\"https:\/\/www.securitydataandvideo.com\/inicio\/#organization\",\"name\":\"Security Data & Video SA de CV\",\"url\":\"https:\/\/www.securitydataandvideo.com\/inicio\/\",\"sameAs\":[],\"logo\":{\"@type\":\"ImageObject\",\"inLanguage\":\"es-MX\",\"@id\":\"https:\/\/www.securitydataandvideo.com\/inicio\/#\/schema\/logo\/image\/\",\"url\":\"https:\/\/www.securitydataandvideo.com\/inicio\/wp-content\/uploads\/2021\/10\/Logo-Azul.png\",\"contentUrl\":\"https:\/\/www.securitydataandvideo.com\/inicio\/wp-content\/uploads\/2021\/10\/Logo-Azul.png\",\"width\":555,\"height\":375,\"caption\":\"Security Data & Video SA de CV\"},\"image\":{\"@id\":\"https:\/\/www.securitydataandvideo.com\/inicio\/#\/schema\/logo\/image\/\"}}]}<\/script>\n<!-- \/ Yoast SEO plugin. -->","yoast_head_json":{"title":"Torniquete de cuerpo completo Security Data &amp; Video SA de CV.","description":"Torniquete XT-100-L Sencillo de Cuerpo Completo 100% Acero Inoxidable Dise\u00f1o Elegante. Entradas de baja seguridad para aplicaciones en interiores y exteriores.","robots":{"index":"index","follow":"follow","max-snippet":"max-snippet:-1","max-image-preview":"max-image-preview:large","max-video-preview":"max-video-preview:-1"},"canonical":"https:\/\/www.securitydataandvideo.com\/inicio\/shop\/torniquete-sencillo-de-cuerpo-completo-100-acero-inoxidable-diseno-elegante\/","og_locale":"es_MX","og_type":"article","og_title":"Torniquete de cuerpo completo Security Data &amp; Video SA de CV.","og_description":"Torniquete XT-100-L Sencillo de Cuerpo Completo 100% Acero Inoxidable Dise\u00f1o Elegante. Entradas de baja seguridad para aplicaciones en interiores y exteriores.","og_url":"https:\/\/www.securitydataandvideo.com\/inicio\/shop\/torniquete-sencillo-de-cuerpo-completo-100-acero-inoxidable-diseno-elegante\/","og_site_name":"Security Data &amp; Video SA de CV.","article_modified_time":"2023-10-26T15:50:45+00:00","og_image":[{"width":2000,"height":2000,"url":"https:\/\/www.securitydataandvideo.com\/inicio\/wp-content\/uploads\/2023\/10\/XT100L-AD-2-h.png","type":"image\/png"}],"twitter_card":"summary","twitter_misc":{"Tiempo de lectura":"2 minutos"},"schema":{"@context":"https:\/\/schema.org","@graph":[{"@type":"WebPage","@id":"https:\/\/www.securitydataandvideo.com\/inicio\/shop\/torniquete-sencillo-de-cuerpo-completo-100-acero-inoxidable-diseno-elegante\/","url":"https:\/\/www.securitydataandvideo.com\/inicio\/shop\/torniquete-sencillo-de-cuerpo-completo-100-acero-inoxidable-diseno-elegante\/","name":"Torniquete de cuerpo completo Security Data &amp; Video SA de CV.","isPartOf":{"@id":"https:\/\/www.securitydataandvideo.com\/inicio\/#website"},"datePublished":"2023-10-26T15:46:56+00:00","dateModified":"2023-10-26T15:50:45+00:00","description":"Torniquete XT-100-L Sencillo de Cuerpo Completo 100% Acero Inoxidable Dise\u00f1o Elegante. Entradas de baja seguridad para aplicaciones en interiores y exteriores.","breadcrumb":{"@id":"https:\/\/www.securitydataandvideo.com\/inicio\/shop\/torniquete-sencillo-de-cuerpo-completo-100-acero-inoxidable-diseno-elegante\/#breadcrumb"},"inLanguage":"es-MX","potentialAction":[{"@type":"ReadAction","target":["https:\/\/www.securitydataandvideo.com\/inicio\/shop\/torniquete-sencillo-de-cuerpo-completo-100-acero-inoxidable-diseno-elegante\/"]}]},{"@type":"BreadcrumbList","@id":"https:\/\/www.securitydataandvideo.com\/inicio\/shop\/torniquete-sencillo-de-cuerpo-completo-100-acero-inoxidable-diseno-elegante\/#breadcrumb","itemListElement":[{"@type":"ListItem","position":1,"name":"Inicio","item":"https:\/\/www.securitydataandvideo.com\/inicio\/"},{"@type":"ListItem","position":2,"name":"Shop","item":"https:\/\/www.securitydataandvideo.com\/inicio\/shop\/"},{"@type":"ListItem","position":3,"name":"Torniquete Sencillo de Cuerpo Completo 100% Acero Inoxidable Dise\u00f1o Elegante"}]},{"@type":"WebSite","@id":"https:\/\/www.securitydataandvideo.com\/inicio\/#website","url":"https:\/\/www.securitydataandvideo.com\/inicio\/","name":"Security Data &amp; Video SA de CV.","description":"Seguridad Electr\u00f3nica y Energ\u00eda","publisher":{"@id":"https:\/\/www.securitydataandvideo.com\/inicio\/#organization"},"potentialAction":[{"@type":"SearchAction","target":{"@type":"EntryPoint","urlTemplate":"https:\/\/www.securitydataandvideo.com\/inicio\/?s={search_term_string}"},"query-input":"required name=search_term_string"}],"inLanguage":"es-MX"},{"@type":"Organization","@id":"https:\/\/www.securitydataandvideo.com\/inicio\/#organization","name":"Security Data & Video SA de CV","url":"https:\/\/www.securitydataandvideo.com\/inicio\/","sameAs":[],"logo":{"@type":"ImageObject","inLanguage":"es-MX","@id":"https:\/\/www.securitydataandvideo.com\/inicio\/#\/schema\/logo\/image\/","url":"https:\/\/www.securitydataandvideo.com\/inicio\/wp-content\/uploads\/2021\/10\/Logo-Azul.png","contentUrl":"https:\/\/www.securitydataandvideo.com\/inicio\/wp-content\/uploads\/2021\/10\/Logo-Azul.png","width":555,"height":375,"caption":"Security Data & Video SA de CV"},"image":{"@id":"https:\/\/www.securitydataandvideo.com\/inicio\/#\/schema\/logo\/image\/"}}]}},"_links":{"self":[{"href":"https:\/\/www.securitydataandvideo.com\/inicio\/wp-json\/wp\/v2\/product\/16999"}],"collection":[{"href":"https:\/\/www.securitydataandvideo.com\/inicio\/wp-json\/wp\/v2\/product"}],"about":[{"href":"https:\/\/www.securitydataandvideo.com\/inicio\/wp-json\/wp\/v2\/types\/product"}],"wp:featuredmedia":[{"embeddable":true,"href":"https:\/\/www.securitydataandvideo.com\/inicio\/wp-json\/wp\/v2\/media\/17001"}],"wp:attachment":[{"href":"https:\/\/www.securitydataandvideo.com\/inicio\/wp-json\/wp\/v2\/media?parent=16999"}],"wp:term":[{"taxonomy":"product_cat","embeddable":true,"href":"https:\/\/www.securitydataandvideo.com\/inicio\/wp-json\/wp\/v2\/product_cat?post=16999"},{"taxonomy":"product_tag","embeddable":true,"href":"https:\/\/www.securitydataandvideo.com\/inicio\/wp-json\/wp\/v2\/product_tag?post=16999"}],"curies":[{"name":"wp","href":"https:\/\/api.w.org\/{rel}","templated":true}]}}